{"id":4468,"date":"2025-10-19T09:06:51","date_gmt":"2025-10-19T09:06:51","guid":{"rendered":"https:\/\/wavexia.com\/product\/numbuzin-no-2-rose-pdrn-collagen-plumping-serum-30ml\/"},"modified":"2026-03-10T07:31:02","modified_gmt":"2026-03-10T07:31:02","slug":"numbuzin-no-2-rose-pdrn-collagen-plumping-serum-30ml","status":"publish","type":"product","link":"https:\/\/wavexia.com\/?product=numbuzin-no-2-rose-pdrn-collagen-plumping-serum-30ml","title":{"rendered":"Numbuzin No.2 Rose PDRN Collagen Plumping Serum 30ml"},"content":{"rendered":"<h2>Description<\/h2>\n<div class=\"pro_infor_content_style\">\n<div class=\"pro_infor_content_style\">Un s\u00e9rum \u00e0 la texture gel\u00e9e de rose infus\u00e9 de 5 % de PDRN de rose et de 6 peptides pour un repulpage instantan\u00e9 et une fermet\u00e9 visible.<\/p>\n<div class=\"pro_infor_content_style\"><span>Cette formule intens\u00e9ment hydratante apporte un volume longue dur\u00e9e et am\u00e9liore le teint pour un teint \u00e9clatant.<\/span><\/p>\n<div>Il est cliniquement prouv\u00e9 qu\u2019il am\u00e9liore la fermet\u00e9 et l\u2019\u00e9lasticit\u00e9 de la peau, en particulier dans les zones sujettes \u00e0 la perte de volume, telles que les joues, le front, les sillons nasog\u00e9niens et le contour des yeux.<\/div>\n<div>Les r\u00e9sultats des tests d\u00e9montrent des am\u00e9liorations visibles du teint et de l\u2019hydratation de la peau, avec des effets repulpants qui durent jusqu\u2019\u00e0 une semaine.<\/div>\n<div>Test primaire d\u2019irritation cutan\u00e9e termin\u00e9 \u2013 convient aux peaux sensibles et sans colorants artificiels.<\/div>\n<div>Convient \u00e0 tous les types de peau, y compris les peaux sensibles, s\u00e8ches et mixtes.<\/div>\n<div><span>Particuli\u00e8rement b\u00e9n\u00e9fique pour les peaux fatigu\u00e9es, ternes ou d\u00e9shydrat\u00e9es, offrant un \u00e9clat ros\u00e9 et jeune.<\/span><\/p>\n<div class=\"pro_infor_title_style\">Mode d\u2019emploi<\/div>\n<p>Apr\u00e8s le nettoyage, appliquez 2 \u00e0 3 pompes uniform\u00e9ment sur le visage et tapotez doucement pour une meilleure absorption.<\/p>\n<p><span>Pour les zones n\u00e9cessitant plus de volume, superposez 2 \u00e0 3 fois. Utiliser matin et soir pour de meilleurs r\u00e9sultats.<\/span><\/p>\n<\/div>\n<\/div>\n<\/div>\n<div class=\"pro_infor_content_style\">\n<div><\/div>\n<\/div>\n<\/div>\n","protected":false},"excerpt":{"rendered":"<p>Description Un s\u00e9rum \u00e0 la texture gel\u00e9e de rose infus\u00e9 de 5 % de PDRN de rose et de 6 peptides pour un repulpage instantan\u00e9 et une fermet\u00e9 visible. Cette formule intens\u00e9ment hydratante apporte un volume longue dur\u00e9e et am\u00e9liore le teint pour un teint \u00e9clatant. Il est cliniquement prouv\u00e9 qu\u2019il am\u00e9liore la fermet\u00e9 et [&hellip;]<\/p>\n","protected":false},"featured_media":4467,"comment_status":"open","ping_status":"closed","template":"","meta":{"content-type":"","_uag_custom_page_level_css":""},"pwb-brand":[],"product_brand":[],"product_cat":[328,346,334,338],"product_tag":[],"class_list":{"0":"post-4468","1":"product","2":"type-product","3":"status-publish","4":"has-post-thumbnail","6":"product_cat-nouveautes","7":"product_cat-numbuzin","8":"product_cat-produits-coreens","9":"product_cat-serum-ampoule","11":"first","12":"instock","13":"sale","14":"shipping-taxable","15":"purchasable","16":"product-type-simple"},"aioseo_notices":[],"uagb_featured_image_src":{"full":["https:\/\/wavexia.com\/wp-content\/uploads\/2025\/10\/XXL_p0219611538.webp",640,640,false],"thumbnail":["https:\/\/wavexia.com\/wp-content\/uploads\/2025\/10\/XXL_p0219611538-150x150.webp",150,150,true],"medium":["https:\/\/wavexia.com\/wp-content\/uploads\/2025\/10\/XXL_p0219611538-300x300.webp",300,300,true],"medium_large":["https:\/\/wavexia.com\/wp-content\/uploads\/2025\/10\/XXL_p0219611538.webp",640,640,false],"large":["https:\/\/wavexia.com\/wp-content\/uploads\/2025\/10\/XXL_p0219611538.webp",640,640,false],"1536x1536":["https:\/\/wavexia.com\/wp-content\/uploads\/2025\/10\/XXL_p0219611538.webp",640,640,false],"2048x2048":["https:\/\/wavexia.com\/wp-content\/uploads\/2025\/10\/XXL_p0219611538.webp",640,640,false],"woocommerce_archive_thumbnail":["https:\/\/wavexia.com\/wp-content\/uploads\/2025\/10\/XXL_p0219611538-300x300.webp",300,300,true],"woocommerce_thumbnail":["https:\/\/wavexia.com\/wp-content\/uploads\/2025\/10\/XXL_p0219611538-300x300.webp",300,300,true],"woocommerce_single":["https:\/\/wavexia.com\/wp-content\/uploads\/2025\/10\/XXL_p0219611538-600x600.webp",600,600,true],"woocommerce_gallery_thumbnail":["https:\/\/wavexia.com\/wp-content\/uploads\/2025\/10\/XXL_p0219611538-100x100.webp",100,100,true]},"uagb_author_info":{"display_name":"zineddine.ayoub98@gmail.com","author_link":"https:\/\/wavexia.com\/?author=0"},"uagb_comment_info":0,"uagb_excerpt":"Description Un s\u00e9rum \u00e0 la texture gel\u00e9e de rose infus\u00e9 de 5 % de PDRN de rose et de 6 peptides pour un repulpage instantan\u00e9 et une fermet\u00e9 visible. Cette formule intens\u00e9ment hydratante apporte un volume longue dur\u00e9e et am\u00e9liore le teint pour un teint \u00e9clatant. Il est cliniquement prouv\u00e9 qu\u2019il am\u00e9liore la fermet\u00e9 et&hellip;","brands":[],"_links":{"self":[{"href":"https:\/\/wavexia.com\/index.php?rest_route=\/wp\/v2\/product\/4468","targetHints":{"allow":["GET"]}}],"collection":[{"href":"https:\/\/wavexia.com\/index.php?rest_route=\/wp\/v2\/product"}],"about":[{"href":"https:\/\/wavexia.com\/index.php?rest_route=\/wp\/v2\/types\/product"}],"replies":[{"embeddable":true,"href":"https:\/\/wavexia.com\/index.php?rest_route=%2Fwp%2Fv2%2Fcomments&post=4468"}],"wp:featuredmedia":[{"embeddable":true,"href":"https:\/\/wavexia.com\/index.php?rest_route=\/wp\/v2\/media\/4467"}],"wp:attachment":[{"href":"https:\/\/wavexia.com\/index.php?rest_route=%2Fwp%2Fv2%2Fmedia&parent=4468"}],"wp:term":[{"taxonomy":"pwb-brand","embeddable":true,"href":"https:\/\/wavexia.com\/index.php?rest_route=%2Fwp%2Fv2%2Fpwb-brand&post=4468"},{"taxonomy":"product_brand","embeddable":true,"href":"https:\/\/wavexia.com\/index.php?rest_route=%2Fwp%2Fv2%2Fproduct_brand&post=4468"},{"taxonomy":"product_cat","embeddable":true,"href":"https:\/\/wavexia.com\/index.php?rest_route=%2Fwp%2Fv2%2Fproduct_cat&post=4468"},{"taxonomy":"product_tag","embeddable":true,"href":"https:\/\/wavexia.com\/index.php?rest_route=%2Fwp%2Fv2%2Fproduct_tag&post=4468"}],"curies":[{"name":"wp","href":"https:\/\/api.w.org\/{rel}","templated":true}]}}