{"id":4374,"date":"2025-10-19T09:05:35","date_gmt":"2025-10-19T09:05:35","guid":{"rendered":"https:\/\/wavexia.com\/product\/numbuzin-no-1-pantothenic-b5-active-soothing-cream-80ml\/"},"modified":"2026-03-10T07:31:01","modified_gmt":"2026-03-10T07:31:01","slug":"numbuzin-no-1-pantothenic-b5-active-soothing-cream-80ml","status":"publish","type":"product","link":"https:\/\/wavexia.com\/?product=numbuzin-no-1-pantothenic-b5-active-soothing-cream-80ml","title":{"rendered":"Numbuzin \u2013 No.1 Pantothenic B5 Active Soothing Cream \u2013 80ml"},"content":{"rendered":"<h2>Description<\/h2>\n<p>La No.1 Pantothenic B5 Active Soothing Cream de Nimbuzin est votre h\u00e9ros ultime ! Cette cr\u00e8me luxueuse est un v\u00e9ritable r\u00e9gal pour votre peau, riche en vitamine B5, connue pour ses propri\u00e9t\u00e9s apaisantes et hydratantes. Que vous souffriez d\u2019une peau s\u00e8che, irrit\u00e9e ou que vous ayez simplement besoin d\u2019un coup de boost, cette cr\u00e8me redonnera \u00e0 votre peau \u00e9clatante et souple.<\/p>\n<p>Cette cr\u00e8me aide \u00e0 r\u00e9duire la s\u00e9cr\u00e9tion de s\u00e9bum et \u00e0 hydrater la peau. Il est formul\u00e9 avec de l\u2019acide pantoth\u00e9nique qui aide \u00e0 \u00e9liminer et \u00e0 r\u00e9duire le s\u00e9bum incrust\u00e9 et le s\u00e9bum noir. Cette cr\u00e8me contient de la Silice, de la Niacinamide, de l\u2019Extrait de Racine de Sophora Angustifolia et de l\u2019Aczero\u00ae qui aident \u00e0 r\u00e9duire les probl\u00e8mes de peau et de s\u00e9bum.<\/p>\n<p>La texture soyeuse glisse sans effort sur votre peau et est rapidement absorb\u00e9e, sans laisser de sensation collante. Gr\u00e2ce \u00e0 sa formule puissante, il hydrate en profondeur et r\u00e9duit l\u2019apparence des rougeurs et des inconforts. Cette cr\u00e8me est donc parfaite pour un usage quotidien ou si vous souhaitez donner \u00e0 votre peau une dose suppl\u00e9mentaire d\u2019amour apr\u00e8s une longue journ\u00e9e.<\/p>\n<p>Avec son packaging luxueux et son parfum d\u00e9licieux et subtil, le No.1 Pantothenic B5 Active Soothin est un v\u00e9ritable incontournable de votre routine de soin. Laissez votre peau briller et d\u00e9couvrez la diff\u00e9rence que fait cette cr\u00e8me nourrissante&nbsp;!<\/p>\n<p><strong>Cette cr\u00e8me apaisante :<\/strong><\/p>\n<ul>\n<li>formule avec vitamine B5<\/li>\n<li>apaise et hydrate<\/li>\n<li>peau souple et \u00e9clatante<\/li>\n<li>r\u00e9duit la s\u00e9cr\u00e9tion de s\u00e9bum<\/li>\n<li>hydrate intens\u00e9ment<\/li>\n<li>plein d\u2019ingr\u00e9dients pour les probl\u00e8mes de peau et r\u00e9duisant le s\u00e9bum<\/li>\n<li>texture soyeuse<\/li>\n<li>absorbe rapidement<\/li>\n<li>ne laisse aucune sensation collante<\/li>\n<li>r\u00e9duit les rougeurs visibles<\/li>\n<li>utilisation quotidienne<\/li>\n<li>sans cruaut\u00e9<\/li>\n<\/ul>\n<p><strong>Comment utiliser&nbsp;:<\/strong><\/p>\n<ul>\n<li>Appliquez une quantit\u00e9 de cr\u00e8me sur votre peau et r\u00e9partissez-la uniform\u00e9ment en tamponnant avec votre doigt.<\/li>\n<\/ul>\n<p><strong>Ingr\u00e9dients:<\/strong><br \/>Water, Butylene Glycol, Glycerin, Niacinamide, Cetyl Ethylhexanoate, Dicaprylyl Carbonate, 1,2-Hexanediol, Pentylene Glycol, Vinyl Dimethicone, Centella Asiatica Extract, Chlorella Vulgaris Extract, Sophora Angustifolia Root Extract, Melia Azadirachta Leaf Extract, Melia Azadirachta Flower Extract, Coccinia Indica Fruit Extract, Ocimum Sanctum Leaf Extract, Curcuma Longa (Turmeric) Root Extract, Aloe Barbadensis Flower Extract, Solanum Melongena (Eggplant) Fruit Extract, Corallina Officinalis Extract, Camellia Sinensis Leaf Extract, Centella Asiatica Leaf Extract, Cladosiphon Okamuranus Extract, Salix Alba (Willow) Bark Extract, Houttuynia Cordata Extract, Coffea Arabica (Coffee) Seed Extract, Citrus Aurantium Bergamia (Bergamot) Leaf Extract, Pinus Densiflora Leaf Extract, Alpha-Arbutin, Argania Spinosa Kernel Oil, Sesamum Indicum (Sesame) Seed Oil, Serenoa Serrulata Fruit Extract, Glycyrrhiza Glabra (Licorice) Root Extract, Caprylyl Methicone, Erythritol, Panthenol, Hydroxyethyl Acrylate\/Sodium Acryloyldimethyl Taurate Copolymer, Dimethiconol, Polymethylsilsesquioxane, Acrylates\/C10-30 Alkyl Acrylate Crosspolymer, Glucose, Tromethamine, Silica, Fructooligosaccharides, Fructose, Ethylhexylglycerin, Sodium Phytate, Glyceryl Acrylate\/Acrylic Acid Copolymer, Caprylic\/Capric Triglyceride, Hydrogenated Lecithin, Tocopherol, Decyl Glucoside, Pantothenic Acid, Polyglyceryl-4 Caprate, Polyglyceryl-6 Caprylate, Zinc PCA, Methyl Diisopropyl Propionamide, Beta-Sitosterol, Xanthan Gum<\/p>\n","protected":false},"excerpt":{"rendered":"<p>Description La No.1 Pantothenic B5 Active Soothing Cream de Nimbuzin est votre h\u00e9ros ultime ! Cette cr\u00e8me luxueuse est un v\u00e9ritable r\u00e9gal pour votre peau, riche en vitamine B5, connue pour ses propri\u00e9t\u00e9s apaisantes et hydratantes. Que vous souffriez d\u2019une peau s\u00e8che, irrit\u00e9e ou que vous ayez simplement besoin d\u2019un coup de boost, cette cr\u00e8me [&hellip;]<\/p>\n","protected":false},"featured_media":4373,"comment_status":"open","ping_status":"closed","template":"","meta":{"content-type":"","_uag_custom_page_level_css":""},"pwb-brand":[],"product_brand":[],"product_cat":[324,346,334],"product_tag":[],"class_list":{"0":"post-4374","1":"product","2":"type-product","3":"status-publish","4":"has-post-thumbnail","6":"product_cat-creme","7":"product_cat-numbuzin","8":"product_cat-produits-coreens","10":"first","11":"instock","12":"sale","13":"shipping-taxable","14":"purchasable","15":"product-type-simple"},"aioseo_notices":[],"uagb_featured_image_src":{"full":["https:\/\/wavexia.com\/wp-content\/uploads\/2025\/10\/Product-page-sizes_f57ed6be-7884-4e5d-86fe-f6698ba664ed.webp",800,800,false],"thumbnail":["https:\/\/wavexia.com\/wp-content\/uploads\/2025\/10\/Product-page-sizes_f57ed6be-7884-4e5d-86fe-f6698ba664ed-150x150.webp",150,150,true],"medium":["https:\/\/wavexia.com\/wp-content\/uploads\/2025\/10\/Product-page-sizes_f57ed6be-7884-4e5d-86fe-f6698ba664ed-300x300.webp",300,300,true],"medium_large":["https:\/\/wavexia.com\/wp-content\/uploads\/2025\/10\/Product-page-sizes_f57ed6be-7884-4e5d-86fe-f6698ba664ed-768x768.webp",768,768,true],"large":["https:\/\/wavexia.com\/wp-content\/uploads\/2025\/10\/Product-page-sizes_f57ed6be-7884-4e5d-86fe-f6698ba664ed.webp",800,800,false],"1536x1536":["https:\/\/wavexia.com\/wp-content\/uploads\/2025\/10\/Product-page-sizes_f57ed6be-7884-4e5d-86fe-f6698ba664ed.webp",800,800,false],"2048x2048":["https:\/\/wavexia.com\/wp-content\/uploads\/2025\/10\/Product-page-sizes_f57ed6be-7884-4e5d-86fe-f6698ba664ed.webp",800,800,false],"woocommerce_archive_thumbnail":["https:\/\/wavexia.com\/wp-content\/uploads\/2025\/10\/Product-page-sizes_f57ed6be-7884-4e5d-86fe-f6698ba664ed-300x300.webp",300,300,true],"woocommerce_thumbnail":["https:\/\/wavexia.com\/wp-content\/uploads\/2025\/10\/Product-page-sizes_f57ed6be-7884-4e5d-86fe-f6698ba664ed-300x300.webp",300,300,true],"woocommerce_single":["https:\/\/wavexia.com\/wp-content\/uploads\/2025\/10\/Product-page-sizes_f57ed6be-7884-4e5d-86fe-f6698ba664ed-600x600.webp",600,600,true],"woocommerce_gallery_thumbnail":["https:\/\/wavexia.com\/wp-content\/uploads\/2025\/10\/Product-page-sizes_f57ed6be-7884-4e5d-86fe-f6698ba664ed-100x100.webp",100,100,true]},"uagb_author_info":{"display_name":"zineddine.ayoub98@gmail.com","author_link":"https:\/\/wavexia.com\/?author=0"},"uagb_comment_info":0,"uagb_excerpt":"Description La No.1 Pantothenic B5 Active Soothing Cream de Nimbuzin est votre h\u00e9ros ultime ! Cette cr\u00e8me luxueuse est un v\u00e9ritable r\u00e9gal pour votre peau, riche en vitamine B5, connue pour ses propri\u00e9t\u00e9s apaisantes et hydratantes. Que vous souffriez d\u2019une peau s\u00e8che, irrit\u00e9e ou que vous ayez simplement besoin d\u2019un coup de boost, cette cr\u00e8me&hellip;","brands":[],"_links":{"self":[{"href":"https:\/\/wavexia.com\/index.php?rest_route=\/wp\/v2\/product\/4374","targetHints":{"allow":["GET"]}}],"collection":[{"href":"https:\/\/wavexia.com\/index.php?rest_route=\/wp\/v2\/product"}],"about":[{"href":"https:\/\/wavexia.com\/index.php?rest_route=\/wp\/v2\/types\/product"}],"replies":[{"embeddable":true,"href":"https:\/\/wavexia.com\/index.php?rest_route=%2Fwp%2Fv2%2Fcomments&post=4374"}],"wp:featuredmedia":[{"embeddable":true,"href":"https:\/\/wavexia.com\/index.php?rest_route=\/wp\/v2\/media\/4373"}],"wp:attachment":[{"href":"https:\/\/wavexia.com\/index.php?rest_route=%2Fwp%2Fv2%2Fmedia&parent=4374"}],"wp:term":[{"taxonomy":"pwb-brand","embeddable":true,"href":"https:\/\/wavexia.com\/index.php?rest_route=%2Fwp%2Fv2%2Fpwb-brand&post=4374"},{"taxonomy":"product_brand","embeddable":true,"href":"https:\/\/wavexia.com\/index.php?rest_route=%2Fwp%2Fv2%2Fproduct_brand&post=4374"},{"taxonomy":"product_cat","embeddable":true,"href":"https:\/\/wavexia.com\/index.php?rest_route=%2Fwp%2Fv2%2Fproduct_cat&post=4374"},{"taxonomy":"product_tag","embeddable":true,"href":"https:\/\/wavexia.com\/index.php?rest_route=%2Fwp%2Fv2%2Fproduct_tag&post=4374"}],"curies":[{"name":"wp","href":"https:\/\/api.w.org\/{rel}","templated":true}]}}