{"id":4348,"date":"2025-10-19T09:05:12","date_gmt":"2025-10-19T09:05:12","guid":{"rendered":"https:\/\/wavexia.com\/product\/rdl-papaya-whitening-hand-body-lotion-600ml\/"},"modified":"2026-03-10T07:31:01","modified_gmt":"2026-03-10T07:31:01","slug":"rdl-papaya-whitening-hand-body-lotion-600ml","status":"publish","type":"product","link":"https:\/\/wavexia.com\/?product=rdl-papaya-whitening-hand-body-lotion-600ml","title":{"rendered":"Rdl Papaya Whitening Hand &#038; Body Lotion \u2013 600ml"},"content":{"rendered":"<h2>Description<\/h2>\n<p>Hydratante, nourrissante active, p\u00e9n\u00e9trante et agr\u00e9able, la Lotion Blanchissante Mains &amp; Corps Papaye 600ml est d\u00e9velopp\u00e9e par les dermatologues pour prendre soin de mani\u00e8re globale de tous les types de peau. Compos\u00e9e d\u2019extraits de papaye et d\u2019autres v\u00e9ritables sources de vitamines C et E essentielles, la lotion aide \u00e0 garder l\u2019\u00e9clat de la jeunesse ainsi qu\u2019\u00e0 maintenir l\u2019hydratation corporelle.<\/p>\n<p>&nbsp;<\/p>\n","protected":false},"excerpt":{"rendered":"<p>Description Hydratante, nourrissante active, p\u00e9n\u00e9trante et agr\u00e9able, la Lotion Blanchissante Mains &amp; Corps Papaye 600ml est d\u00e9velopp\u00e9e par les dermatologues pour prendre soin de mani\u00e8re globale de tous les types de peau. Compos\u00e9e d\u2019extraits de papaye et d\u2019autres v\u00e9ritables sources de vitamines C et E essentielles, la lotion aide \u00e0 garder l\u2019\u00e9clat de la jeunesse [&hellip;]<\/p>\n","protected":false},"featured_media":4347,"comment_status":"open","ping_status":"closed","template":"","meta":{"content-type":"","_uag_custom_page_level_css":""},"pwb-brand":[],"product_brand":[],"product_cat":[322,327,329],"product_tag":[],"class_list":{"0":"post-4348","1":"product","2":"type-product","3":"status-publish","4":"has-post-thumbnail","6":"product_cat-corps-bain","7":"product_cat-hmizat","8":"product_cat-produits-americains","10":"first","11":"instock","12":"sale","13":"shipping-taxable","14":"purchasable","15":"product-type-simple"},"aioseo_notices":[],"uagb_featured_image_src":{"full":["https:\/\/wavexia.com\/wp-content\/uploads\/2025\/10\/RDL-papaya-lotion-pour-corps-et-main-au-maroc.webp",2048,2048,false],"thumbnail":["https:\/\/wavexia.com\/wp-content\/uploads\/2025\/10\/RDL-papaya-lotion-pour-corps-et-main-au-maroc-150x150.webp",150,150,true],"medium":["https:\/\/wavexia.com\/wp-content\/uploads\/2025\/10\/RDL-papaya-lotion-pour-corps-et-main-au-maroc-300x300.webp",300,300,true],"medium_large":["https:\/\/wavexia.com\/wp-content\/uploads\/2025\/10\/RDL-papaya-lotion-pour-corps-et-main-au-maroc-768x768.webp",768,768,true],"large":["https:\/\/wavexia.com\/wp-content\/uploads\/2025\/10\/RDL-papaya-lotion-pour-corps-et-main-au-maroc-1024x1024.webp",1024,1024,true],"1536x1536":["https:\/\/wavexia.com\/wp-content\/uploads\/2025\/10\/RDL-papaya-lotion-pour-corps-et-main-au-maroc-1536x1536.webp",1536,1536,true],"2048x2048":["https:\/\/wavexia.com\/wp-content\/uploads\/2025\/10\/RDL-papaya-lotion-pour-corps-et-main-au-maroc.webp",2048,2048,false],"woocommerce_archive_thumbnail":["https:\/\/wavexia.com\/wp-content\/uploads\/2025\/10\/RDL-papaya-lotion-pour-corps-et-main-au-maroc-300x300.webp",300,300,true],"woocommerce_thumbnail":["https:\/\/wavexia.com\/wp-content\/uploads\/2025\/10\/RDL-papaya-lotion-pour-corps-et-main-au-maroc-300x300.webp",300,300,true],"woocommerce_single":["https:\/\/wavexia.com\/wp-content\/uploads\/2025\/10\/RDL-papaya-lotion-pour-corps-et-main-au-maroc-600x600.webp",600,600,true],"woocommerce_gallery_thumbnail":["https:\/\/wavexia.com\/wp-content\/uploads\/2025\/10\/RDL-papaya-lotion-pour-corps-et-main-au-maroc-100x100.webp",100,100,true]},"uagb_author_info":{"display_name":"zineddine.ayoub98@gmail.com","author_link":"https:\/\/wavexia.com\/?author=0"},"uagb_comment_info":0,"uagb_excerpt":"Description Hydratante, nourrissante active, p\u00e9n\u00e9trante et agr\u00e9able, la Lotion Blanchissante Mains &amp; Corps Papaye 600ml est d\u00e9velopp\u00e9e par les dermatologues pour prendre soin de mani\u00e8re globale de tous les types de peau. Compos\u00e9e d\u2019extraits de papaye et d\u2019autres v\u00e9ritables sources de vitamines C et E essentielles, la lotion aide \u00e0 garder l\u2019\u00e9clat de la jeunesse&hellip;","brands":[],"_links":{"self":[{"href":"https:\/\/wavexia.com\/index.php?rest_route=\/wp\/v2\/product\/4348","targetHints":{"allow":["GET"]}}],"collection":[{"href":"https:\/\/wavexia.com\/index.php?rest_route=\/wp\/v2\/product"}],"about":[{"href":"https:\/\/wavexia.com\/index.php?rest_route=\/wp\/v2\/types\/product"}],"replies":[{"embeddable":true,"href":"https:\/\/wavexia.com\/index.php?rest_route=%2Fwp%2Fv2%2Fcomments&post=4348"}],"wp:featuredmedia":[{"embeddable":true,"href":"https:\/\/wavexia.com\/index.php?rest_route=\/wp\/v2\/media\/4347"}],"wp:attachment":[{"href":"https:\/\/wavexia.com\/index.php?rest_route=%2Fwp%2Fv2%2Fmedia&parent=4348"}],"wp:term":[{"taxonomy":"pwb-brand","embeddable":true,"href":"https:\/\/wavexia.com\/index.php?rest_route=%2Fwp%2Fv2%2Fpwb-brand&post=4348"},{"taxonomy":"product_brand","embeddable":true,"href":"https:\/\/wavexia.com\/index.php?rest_route=%2Fwp%2Fv2%2Fproduct_brand&post=4348"},{"taxonomy":"product_cat","embeddable":true,"href":"https:\/\/wavexia.com\/index.php?rest_route=%2Fwp%2Fv2%2Fproduct_cat&post=4348"},{"taxonomy":"product_tag","embeddable":true,"href":"https:\/\/wavexia.com\/index.php?rest_route=%2Fwp%2Fv2%2Fproduct_tag&post=4348"}],"curies":[{"name":"wp","href":"https:\/\/api.w.org\/{rel}","templated":true}]}}