{"id":4335,"date":"2025-10-19T09:04:58","date_gmt":"2025-10-19T09:04:58","guid":{"rendered":"https:\/\/wavexia.com\/product\/paco-rabanne-lady-million-royal-80ml\/"},"modified":"2026-03-10T07:31:01","modified_gmt":"2026-03-10T07:31:01","slug":"paco-rabanne-lady-million-royal-80ml","status":"publish","type":"product","link":"https:\/\/wavexia.com\/?product=paco-rabanne-lady-million-royal-80ml","title":{"rendered":"PACO RABANNE \u2013 LADY MILLION ROYAL 80ml"},"content":{"rendered":"<h2>Description<\/h2>\n<p>Succombez aux accords sensuels de la nouvelle eau de parfum pour femme <strong>Lady Million Royal<\/strong> de <strong>Rabanne<\/strong>.<\/p>\n<p>V\u00e9ritable manifeste de l\u2019individualit\u00e9 f\u00e9minine, vous invitant \u00e0 assumer votre personnalit\u00e9 et \u00e0 go\u00fbter aux plaisirs de la vie sans limites, cette eau de parfum florale pour femme d\u00e9voile des notes gourmandes et fruit\u00e9es.<\/p>\n<p><strong>Lady Million Royal<\/strong> de <strong>Rabanne<\/strong> s\u2019ouvre sur un bouquet floral irr\u00e9sistible enrob\u00e9 de la douceur magn\u00e9tique du bois de cachemire, tandis que des notes juteuses de grenade ach\u00e8vent ce parfum pour femme d\u2019une touche \u00e9blouissante.<\/p>\n<p>Incarnation du succ\u00e8s, son flacon de parfum en forme de diamant s\u2019empare de la sc\u00e8ne en s\u2019aur\u00e9olant d\u2019une couronne de p\u00e9tales rouge rubis, symbole de d\u00e9sir et de beaut\u00e9 saisissante.<\/p>\n<p>Affirmez-vous en plongeant dans le royaume de <strong>Lady Million Royal<\/strong> de <strong>Rabanne<\/strong>, une eau de parfum florale et provocatrice pour femme.<\/p>\n","protected":false},"excerpt":{"rendered":"<p>Description Succombez aux accords sensuels de la nouvelle eau de parfum pour femme Lady Million Royal de Rabanne. V\u00e9ritable manifeste de l\u2019individualit\u00e9 f\u00e9minine, vous invitant \u00e0 assumer votre personnalit\u00e9 et \u00e0 go\u00fbter aux plaisirs de la vie sans limites, cette eau de parfum florale pour femme d\u00e9voile des notes gourmandes et fruit\u00e9es. Lady Million Royal [&hellip;]<\/p>\n","protected":false},"featured_media":4334,"comment_status":"open","ping_status":"closed","template":"","meta":{"content-type":"","_uag_custom_page_level_css":""},"pwb-brand":[],"product_brand":[],"product_cat":[331,328,397],"product_tag":[],"class_list":{"0":"post-4335","1":"product","2":"type-product","3":"status-publish","4":"has-post-thumbnail","6":"product_cat-idees-cadeaux","7":"product_cat-nouveautes","8":"product_cat-parfums","10":"first","11":"instock","12":"sale","13":"shipping-taxable","14":"purchasable","15":"product-type-simple"},"aioseo_notices":[],"uagb_featured_image_src":{"full":["https:\/\/wavexia.com\/wp-content\/uploads\/2025\/10\/IMG_5925.jpeg",800,800,false],"thumbnail":["https:\/\/wavexia.com\/wp-content\/uploads\/2025\/10\/IMG_5925-150x150.jpeg",150,150,true],"medium":["https:\/\/wavexia.com\/wp-content\/uploads\/2025\/10\/IMG_5925-300x300.jpeg",300,300,true],"medium_large":["https:\/\/wavexia.com\/wp-content\/uploads\/2025\/10\/IMG_5925-768x768.jpeg",768,768,true],"large":["https:\/\/wavexia.com\/wp-content\/uploads\/2025\/10\/IMG_5925.jpeg",800,800,false],"1536x1536":["https:\/\/wavexia.com\/wp-content\/uploads\/2025\/10\/IMG_5925.jpeg",800,800,false],"2048x2048":["https:\/\/wavexia.com\/wp-content\/uploads\/2025\/10\/IMG_5925.jpeg",800,800,false],"woocommerce_archive_thumbnail":["https:\/\/wavexia.com\/wp-content\/uploads\/2025\/10\/IMG_5925-300x300.jpeg",300,300,true],"woocommerce_thumbnail":["https:\/\/wavexia.com\/wp-content\/uploads\/2025\/10\/IMG_5925-300x300.jpeg",300,300,true],"woocommerce_single":["https:\/\/wavexia.com\/wp-content\/uploads\/2025\/10\/IMG_5925-600x600.jpeg",600,600,true],"woocommerce_gallery_thumbnail":["https:\/\/wavexia.com\/wp-content\/uploads\/2025\/10\/IMG_5925-100x100.jpeg",100,100,true]},"uagb_author_info":{"display_name":"zineddine.ayoub98@gmail.com","author_link":"https:\/\/wavexia.com\/?author=0"},"uagb_comment_info":0,"uagb_excerpt":"Description Succombez aux accords sensuels de la nouvelle eau de parfum pour femme Lady Million Royal de Rabanne. V\u00e9ritable manifeste de l\u2019individualit\u00e9 f\u00e9minine, vous invitant \u00e0 assumer votre personnalit\u00e9 et \u00e0 go\u00fbter aux plaisirs de la vie sans limites, cette eau de parfum florale pour femme d\u00e9voile des notes gourmandes et fruit\u00e9es. Lady Million Royal&hellip;","brands":[],"_links":{"self":[{"href":"https:\/\/wavexia.com\/index.php?rest_route=\/wp\/v2\/product\/4335","targetHints":{"allow":["GET"]}}],"collection":[{"href":"https:\/\/wavexia.com\/index.php?rest_route=\/wp\/v2\/product"}],"about":[{"href":"https:\/\/wavexia.com\/index.php?rest_route=\/wp\/v2\/types\/product"}],"replies":[{"embeddable":true,"href":"https:\/\/wavexia.com\/index.php?rest_route=%2Fwp%2Fv2%2Fcomments&post=4335"}],"wp:featuredmedia":[{"embeddable":true,"href":"https:\/\/wavexia.com\/index.php?rest_route=\/wp\/v2\/media\/4334"}],"wp:attachment":[{"href":"https:\/\/wavexia.com\/index.php?rest_route=%2Fwp%2Fv2%2Fmedia&parent=4335"}],"wp:term":[{"taxonomy":"pwb-brand","embeddable":true,"href":"https:\/\/wavexia.com\/index.php?rest_route=%2Fwp%2Fv2%2Fpwb-brand&post=4335"},{"taxonomy":"product_brand","embeddable":true,"href":"https:\/\/wavexia.com\/index.php?rest_route=%2Fwp%2Fv2%2Fproduct_brand&post=4335"},{"taxonomy":"product_cat","embeddable":true,"href":"https:\/\/wavexia.com\/index.php?rest_route=%2Fwp%2Fv2%2Fproduct_cat&post=4335"},{"taxonomy":"product_tag","embeddable":true,"href":"https:\/\/wavexia.com\/index.php?rest_route=%2Fwp%2Fv2%2Fproduct_tag&post=4335"}],"curies":[{"name":"wp","href":"https:\/\/api.w.org\/{rel}","templated":true}]}}