{"id":4251,"date":"2025-10-19T09:03:46","date_gmt":"2025-10-19T09:03:46","guid":{"rendered":"https:\/\/wavexia.com\/product\/anua-heartleaf-70-daily-lotion-200ml\/"},"modified":"2026-03-10T07:31:00","modified_gmt":"2026-03-10T07:31:00","slug":"anua-heartleaf-70-daily-lotion-200ml","status":"publish","type":"product","link":"https:\/\/wavexia.com\/?product=anua-heartleaf-70-daily-lotion-200ml","title":{"rendered":"Anua- Heartleaf 70% Daily Lotion 200ml"},"content":{"rendered":"<h2>Description<\/h2>\n<p>La Anua Heartleaf 70% Daily Lotion est une cr\u00e8me hydratante con\u00e7ue pour hydrater intens\u00e9ment la peau et la rendre \u00e9clatante imm\u00e9diatement. Pas de couche grasse, une hydratation en profondeur et une am\u00e9lioration visible de la peau, que demander de plus ?<\/p>\n<p>La cr\u00e8me p\u00e9n\u00e8tre sans effort dans la peau et est enrichie \u00e0 70 % d\u2019extrait de Heartleaf et d\u2019acides hyaluroniques qui rendent la peau souple toute la journ\u00e9e. De plus, il forme une barri\u00e8re qui prot\u00e8ge la peau contre les substances nocives de l\u2019ext\u00e9rieur.<\/p>\n<p><strong>Cette lotion :<\/strong><\/p>\n<ul>\n<li>hydratation intense et longue dur\u00e9e<\/li>\n<li>id\u00e9al pour les peaux sensibles et \u00e0 probl\u00e8mes<\/li>\n<li>a un effet calmant<\/li>\n<li>antibact\u00e9rien et antioxydant<\/li>\n<li>convient \u00e0 tous les types de peau<\/li>\n<li>se compose de 70&nbsp;% de Heartleaf<\/li>\n<li>sans parfum<\/li>\n<li>sans cruaut\u00e9<\/li>\n<li>v\u00e9g\u00e9talien<\/li>\n<\/ul>\n<p><strong>Comment utiliser:<\/strong><\/p>\n<ul>\n<li>Appliquer par de l\u00e9gers mouvements de massage sur votre visage<\/li>\n<\/ul>\n<p><strong>Ingr\u00e9dients:<br \/><\/strong>Houttuynia Cordata Extract (70%), Glycerin, 1,2-hexanediol, Methyl Trimethicone, Ethylhexyl Stearate, Butylene Glycol, Hydrogenated Poly(C6-14 Olefin), Polyglyceryl-3 Distearate, Fraxinus Rhynchophylla Extract, Ocimum Basilicum (Basil) Flower\/leaf\/stem Extract, Ulmus Davidiana Root Extract, Amaranthus Caudatus Seed Extract, Hydrogenated Lecithin, Sodium Hyaluronate, Glyceryl Glucoside, Water, Glyceryl Stearate, Trehalose, Arginine, Carbomer, Glyceryl Stearate Citrate, Sodium Stearoyl Glutamate, Glucose, Disodium Edta, Betaine, Hydrolyzed Hyaluronic Acid, Sodium Acetylated Hyaluronate, Ethylhexylglycerin.<\/p>\n","protected":false},"excerpt":{"rendered":"<p>Description La Anua Heartleaf 70% Daily Lotion est une cr\u00e8me hydratante con\u00e7ue pour hydrater intens\u00e9ment la peau et la rendre \u00e9clatante imm\u00e9diatement. Pas de couche grasse, une hydratation en profondeur et une am\u00e9lioration visible de la peau, que demander de plus ? La cr\u00e8me p\u00e9n\u00e8tre sans effort dans la peau et est enrichie \u00e0 70 [&hellip;]<\/p>\n","protected":false},"featured_media":4250,"comment_status":"open","ping_status":"closed","template":"","meta":{"content-type":"","_uag_custom_page_level_css":""},"pwb-brand":[],"product_brand":[],"product_cat":[344,334],"product_tag":[],"class_list":{"0":"post-4251","1":"product","2":"type-product","3":"status-publish","4":"has-post-thumbnail","6":"product_cat-anua","7":"product_cat-produits-coreens","9":"first","10":"instock","11":"sale","12":"shipping-taxable","13":"purchasable","14":"product-type-simple"},"aioseo_notices":[],"uagb_featured_image_src":{"full":["https:\/\/wavexia.com\/wp-content\/uploads\/2025\/10\/Product-page-sizes_31cbf1dc-b3ae-4db6-a5d1-6a757f1e2bcd.webp",800,800,false],"thumbnail":["https:\/\/wavexia.com\/wp-content\/uploads\/2025\/10\/Product-page-sizes_31cbf1dc-b3ae-4db6-a5d1-6a757f1e2bcd-150x150.webp",150,150,true],"medium":["https:\/\/wavexia.com\/wp-content\/uploads\/2025\/10\/Product-page-sizes_31cbf1dc-b3ae-4db6-a5d1-6a757f1e2bcd-300x300.webp",300,300,true],"medium_large":["https:\/\/wavexia.com\/wp-content\/uploads\/2025\/10\/Product-page-sizes_31cbf1dc-b3ae-4db6-a5d1-6a757f1e2bcd-768x768.webp",768,768,true],"large":["https:\/\/wavexia.com\/wp-content\/uploads\/2025\/10\/Product-page-sizes_31cbf1dc-b3ae-4db6-a5d1-6a757f1e2bcd.webp",800,800,false],"1536x1536":["https:\/\/wavexia.com\/wp-content\/uploads\/2025\/10\/Product-page-sizes_31cbf1dc-b3ae-4db6-a5d1-6a757f1e2bcd.webp",800,800,false],"2048x2048":["https:\/\/wavexia.com\/wp-content\/uploads\/2025\/10\/Product-page-sizes_31cbf1dc-b3ae-4db6-a5d1-6a757f1e2bcd.webp",800,800,false],"woocommerce_archive_thumbnail":["https:\/\/wavexia.com\/wp-content\/uploads\/2025\/10\/Product-page-sizes_31cbf1dc-b3ae-4db6-a5d1-6a757f1e2bcd-300x300.webp",300,300,true],"woocommerce_thumbnail":["https:\/\/wavexia.com\/wp-content\/uploads\/2025\/10\/Product-page-sizes_31cbf1dc-b3ae-4db6-a5d1-6a757f1e2bcd-300x300.webp",300,300,true],"woocommerce_single":["https:\/\/wavexia.com\/wp-content\/uploads\/2025\/10\/Product-page-sizes_31cbf1dc-b3ae-4db6-a5d1-6a757f1e2bcd-600x600.webp",600,600,true],"woocommerce_gallery_thumbnail":["https:\/\/wavexia.com\/wp-content\/uploads\/2025\/10\/Product-page-sizes_31cbf1dc-b3ae-4db6-a5d1-6a757f1e2bcd-100x100.webp",100,100,true]},"uagb_author_info":{"display_name":"zineddine.ayoub98@gmail.com","author_link":"https:\/\/wavexia.com\/?author=0"},"uagb_comment_info":0,"uagb_excerpt":"Description La Anua Heartleaf 70% Daily Lotion est une cr\u00e8me hydratante con\u00e7ue pour hydrater intens\u00e9ment la peau et la rendre \u00e9clatante imm\u00e9diatement. Pas de couche grasse, une hydratation en profondeur et une am\u00e9lioration visible de la peau, que demander de plus ? La cr\u00e8me p\u00e9n\u00e8tre sans effort dans la peau et est enrichie \u00e0 70&hellip;","brands":[],"_links":{"self":[{"href":"https:\/\/wavexia.com\/index.php?rest_route=\/wp\/v2\/product\/4251","targetHints":{"allow":["GET"]}}],"collection":[{"href":"https:\/\/wavexia.com\/index.php?rest_route=\/wp\/v2\/product"}],"about":[{"href":"https:\/\/wavexia.com\/index.php?rest_route=\/wp\/v2\/types\/product"}],"replies":[{"embeddable":true,"href":"https:\/\/wavexia.com\/index.php?rest_route=%2Fwp%2Fv2%2Fcomments&post=4251"}],"wp:featuredmedia":[{"embeddable":true,"href":"https:\/\/wavexia.com\/index.php?rest_route=\/wp\/v2\/media\/4250"}],"wp:attachment":[{"href":"https:\/\/wavexia.com\/index.php?rest_route=%2Fwp%2Fv2%2Fmedia&parent=4251"}],"wp:term":[{"taxonomy":"pwb-brand","embeddable":true,"href":"https:\/\/wavexia.com\/index.php?rest_route=%2Fwp%2Fv2%2Fpwb-brand&post=4251"},{"taxonomy":"product_brand","embeddable":true,"href":"https:\/\/wavexia.com\/index.php?rest_route=%2Fwp%2Fv2%2Fproduct_brand&post=4251"},{"taxonomy":"product_cat","embeddable":true,"href":"https:\/\/wavexia.com\/index.php?rest_route=%2Fwp%2Fv2%2Fproduct_cat&post=4251"},{"taxonomy":"product_tag","embeddable":true,"href":"https:\/\/wavexia.com\/index.php?rest_route=%2Fwp%2Fv2%2Fproduct_tag&post=4251"}],"curies":[{"name":"wp","href":"https:\/\/api.w.org\/{rel}","templated":true}]}}