{"id":4247,"date":"2025-10-19T09:03:45","date_gmt":"2025-10-19T09:03:45","guid":{"rendered":"https:\/\/wavexia.com\/product\/anua-heartleaf-70-intense-calming-cream-50ml\/"},"modified":"2026-03-10T07:31:00","modified_gmt":"2026-03-10T07:31:00","slug":"anua-heartleaf-70-intense-calming-cream-50ml","status":"publish","type":"product","link":"https:\/\/wavexia.com\/?product=anua-heartleaf-70-intense-calming-cream-50ml","title":{"rendered":"Anua \u2013 Heartleaf 70 Intense Calming Cream 50ml"},"content":{"rendered":"<h2>Description<\/h2>\n<p>La cr\u00e8me apaisante intense 70 % Anua Heartleaf est id\u00e9ale pour toute personne ayant la peau sensible qui a besoin de soins suppl\u00e9mentaires et d\u2019apaisement. Cette cr\u00e8me est infus\u00e9e d\u2019un niveau impressionnant de 70 % d\u2019\u00ab extrait de feuille de c\u0153ur \u00bb, provenant de la plante Houttuynia Cordata, connue pour ses propri\u00e9t\u00e9s calmantes.<\/p>\n<p>Cette formule puissante est non seulement d\u00e9di\u00e9e \u00e0 r\u00e9duire les rougeurs, mais aussi \u00e0 hydrater et renforcer la barri\u00e8re cutan\u00e9e. L\u2019ajout de c\u00e9ramides aide \u00e0 renforcer la barri\u00e8re protectrice cutan\u00e9e, am\u00e9liorant l\u2019hydratation et rendant la peau plus lisse et plus ferme, avec moins de signes visibles de vieillissement.<\/p>\n<p>L\u2019acide hyaluronique apporte un regain d\u2019hydratation suppl\u00e9mentaire, laissant votre peau rafra\u00eechie et hydrat\u00e9e. La cr\u00e8me contient \u00e9galement du panth\u00e9nol, une provitamine aux propri\u00e9t\u00e9s anti-inflammatoires qui prot\u00e8ge la peau contre les irritations.<\/p>\n<p>Bref, cette cr\u00e8me est un v\u00e9ritable incontournable pour une peau apais\u00e9e, hydrat\u00e9e et \u00e9clatante !<\/p>\n<p><strong>Cette cr\u00e8me :<\/strong><\/p>\n<ul>\n<li>id\u00e9al pour les peaux sensibles<\/li>\n<li>nourrit, hydrate et apaise<\/li>\n<li>enrichi en feuille de haertleaf, c\u00e9ramides, acide hyaluronique et panth\u00e9nol<\/li>\n<li>r\u00e9duit les rougeurs<\/li>\n<li>renforce la barri\u00e8re cutan\u00e9e<\/li>\n<li>anti-inflammatoire<\/li>\n<li>r\u00e9duit les irritations<\/li>\n<li>sans parfum<\/li>\n<li>v\u00e9g\u00e9talien<\/li>\n<li>sans cruaut\u00e9<\/li>\n<\/ul>\n<p><strong>Comment utiliser:<\/strong><\/p>\n<ul>\n<li>Appliquez cette cr\u00e8me hydratante comme derni\u00e8re \u00e9tape de votre routine de soins de la peau.<\/li>\n<li>\u00c9talez la cr\u00e8me sur votre peau en mouvements circulaires et laissez-la absorber pendant un moment.<\/li>\n<\/ul>\n<p><strong>Ingr\u00e9dients:<br \/><\/strong>Houttuynia Cordata Extract, Cetearyl Alcohol, Glycerin, Cyclohexasiloxane, Butylene Glycol, 1,2-Hexanediol, Dicaprylyl Ether, Caprylic\/Capric Triglyceride, Hydrogenated Poly C6-14 Olefin, Hydrogenated Polydecene, Glyceryl Stearate SE, Cetearyl Olivate, Sorbitan Olivate, Vegetable Oil , Panthenol, Hydrogenated Lecithin, Dipropylene Glycol, Behenyl Alcohol, Ammonium Acryloyldimethyltaurate\/VP Copolymer, Cetearyl Glucoside, Cholesterol, Xanthan Gum, Adenosine, Ceramide NP, Glucose, Water, Ethylhexylglycerin<\/p>\n","protected":false},"excerpt":{"rendered":"<p>Description La cr\u00e8me apaisante intense 70 % Anua Heartleaf est id\u00e9ale pour toute personne ayant la peau sensible qui a besoin de soins suppl\u00e9mentaires et d\u2019apaisement. Cette cr\u00e8me est infus\u00e9e d\u2019un niveau impressionnant de 70 % d\u2019\u00ab extrait de feuille de c\u0153ur \u00bb, provenant de la plante Houttuynia Cordata, connue pour ses propri\u00e9t\u00e9s calmantes. Cette [&hellip;]<\/p>\n","protected":false},"featured_media":4246,"comment_status":"open","ping_status":"closed","template":"","meta":{"content-type":"","_uag_custom_page_level_css":""},"pwb-brand":[],"product_brand":[],"product_cat":[344,324,325,334,323],"product_tag":[],"class_list":{"0":"post-4247","1":"product","2":"type-product","3":"status-publish","4":"has-post-thumbnail","6":"product_cat-anua","7":"product_cat-creme","8":"product_cat-marques","9":"product_cat-produits-coreens","10":"product_cat-skincare","12":"first","13":"instock","14":"sale","15":"shipping-taxable","16":"purchasable","17":"product-type-simple"},"aioseo_notices":[],"uagb_featured_image_src":{"full":["https:\/\/wavexia.com\/wp-content\/uploads\/2025\/10\/telecharger-4.jpeg",224,224,false],"thumbnail":["https:\/\/wavexia.com\/wp-content\/uploads\/2025\/10\/telecharger-4-150x150.jpeg",150,150,true],"medium":["https:\/\/wavexia.com\/wp-content\/uploads\/2025\/10\/telecharger-4.jpeg",224,224,false],"medium_large":["https:\/\/wavexia.com\/wp-content\/uploads\/2025\/10\/telecharger-4.jpeg",224,224,false],"large":["https:\/\/wavexia.com\/wp-content\/uploads\/2025\/10\/telecharger-4.jpeg",224,224,false],"1536x1536":["https:\/\/wavexia.com\/wp-content\/uploads\/2025\/10\/telecharger-4.jpeg",224,224,false],"2048x2048":["https:\/\/wavexia.com\/wp-content\/uploads\/2025\/10\/telecharger-4.jpeg",224,224,false],"woocommerce_archive_thumbnail":["https:\/\/wavexia.com\/wp-content\/uploads\/2025\/10\/telecharger-4.jpeg",224,224,false],"woocommerce_thumbnail":["https:\/\/wavexia.com\/wp-content\/uploads\/2025\/10\/telecharger-4.jpeg",224,224,false],"woocommerce_single":["https:\/\/wavexia.com\/wp-content\/uploads\/2025\/10\/telecharger-4.jpeg",224,224,false],"woocommerce_gallery_thumbnail":["https:\/\/wavexia.com\/wp-content\/uploads\/2025\/10\/telecharger-4-100x100.jpeg",100,100,true]},"uagb_author_info":{"display_name":"zineddine.ayoub98@gmail.com","author_link":"https:\/\/wavexia.com\/?author=0"},"uagb_comment_info":0,"uagb_excerpt":"Description La cr\u00e8me apaisante intense 70 % Anua Heartleaf est id\u00e9ale pour toute personne ayant la peau sensible qui a besoin de soins suppl\u00e9mentaires et d\u2019apaisement. Cette cr\u00e8me est infus\u00e9e d\u2019un niveau impressionnant de 70 % d\u2019\u00ab extrait de feuille de c\u0153ur \u00bb, provenant de la plante Houttuynia Cordata, connue pour ses propri\u00e9t\u00e9s calmantes. Cette&hellip;","brands":[],"_links":{"self":[{"href":"https:\/\/wavexia.com\/index.php?rest_route=\/wp\/v2\/product\/4247","targetHints":{"allow":["GET"]}}],"collection":[{"href":"https:\/\/wavexia.com\/index.php?rest_route=\/wp\/v2\/product"}],"about":[{"href":"https:\/\/wavexia.com\/index.php?rest_route=\/wp\/v2\/types\/product"}],"replies":[{"embeddable":true,"href":"https:\/\/wavexia.com\/index.php?rest_route=%2Fwp%2Fv2%2Fcomments&post=4247"}],"wp:featuredmedia":[{"embeddable":true,"href":"https:\/\/wavexia.com\/index.php?rest_route=\/wp\/v2\/media\/4246"}],"wp:attachment":[{"href":"https:\/\/wavexia.com\/index.php?rest_route=%2Fwp%2Fv2%2Fmedia&parent=4247"}],"wp:term":[{"taxonomy":"pwb-brand","embeddable":true,"href":"https:\/\/wavexia.com\/index.php?rest_route=%2Fwp%2Fv2%2Fpwb-brand&post=4247"},{"taxonomy":"product_brand","embeddable":true,"href":"https:\/\/wavexia.com\/index.php?rest_route=%2Fwp%2Fv2%2Fproduct_brand&post=4247"},{"taxonomy":"product_cat","embeddable":true,"href":"https:\/\/wavexia.com\/index.php?rest_route=%2Fwp%2Fv2%2Fproduct_cat&post=4247"},{"taxonomy":"product_tag","embeddable":true,"href":"https:\/\/wavexia.com\/index.php?rest_route=%2Fwp%2Fv2%2Fproduct_tag&post=4247"}],"curies":[{"name":"wp","href":"https:\/\/api.w.org\/{rel}","templated":true}]}}