{"id":4218,"date":"2025-10-19T09:03:20","date_gmt":"2025-10-19T09:03:20","guid":{"rendered":"https:\/\/wavexia.com\/product\/klairs-all-day-airy-sunscreen-spf50pa-50-ml\/"},"modified":"2026-03-10T07:31:00","modified_gmt":"2026-03-10T07:31:00","slug":"klairs-all-day-airy-sunscreen-spf50pa-50-ml","status":"publish","type":"product","link":"https:\/\/wavexia.com\/?product=klairs-all-day-airy-sunscreen-spf50pa-50-ml","title":{"rendered":"Klairs All day Airy Sunscreen SPF50+PA++++, 50 ml"},"content":{"rendered":"<h2>Description<\/h2>\n<p>La protection solaire est un indispensable de toute routine de soin de qualit\u00e9. Voil\u00e0 pourquoi on applaudit les produits qui conjuguent efficacit\u00e9 et simplicit\u00e9, \u00e0 l\u2019image du All-Day Airy Sunscreen 50 ml de Klairs.<\/p>\n<p>Adapt\u00e9 \u00e0 tous les types de peaux (m\u00eame grasses, premi\u00e8res p\u00e9nalis\u00e9es par les textures trop lourdes des formules du pass\u00e9), dot\u00e9 d\u2019un SPF 50+, offrant un fini invisible et sans traces blanches. Il va rapidement devenir votre soin solaire quotidien num\u00e9ro 1. Sa formule, test\u00e9e pour les peaux sensibles, ne contient ni parfums, ni huiles essentielles. Si vous recherchez une protection solaire qui convienne aux peaux sensibles, n\u2019attendez plus pour l\u2019ajouter \u00e0 votre panier !<\/p>\n<p>\u00c0 l\u2019application, la texture gel de ce soin solaire Klairs s\u2019\u00e9tale facilement et p\u00e9n\u00e8tre instantan\u00e9ment, sans faire de traces blanches, pour laisser la peau subtilement douce et hydrat\u00e9e. Parfait si vous avez pr\u00e9vu de vous maquiller ! All-Day Airy Sunscreen 50 ml est parfaitement compatible avec le maquillage car il adoucit la peau, la prot\u00e8ge et la pr\u00e9pare \u00e0 recevoir les autres produits que vous souhaitez. Apr\u00e8s l\u2019avoir test\u00e9, on peut vous l\u2019affirmer : si vous avez horreur de la sensation grasse ou collante que laissent certaines cr\u00e8mes solaires sur la peau, celle-ci va vous enchanter.<\/p>\n<p>Si vous recherchez un soin solaire SPF 50 qui ne laisse ni traces blanches, ni effet collant, qui soit adapt\u00e9 \u00e0 un usage quotidien avec ou sans maquillage et qui ne fasse pas briller la peau\u2026 C\u2019est votre jour de chance, vous avez trouv\u00e9 votre match parfait ! Vous voulez savoir le meilleur ? All-Day Airy Sunscreen 50 ml de Klairs est si l\u00e9ger\u00e8re et pratique que vous allez adorer l\u2019utiliser chaque jour dans le cadre de votre routine quotidienne : plus aucun risque d\u2019oublier l\u2019\u00e9tape anti-UV.<\/p>\n<h5>comment utiliser:<\/h5>\n<p>Appliquez uniform\u00e9ment l\u2019\u00e9quivalent de deux doigts de formule en derni\u00e8re \u00e9tape de votre routine de soin de jour sur le visage, le cou et le d\u00e9collet\u00e9. Renouvelez l\u2019application toutes les deux heures ou quand vous sentez que votre peau en a besoin. Quand appliquer All-Day Airy Sunscreen si vous avez pr\u00e9vu de vous maquiller ? Juste avant le maquillage, en derni\u00e8re \u00e9tape de la routine de soin. Vous serez surprise de la beaut\u00e9 de votre peau !<\/p>\n<h5>ingr\u00e9dients:<\/h5>\n<p>Aqua (Water), Dibutyl Adipate, Butyloctyl Salicylate, Diethylamino Hydroxybenzoyl Hexyl Benzoate, Polysilicone-15, C12-15 Alkyl Benzoate, Ethylhexyl Triazone, Bis-Ethylhexyloxyphenol Methoxyphenyl Triazine, Polymethylsilsesquioxane, Glycerin, Niacinamide, Polyglyceryl-6 Stearate, Cetearyl Olivate, Microcrystalline Cellulose, Panthenol, Silica, Sorbitan Olivate, Dipropylene Glycol, Hydroxyacetophenone, Poly C10-30 Alkyl Acrylate, Polyglyceryl-6 Behenate, Allantoin, Caprylyl Glycol, Stearyl Alcohol, Glyceryl Stearate, Acrylates\/C10-30 Alkyl Acrylate Crosspolymer, Tromethamine, Adenosine, Cetearyl Alcohol, Disodium EDTA, Butylene Glycol, Portulaca Oleracea Extract, Aloe Barbadensis Leaf Extract, Dioscorea Japonica Root Extract, Laminaria Japonica Extract, Viola Mandshurica Flower Extract, Ulmus Davidiana Root Extract, Dipotassium Glycyrrhizate, Lepidium Meyenii Root Extract, 1,2-Hexanediol, Lycium Chinense Fruit Extract, Fragaria Chiloensis (Strawberry) Fruit Extract, Berberis Vulgaris Root Extract, Morus Nigra Fruit Extract.<\/p>\n<p>&nbsp;<\/p>\n<p>&nbsp;<\/p>\n","protected":false},"excerpt":{"rendered":"<p>Description La protection solaire est un indispensable de toute routine de soin de qualit\u00e9. Voil\u00e0 pourquoi on applaudit les produits qui conjuguent efficacit\u00e9 et simplicit\u00e9, \u00e0 l\u2019image du All-Day Airy Sunscreen 50 ml de Klairs. Adapt\u00e9 \u00e0 tous les types de peaux (m\u00eame grasses, premi\u00e8res p\u00e9nalis\u00e9es par les textures trop lourdes des formules du pass\u00e9), [&hellip;]<\/p>\n","protected":false},"featured_media":4217,"comment_status":"open","ping_status":"closed","template":"","meta":{"content-type":"","_uag_custom_page_level_css":""},"pwb-brand":[],"product_brand":[],"product_cat":[382,432,328,334,340],"product_tag":[],"class_list":{"0":"post-4218","1":"product","2":"type-product","3":"status-publish","4":"has-post-thumbnail","6":"product_cat-derniere-chance","7":"product_cat-klairs","8":"product_cat-nouveautes","9":"product_cat-produits-coreens","10":"product_cat-protection-solaire","12":"first","13":"instock","14":"sale","15":"shipping-taxable","16":"purchasable","17":"product-type-simple"},"aioseo_notices":[],"uagb_featured_image_src":{"full":["https:\/\/wavexia.com\/wp-content\/uploads\/2025\/10\/190061.webp",1000,1000,false],"thumbnail":["https:\/\/wavexia.com\/wp-content\/uploads\/2025\/10\/190061-150x150.webp",150,150,true],"medium":["https:\/\/wavexia.com\/wp-content\/uploads\/2025\/10\/190061-300x300.webp",300,300,true],"medium_large":["https:\/\/wavexia.com\/wp-content\/uploads\/2025\/10\/190061-768x768.webp",768,768,true],"large":["https:\/\/wavexia.com\/wp-content\/uploads\/2025\/10\/190061.webp",1000,1000,false],"1536x1536":["https:\/\/wavexia.com\/wp-content\/uploads\/2025\/10\/190061.webp",1000,1000,false],"2048x2048":["https:\/\/wavexia.com\/wp-content\/uploads\/2025\/10\/190061.webp",1000,1000,false],"woocommerce_archive_thumbnail":["https:\/\/wavexia.com\/wp-content\/uploads\/2025\/10\/190061-300x300.webp",300,300,true],"woocommerce_thumbnail":["https:\/\/wavexia.com\/wp-content\/uploads\/2025\/10\/190061-300x300.webp",300,300,true],"woocommerce_single":["https:\/\/wavexia.com\/wp-content\/uploads\/2025\/10\/190061-600x600.webp",600,600,true],"woocommerce_gallery_thumbnail":["https:\/\/wavexia.com\/wp-content\/uploads\/2025\/10\/190061-100x100.webp",100,100,true]},"uagb_author_info":{"display_name":"zineddine.ayoub98@gmail.com","author_link":"https:\/\/wavexia.com\/?author=0"},"uagb_comment_info":0,"uagb_excerpt":"Description La protection solaire est un indispensable de toute routine de soin de qualit\u00e9. Voil\u00e0 pourquoi on applaudit les produits qui conjuguent efficacit\u00e9 et simplicit\u00e9, \u00e0 l\u2019image du All-Day Airy Sunscreen 50 ml de Klairs. Adapt\u00e9 \u00e0 tous les types de peaux (m\u00eame grasses, premi\u00e8res p\u00e9nalis\u00e9es par les textures trop lourdes des formules du pass\u00e9),&hellip;","brands":[],"_links":{"self":[{"href":"https:\/\/wavexia.com\/index.php?rest_route=\/wp\/v2\/product\/4218","targetHints":{"allow":["GET"]}}],"collection":[{"href":"https:\/\/wavexia.com\/index.php?rest_route=\/wp\/v2\/product"}],"about":[{"href":"https:\/\/wavexia.com\/index.php?rest_route=\/wp\/v2\/types\/product"}],"replies":[{"embeddable":true,"href":"https:\/\/wavexia.com\/index.php?rest_route=%2Fwp%2Fv2%2Fcomments&post=4218"}],"wp:featuredmedia":[{"embeddable":true,"href":"https:\/\/wavexia.com\/index.php?rest_route=\/wp\/v2\/media\/4217"}],"wp:attachment":[{"href":"https:\/\/wavexia.com\/index.php?rest_route=%2Fwp%2Fv2%2Fmedia&parent=4218"}],"wp:term":[{"taxonomy":"pwb-brand","embeddable":true,"href":"https:\/\/wavexia.com\/index.php?rest_route=%2Fwp%2Fv2%2Fpwb-brand&post=4218"},{"taxonomy":"product_brand","embeddable":true,"href":"https:\/\/wavexia.com\/index.php?rest_route=%2Fwp%2Fv2%2Fproduct_brand&post=4218"},{"taxonomy":"product_cat","embeddable":true,"href":"https:\/\/wavexia.com\/index.php?rest_route=%2Fwp%2Fv2%2Fproduct_cat&post=4218"},{"taxonomy":"product_tag","embeddable":true,"href":"https:\/\/wavexia.com\/index.php?rest_route=%2Fwp%2Fv2%2Fproduct_tag&post=4218"}],"curies":[{"name":"wp","href":"https:\/\/api.w.org\/{rel}","templated":true}]}}