{"id":4200,"date":"2025-10-19T09:03:06","date_gmt":"2025-10-19T09:03:06","guid":{"rendered":"https:\/\/wavexia.com\/product\/im-from-rice-toner-pad\/"},"modified":"2026-03-10T07:31:00","modified_gmt":"2026-03-10T07:31:00","slug":"im-from-rice-toner-pad","status":"publish","type":"product","link":"https:\/\/wavexia.com\/?product=im-from-rice-toner-pad","title":{"rendered":"I\u2019M FROM Rice Toner Pad"},"content":{"rendered":"<h2>Description<\/h2>\n<p dir=\"ltr\">Le tampon tonique I\u2019M FROM Rice est riche en nutriments et en ingr\u00e9dients actifs pour adoucir la peau et affiner la texture de la peau. La m\u00e9thode de broyage \u00e0 la meule pour moudre le riz et le son de riz, et les faire fermenter dans une solution enzymatique, est utilis\u00e9e pour am\u00e9liorer les nutriments du riz Yeoju. Les tampons de toner innovants sont compos\u00e9s d\u2019un tampon \u00e0 trois couches pour une hydratation longue dur\u00e9e, fabriqu\u00e9 \u00e0 partir d\u2019un tissu avanc\u00e9 extensible qui offre une richesse d\u2019hydratation, d\u2019\u00e9clat, de texture et de tonicit\u00e9. Permettant \u00e0 votre peau de faire l\u2019exp\u00e9rience d\u2019un teint \u00e9clatant et apaisant.<\/p>\n<p dir=\"ltr\">Points cl\u00e9s :<\/p>\n<ul>\n<li dir=\"ltr\" aria-level=\"1\">\n<p dir=\"ltr\" role=\"presentation\">Hydratant et nourrissant<\/p>\n<\/li>\n<li dir=\"ltr\" aria-level=\"1\">\n<p dir=\"ltr\" role=\"presentation\">Booste l\u2019hydratation<\/p>\n<\/li>\n<li dir=\"ltr\" aria-level=\"1\">\n<p dir=\"ltr\" role=\"presentation\">Mat\u00e9riau du tampon \u00e0 trois couches<\/p>\n<\/li>\n<li dir=\"ltr\" aria-level=\"1\">\n<p dir=\"ltr\" role=\"presentation\">Convient aux peaux sensibles<\/p>\n<\/li>\n<li dir=\"ltr\" aria-level=\"1\">\n<p dir=\"ltr\" role=\"presentation\">Riche en nutriments et en ingr\u00e9dients actifs pour adoucir la peau<\/p>\n<\/li>\n<\/ul>\n<p><strong><span class=\"accordion__toggle h6\"><span class=\"text-with-icon gap-4\">MODE D\u2019EMPLOI<\/span><\/span><\/strong><\/p>\n<div class=\"accordion__content prose\">\n<p><span class=\"metafield-multi_line_text_field\">Essuyer sur une peau propre directement apr\u00e8s le nettoyage.<br \/>ASTUCE : Peut \u00e9galement \u00eatre utilis\u00e9 comme masque facial lorsqu\u2019il est appliqu\u00e9 sur le visage pendant 10 \u00e0 20 minutes.<\/span><\/p>\n<p>&nbsp;<\/p>\n<p><strong><span class=\"accordion__toggle h6\"><span class=\"text-with-icon gap-4\">INGR\u00c9DIENTS<\/span><\/span><\/strong><\/p>\n<div class=\"accordion__content prose\">\n<p><span class=\"metafield-multi_line_text_field\">Eau, m\u00e9thylpropanediol, dipropyl\u00e8ne glycol, glyc\u00e9rine, niacinamide, huile de fruit d\u2019Olea Europaea (olive), hydroxyacet oph\u00e9none, caprylyl glycol, alketh-12 en C12-14, dist\u00e9arate de m\u00e9thylglucose polyglyc\u00e9ryl-3, 1,2-hexanediol, carbom\u00e8re, b\u00e9ta\u00efne, arginine, citrate de sodium, st\u00e9arate de glyc\u00e9ryle SE, \u00e9thylhexie|glyc\u00e9rine, sesquistearate de m\u00e9thyl glucose, ad\u00e9nosine, acide citrique, gomme xanthane, extrait de son d\u2019Oryza sativa (riz), extrait d\u2019Oryza sativa (riz), glycyrrhizate dipotassique, EDTA disodique<\/span><\/p>\n<\/div>\n<\/div>\n","protected":false},"excerpt":{"rendered":"<p>Description Le tampon tonique I\u2019M FROM Rice est riche en nutriments et en ingr\u00e9dients actifs pour adoucir la peau et affiner la texture de la peau. La m\u00e9thode de broyage \u00e0 la meule pour moudre le riz et le son de riz, et les faire fermenter dans une solution enzymatique, est utilis\u00e9e pour am\u00e9liorer les [&hellip;]<\/p>\n","protected":false},"featured_media":4199,"comment_status":"open","ping_status":"closed","template":"","meta":{"content-type":"","_uag_custom_page_level_css":""},"pwb-brand":[],"product_brand":[],"product_cat":[327,381,328,334,345],"product_tag":[],"class_list":{"0":"post-4200","1":"product","2":"type-product","3":"status-publish","4":"has-post-thumbnail","6":"product_cat-hmizat","7":"product_cat-im-from","8":"product_cat-nouveautes","9":"product_cat-produits-coreens","10":"product_cat-toner-pads","12":"first","13":"instock","14":"sale","15":"shipping-taxable","16":"purchasable","17":"product-type-simple"},"aioseo_notices":[],"uagb_featured_image_src":{"full":["https:\/\/wavexia.com\/wp-content\/uploads\/2025\/10\/617Q2wi35qL._AC_UF10001000_QL80_.jpg",994,1000,false],"thumbnail":["https:\/\/wavexia.com\/wp-content\/uploads\/2025\/10\/617Q2wi35qL._AC_UF10001000_QL80_-150x150.jpg",150,150,true],"medium":["https:\/\/wavexia.com\/wp-content\/uploads\/2025\/10\/617Q2wi35qL._AC_UF10001000_QL80_-298x300.jpg",298,300,true],"medium_large":["https:\/\/wavexia.com\/wp-content\/uploads\/2025\/10\/617Q2wi35qL._AC_UF10001000_QL80_-768x773.jpg",768,773,true],"large":["https:\/\/wavexia.com\/wp-content\/uploads\/2025\/10\/617Q2wi35qL._AC_UF10001000_QL80_.jpg",994,1000,false],"1536x1536":["https:\/\/wavexia.com\/wp-content\/uploads\/2025\/10\/617Q2wi35qL._AC_UF10001000_QL80_.jpg",994,1000,false],"2048x2048":["https:\/\/wavexia.com\/wp-content\/uploads\/2025\/10\/617Q2wi35qL._AC_UF10001000_QL80_.jpg",994,1000,false],"woocommerce_archive_thumbnail":["https:\/\/wavexia.com\/wp-content\/uploads\/2025\/10\/617Q2wi35qL._AC_UF10001000_QL80_-300x302.jpg",300,302,true],"woocommerce_thumbnail":["https:\/\/wavexia.com\/wp-content\/uploads\/2025\/10\/617Q2wi35qL._AC_UF10001000_QL80_-300x300.jpg",300,300,true],"woocommerce_single":["https:\/\/wavexia.com\/wp-content\/uploads\/2025\/10\/617Q2wi35qL._AC_UF10001000_QL80_-600x604.jpg",600,604,true],"woocommerce_gallery_thumbnail":["https:\/\/wavexia.com\/wp-content\/uploads\/2025\/10\/617Q2wi35qL._AC_UF10001000_QL80_-100x100.jpg",100,100,true]},"uagb_author_info":{"display_name":"zineddine.ayoub98@gmail.com","author_link":"https:\/\/wavexia.com\/?author=0"},"uagb_comment_info":0,"uagb_excerpt":"Description Le tampon tonique I\u2019M FROM Rice est riche en nutriments et en ingr\u00e9dients actifs pour adoucir la peau et affiner la texture de la peau. La m\u00e9thode de broyage \u00e0 la meule pour moudre le riz et le son de riz, et les faire fermenter dans une solution enzymatique, est utilis\u00e9e pour am\u00e9liorer les&hellip;","brands":[],"_links":{"self":[{"href":"https:\/\/wavexia.com\/index.php?rest_route=\/wp\/v2\/product\/4200","targetHints":{"allow":["GET"]}}],"collection":[{"href":"https:\/\/wavexia.com\/index.php?rest_route=\/wp\/v2\/product"}],"about":[{"href":"https:\/\/wavexia.com\/index.php?rest_route=\/wp\/v2\/types\/product"}],"replies":[{"embeddable":true,"href":"https:\/\/wavexia.com\/index.php?rest_route=%2Fwp%2Fv2%2Fcomments&post=4200"}],"wp:featuredmedia":[{"embeddable":true,"href":"https:\/\/wavexia.com\/index.php?rest_route=\/wp\/v2\/media\/4199"}],"wp:attachment":[{"href":"https:\/\/wavexia.com\/index.php?rest_route=%2Fwp%2Fv2%2Fmedia&parent=4200"}],"wp:term":[{"taxonomy":"pwb-brand","embeddable":true,"href":"https:\/\/wavexia.com\/index.php?rest_route=%2Fwp%2Fv2%2Fpwb-brand&post=4200"},{"taxonomy":"product_brand","embeddable":true,"href":"https:\/\/wavexia.com\/index.php?rest_route=%2Fwp%2Fv2%2Fproduct_brand&post=4200"},{"taxonomy":"product_cat","embeddable":true,"href":"https:\/\/wavexia.com\/index.php?rest_route=%2Fwp%2Fv2%2Fproduct_cat&post=4200"},{"taxonomy":"product_tag","embeddable":true,"href":"https:\/\/wavexia.com\/index.php?rest_route=%2Fwp%2Fv2%2Fproduct_tag&post=4200"}],"curies":[{"name":"wp","href":"https:\/\/api.w.org\/{rel}","templated":true}]}}