{"id":4177,"date":"2025-10-19T09:02:45","date_gmt":"2025-10-19T09:02:45","guid":{"rendered":"https:\/\/wavexia.com\/product\/dr-althea-0-1-gentle-retinol-serum-30ml\/"},"modified":"2026-03-10T07:31:00","modified_gmt":"2026-03-10T07:31:00","slug":"dr-althea-0-1-gentle-retinol-serum-30ml","status":"publish","type":"product","link":"https:\/\/wavexia.com\/?product=dr-althea-0-1-gentle-retinol-serum-30ml","title":{"rendered":"Dr. Althea 0.1% Gentle Retinol Serum 30ml"},"content":{"rendered":"<h2>Description<\/h2>\n<p>Dr. Althea 0,1 % s\u00e9rum doux au r\u00e9tinol avec le pouvoir du r\u00e9tinol et du bakuchiol pour cibler les pores dilat\u00e9s et restaurer l\u2019\u00e9lasticit\u00e9 de la peau et uniformiser la texture de la peau sans aggraver la peau.<\/p>\n<ul>\n<li>Le r\u00e9tinol et le bakuchiol am\u00e9liorent le taux de renouvellement cellulaire de la peau et stimulent la production de collag\u00e8ne, aidant \u00e0 r\u00e9duire l\u2019apparence des ridules.<\/li>\n<li>Ses trois ingr\u00e9dients hydratants comprennent le panth\u00e9nol, l\u2019huile de soja et le jus de Betula Alba pour retenir l\u2019humidit\u00e9 et garder la peau hydrat\u00e9e tout au long de la journ\u00e9e.<\/li>\n<li>Sans cruaut\u00e9 et formul\u00e9 sans parfum artificiel ni alcools dess\u00e9chants.<\/li>\n<\/ul>\n<p>La consistance l\u00e9g\u00e8re semblable \u00e0 celle d\u2019un gel assure une absorption rapide sans r\u00e9sidu lourd ou collant. Il s\u2019agit d\u2019un s\u00e9rum de type peau qui est doux pour la peau sans irritation inutile du r\u00e9tinol.<\/p>\n<p><strong>Mode d\u2019emploi :<\/strong><\/p>\n<p>Une p\u00e9riode d\u2019adaptation peut \u00eatre n\u00e9cessaire pour les d\u00e9butants utilisant des produits \u00e0 base de r\u00e9tinol afin de permettre \u00e0 la peau de s\u2019y adapter. Commencez \u00e0 l\u2019utiliser tous les deux jours pendant deux semaines, puis augmentez progressivement votre utilisation jusqu\u2019\u00e0 tous les soirs. Appliquez le s\u00e9rum sur l\u2019ensemble du visage et tapotez doucement pour permettre l\u2019absorption.<\/p>\n<p><strong>Ingr\u00e9dients;<\/strong><\/p>\n<p>Eau, glyc\u00e9rine, butyl\u00e8ne glycol, adipate de dibutyle, 1,2-hexanediol, panth\u00e9nol, huile de glycine soja (soja), l\u00e9cithine hydrog\u00e9n\u00e9e, triglyc\u00e9ride caprylique\/caprique, dist\u00e9arate de m\u00e9thylglucose polyglyc\u00e9ryl-3, polyacrylate de sodium, copolym\u00e8re d\u2019acrylate d\u2019hydroxy\u00e9thyle\/acryloyldim\u00e9thyl taurate de sodium, copolym\u00e8re d\u2019acryloyldim\u00e9thyl taurate de sodium, jus de Betula Alba, r\u00e9tinol, bakuchiol, polyisobut\u00e8ne, \u00e9thylhexylglyc\u00e9rine, allanto\u00efne, copolym\u00e8re d\u2019acrylate de glyc\u00e9ryle\/acide acrylique, EDTA disodique, sorbitan Isost\u00e9arate, copolym\u00e8re PVM\/MA, ol\u00e9ate de sorbitan, caprylyl\/capryl glucoside, extrait de hyacinthus orientalis (jacinthe), extrait de borago officinalis, extrait de fleur de camomille recutita (matricaria), extrait de fleur de centaurea cyanus, extrait de Salvia scl\u00e9area (clary), extrait de fleur de Lavandula angustifolia (lavande), tocoph\u00e9rol<\/p>\n<p><strong>Prudence<\/strong><\/p>\n<ul>\n<li><span>Pour usage externe uniquement<\/span><\/li>\n<li>Les femmes enceintes doivent \u00e9viter d\u2019utiliser ce produit en raison de la pr\u00e9sence de d\u00e9riv\u00e9s de la vitamine A.<\/li>\n<li>\u00c9vitez le contact direct avec les yeux.<\/li>\n<li>Cesser l\u2019utilisation si une \u00e9ruption cutan\u00e9e ou une irritation se d\u00e9veloppe et dure. Consultez un m\u00e9decin si n\u00e9cessaire.<\/li>\n<li>Ne pas utiliser sur une peau ab\u00eem\u00e9e<\/li>\n<li>Tenir hors de port\u00e9e des enfants<\/li>\n<li>Prot\u00e9ger le produit de la chaleur et du soleil direct<\/li>\n<\/ul>\n","protected":false},"excerpt":{"rendered":"<p>Description Dr. Althea 0,1 % s\u00e9rum doux au r\u00e9tinol avec le pouvoir du r\u00e9tinol et du bakuchiol pour cibler les pores dilat\u00e9s et restaurer l\u2019\u00e9lasticit\u00e9 de la peau et uniformiser la texture de la peau sans aggraver la peau. Le r\u00e9tinol et le bakuchiol am\u00e9liorent le taux de renouvellement cellulaire de la peau et stimulent [&hellip;]<\/p>\n","protected":false},"featured_media":4176,"comment_status":"open","ping_status":"closed","template":"","meta":{"content-type":"","_uag_custom_page_level_css":""},"pwb-brand":[],"product_brand":[],"product_cat":[357,366,327,334],"product_tag":[],"class_list":{"0":"post-4177","1":"product","2":"type-product","3":"status-publish","4":"has-post-thumbnail","6":"product_cat-anti-age-rides","7":"product_cat-dr-althea","8":"product_cat-hmizat","9":"product_cat-produits-coreens","11":"first","12":"instock","13":"sale","14":"shipping-taxable","15":"purchasable","16":"product-type-simple"},"aioseo_notices":[],"uagb_featured_image_src":{"full":["https:\/\/wavexia.com\/wp-content\/uploads\/2025\/10\/240530________-1_1000x.webp",1000,1000,false],"thumbnail":["https:\/\/wavexia.com\/wp-content\/uploads\/2025\/10\/240530________-1_1000x-150x150.webp",150,150,true],"medium":["https:\/\/wavexia.com\/wp-content\/uploads\/2025\/10\/240530________-1_1000x-300x300.webp",300,300,true],"medium_large":["https:\/\/wavexia.com\/wp-content\/uploads\/2025\/10\/240530________-1_1000x-768x768.webp",768,768,true],"large":["https:\/\/wavexia.com\/wp-content\/uploads\/2025\/10\/240530________-1_1000x.webp",1000,1000,false],"1536x1536":["https:\/\/wavexia.com\/wp-content\/uploads\/2025\/10\/240530________-1_1000x.webp",1000,1000,false],"2048x2048":["https:\/\/wavexia.com\/wp-content\/uploads\/2025\/10\/240530________-1_1000x.webp",1000,1000,false],"woocommerce_archive_thumbnail":["https:\/\/wavexia.com\/wp-content\/uploads\/2025\/10\/240530________-1_1000x-300x300.webp",300,300,true],"woocommerce_thumbnail":["https:\/\/wavexia.com\/wp-content\/uploads\/2025\/10\/240530________-1_1000x-300x300.webp",300,300,true],"woocommerce_single":["https:\/\/wavexia.com\/wp-content\/uploads\/2025\/10\/240530________-1_1000x-600x600.webp",600,600,true],"woocommerce_gallery_thumbnail":["https:\/\/wavexia.com\/wp-content\/uploads\/2025\/10\/240530________-1_1000x-100x100.webp",100,100,true]},"uagb_author_info":{"display_name":"zineddine.ayoub98@gmail.com","author_link":"https:\/\/wavexia.com\/?author=0"},"uagb_comment_info":0,"uagb_excerpt":"Description Dr. Althea 0,1 % s\u00e9rum doux au r\u00e9tinol avec le pouvoir du r\u00e9tinol et du bakuchiol pour cibler les pores dilat\u00e9s et restaurer l\u2019\u00e9lasticit\u00e9 de la peau et uniformiser la texture de la peau sans aggraver la peau. Le r\u00e9tinol et le bakuchiol am\u00e9liorent le taux de renouvellement cellulaire de la peau et stimulent&hellip;","brands":[],"_links":{"self":[{"href":"https:\/\/wavexia.com\/index.php?rest_route=\/wp\/v2\/product\/4177","targetHints":{"allow":["GET"]}}],"collection":[{"href":"https:\/\/wavexia.com\/index.php?rest_route=\/wp\/v2\/product"}],"about":[{"href":"https:\/\/wavexia.com\/index.php?rest_route=\/wp\/v2\/types\/product"}],"replies":[{"embeddable":true,"href":"https:\/\/wavexia.com\/index.php?rest_route=%2Fwp%2Fv2%2Fcomments&post=4177"}],"wp:featuredmedia":[{"embeddable":true,"href":"https:\/\/wavexia.com\/index.php?rest_route=\/wp\/v2\/media\/4176"}],"wp:attachment":[{"href":"https:\/\/wavexia.com\/index.php?rest_route=%2Fwp%2Fv2%2Fmedia&parent=4177"}],"wp:term":[{"taxonomy":"pwb-brand","embeddable":true,"href":"https:\/\/wavexia.com\/index.php?rest_route=%2Fwp%2Fv2%2Fpwb-brand&post=4177"},{"taxonomy":"product_brand","embeddable":true,"href":"https:\/\/wavexia.com\/index.php?rest_route=%2Fwp%2Fv2%2Fproduct_brand&post=4177"},{"taxonomy":"product_cat","embeddable":true,"href":"https:\/\/wavexia.com\/index.php?rest_route=%2Fwp%2Fv2%2Fproduct_cat&post=4177"},{"taxonomy":"product_tag","embeddable":true,"href":"https:\/\/wavexia.com\/index.php?rest_route=%2Fwp%2Fv2%2Fproduct_tag&post=4177"}],"curies":[{"name":"wp","href":"https:\/\/api.w.org\/{rel}","templated":true}]}}