{"id":4158,"date":"2025-10-19T09:02:32","date_gmt":"2025-10-19T09:02:32","guid":{"rendered":"https:\/\/wavexia.com\/product\/medicube-collagen-night-wrapping-mask-75ml\/"},"modified":"2026-03-10T07:31:00","modified_gmt":"2026-03-10T07:31:00","slug":"medicube-collagen-night-wrapping-mask-75ml","status":"publish","type":"product","link":"https:\/\/wavexia.com\/?product=medicube-collagen-night-wrapping-mask-75ml","title":{"rendered":"MEDICUBE \u2013 Collagen Night Wrapping Mask \u2013 75ml"},"content":{"rendered":"<h2>Description<\/h2>\n<p>Laissez votre peau briller pendant la nuit avec le masque enveloppant de nuit au collag\u00e8ne Medicube ! Ce masque peel-off innovant est votre arme secr\u00e8te pour une peau \u00e9clatante pendant que vous vous reposez. Con\u00e7u pour am\u00e9liorer et prot\u00e9ger l\u2019\u00e9lasticit\u00e9 de votre peau, il agit intens\u00e9ment pendant la nuit pour raffermir et hydrater votre peau en profondeur. Offrez-vous des soins luxueux pour un teint \u00e9clatant au r\u00e9veil !<\/p>\n<p>Avec son film de collag\u00e8ne, ce masque assure un soin complet jusqu\u2019\u00e0 8 heures. Il aide \u00e0 garder votre peau \u00e9lastique, bien hydrat\u00e9e et \u00e0 conserver son \u00e9clat naturel. Il s\u2019enl\u00e8ve facilement en une seule pi\u00e8ce, vous donnant un look frais et \u00e9clatant instantan\u00e9 !<\/p>\n<p>Gr\u00e2ce \u00e0 un puissant m\u00e9lange d\u2019ingr\u00e9dients essentiels et de technologies de soins avanc\u00e9es, ce joyau de soin promet une peau visiblement plus ferme, plus lisse et plus \u00e9clatante dont vous r\u00eavez depuis des ann\u00e9es \ud83d\ude09<\/p>\n<p><strong>Ce masque :<\/strong><\/p>\n<ul>\n<li>am\u00e9liore et prot\u00e8ge l\u2019\u00e9lasticit\u00e9 de la peau<\/li>\n<li>hydratation intensive et renforcement<\/li>\n<li>film d\u2019emballage de collag\u00e8ne pendant 8 heures<\/li>\n<li>conserve son \u00e9lasticit\u00e9 et son \u00e9clat naturel<\/li>\n<li>S\u2019enl\u00e8ve sans effort en une seule pi\u00e8ce<\/li>\n<li>m\u00e9lange puissant d\u2019ingr\u00e9dients essentiels<\/li>\n<li>pour une peau plus ferme et plus lisse<\/li>\n<li>masque facile \u00e0 appliquer<\/li>\n<li>parfumeur<\/li>\n<li>sans cruaut\u00e9<\/li>\n<\/ul>\n<p><strong>Mode d\u2019emploi :<\/strong><\/p>\n<ul>\n<li>Appliquez une couche uniforme du masque enveloppant sur votre visage.<\/li>\n<li>Laissez s\u00e9cher environ 15 minutes et allez dormir<\/li>\n<li>Retirez le lendemain matin en pelant sur les bords ou rincez abondamment \u00e0 l\u2019eau ti\u00e8de pour r\u00e9v\u00e9ler une peau rafra\u00eechie.<\/li>\n<\/ul>\n<p><strong>Ingr\u00e9dients :<\/strong><br \/>Eau Alcool polyvinylique Glyc\u00e9rine Extrait de tige d\u2019Agave Americana Hyaluronate de sodium 1,2-Hexanediol Caprylyl Glycol Polyglyceryl-10 Laurate Extrait de Chlorella Vulgaris Glucose Butyl\u00e8ne Glycol \u00c9thylhexylglyc\u00e9rine Fructooligosaccharides Fructose Gomme xanthane Extrait de Cynanchum Atratum Triglyc\u00e9ride caprylique\/caprique L\u00e9cithine hydrog\u00e9n\u00e9e Extrait de fleur d\u2019Althaea Rosea C\u00e9ramide NP Tocoph\u00e9rol Extrait de Pancratium Maritimum Extrait de collag\u00e8ne St\u00e9aroyl Glutamate de sodium<\/p>\n","protected":false},"excerpt":{"rendered":"<p>Description Laissez votre peau briller pendant la nuit avec le masque enveloppant de nuit au collag\u00e8ne Medicube ! Ce masque peel-off innovant est votre arme secr\u00e8te pour une peau \u00e9clatante pendant que vous vous reposez. Con\u00e7u pour am\u00e9liorer et prot\u00e9ger l\u2019\u00e9lasticit\u00e9 de votre peau, il agit intens\u00e9ment pendant la nuit pour raffermir et hydrater votre [&hellip;]<\/p>\n","protected":false},"featured_media":4157,"comment_status":"open","ping_status":"closed","template":"","meta":{"content-type":"","_uag_custom_page_level_css":""},"pwb-brand":[],"product_brand":[],"product_cat":[327,343,349,339,334],"product_tag":[],"class_list":{"0":"post-4158","1":"product","2":"type-product","3":"status-publish","4":"has-post-thumbnail","6":"product_cat-hmizat","7":"product_cat-masque","8":"product_cat-medicube","9":"product_cat-meilleures-ventes","10":"product_cat-produits-coreens","12":"first","13":"instock","14":"sale","15":"shipping-taxable","16":"purchasable","17":"product-type-simple"},"aioseo_notices":[],"uagb_featured_image_src":{"full":["https:\/\/wavexia.com\/wp-content\/uploads\/2025\/10\/IMG_3942.png",900,900,false],"thumbnail":["https:\/\/wavexia.com\/wp-content\/uploads\/2025\/10\/IMG_3942-150x150.png",150,150,true],"medium":["https:\/\/wavexia.com\/wp-content\/uploads\/2025\/10\/IMG_3942-300x300.png",300,300,true],"medium_large":["https:\/\/wavexia.com\/wp-content\/uploads\/2025\/10\/IMG_3942-768x768.png",768,768,true],"large":["https:\/\/wavexia.com\/wp-content\/uploads\/2025\/10\/IMG_3942.png",900,900,false],"1536x1536":["https:\/\/wavexia.com\/wp-content\/uploads\/2025\/10\/IMG_3942.png",900,900,false],"2048x2048":["https:\/\/wavexia.com\/wp-content\/uploads\/2025\/10\/IMG_3942.png",900,900,false],"woocommerce_archive_thumbnail":["https:\/\/wavexia.com\/wp-content\/uploads\/2025\/10\/IMG_3942-300x300.png",300,300,true],"woocommerce_thumbnail":["https:\/\/wavexia.com\/wp-content\/uploads\/2025\/10\/IMG_3942-300x300.png",300,300,true],"woocommerce_single":["https:\/\/wavexia.com\/wp-content\/uploads\/2025\/10\/IMG_3942-600x600.png",600,600,true],"woocommerce_gallery_thumbnail":["https:\/\/wavexia.com\/wp-content\/uploads\/2025\/10\/IMG_3942-100x100.png",100,100,true]},"uagb_author_info":{"display_name":"zineddine.ayoub98@gmail.com","author_link":"https:\/\/wavexia.com\/?author=0"},"uagb_comment_info":0,"uagb_excerpt":"Description Laissez votre peau briller pendant la nuit avec le masque enveloppant de nuit au collag\u00e8ne Medicube ! Ce masque peel-off innovant est votre arme secr\u00e8te pour une peau \u00e9clatante pendant que vous vous reposez. Con\u00e7u pour am\u00e9liorer et prot\u00e9ger l\u2019\u00e9lasticit\u00e9 de votre peau, il agit intens\u00e9ment pendant la nuit pour raffermir et hydrater votre&hellip;","brands":[],"_links":{"self":[{"href":"https:\/\/wavexia.com\/index.php?rest_route=\/wp\/v2\/product\/4158","targetHints":{"allow":["GET"]}}],"collection":[{"href":"https:\/\/wavexia.com\/index.php?rest_route=\/wp\/v2\/product"}],"about":[{"href":"https:\/\/wavexia.com\/index.php?rest_route=\/wp\/v2\/types\/product"}],"replies":[{"embeddable":true,"href":"https:\/\/wavexia.com\/index.php?rest_route=%2Fwp%2Fv2%2Fcomments&post=4158"}],"wp:featuredmedia":[{"embeddable":true,"href":"https:\/\/wavexia.com\/index.php?rest_route=\/wp\/v2\/media\/4157"}],"wp:attachment":[{"href":"https:\/\/wavexia.com\/index.php?rest_route=%2Fwp%2Fv2%2Fmedia&parent=4158"}],"wp:term":[{"taxonomy":"pwb-brand","embeddable":true,"href":"https:\/\/wavexia.com\/index.php?rest_route=%2Fwp%2Fv2%2Fpwb-brand&post=4158"},{"taxonomy":"product_brand","embeddable":true,"href":"https:\/\/wavexia.com\/index.php?rest_route=%2Fwp%2Fv2%2Fproduct_brand&post=4158"},{"taxonomy":"product_cat","embeddable":true,"href":"https:\/\/wavexia.com\/index.php?rest_route=%2Fwp%2Fv2%2Fproduct_cat&post=4158"},{"taxonomy":"product_tag","embeddable":true,"href":"https:\/\/wavexia.com\/index.php?rest_route=%2Fwp%2Fv2%2Fproduct_tag&post=4158"}],"curies":[{"name":"wp","href":"https:\/\/api.w.org\/{rel}","templated":true}]}}