{"id":4122,"date":"2025-10-19T09:01:59","date_gmt":"2025-10-19T09:01:59","guid":{"rendered":"https:\/\/wavexia.com\/product\/the-ordinary-multi-peptide-lash-and-brow-serum\/"},"modified":"2026-03-10T07:31:00","modified_gmt":"2026-03-10T07:31:00","slug":"the-ordinary-multi-peptide-lash-and-brow-serum","status":"publish","type":"product","link":"https:\/\/wavexia.com\/?product=the-ordinary-multi-peptide-lash-and-brow-serum","title":{"rendered":"The Ordinary Multi-Peptide Lash and Brow Serum"},"content":{"rendered":"<h2>Description<\/h2>\n<p>Un s\u00e9rum volumateur deux fois par jour pour aider \u00e0 nourrir et \u00e0 prot\u00e9ger vos cils et vos sourcils tout en am\u00e9liorant l\u2019apparence de la densit\u00e9 et de l\u2019apparence g\u00e9n\u00e9rale en aussi peu que quatre semaines.<\/p>\n<p><strong>Formulation:<\/strong>&nbsp;S\u00e9rum l\u00e9ger<\/p>\n<p><strong>Ingr\u00e9dients vedettes :<\/strong><\/p>\n<p>\u2013 Ac\u00e9tyl t\u00e9trapeptide-3 en combinaison avec l\u2019extrait de fleur de Trifolium Pratense : Soutient la densit\u00e9 et l\u2019\u00e9paisseur des cheveux.<\/p>\n<p>\u2013 Biotinoyl Tripeptide-1 et panth\u00e9nol : Soutient la densit\u00e9 et l\u2019\u00e9paisseur des cheveux.<\/p>\n<p>\u2013 Combinaison d\u2019extrait de feuille de Camellia Sinensis, d\u2019extrait de bois de Larix Europaea et de chlorure de zinc : Soutient la densit\u00e9 et l\u2019\u00e9paisseur des cheveux.<\/p>\n<p><strong>Informations ingr\u00e9dients :<\/strong>&nbsp;Sans parab\u00e8nes, formald\u00e9hydes, agents lib\u00e9rant des formald\u00e9hydes, phtalates, huile min\u00e9rale, palmitate de r\u00e9tinyle, oxybenzone, goudron de houille, hydroquinone, sulfates SLS et SLES, triclocarban, triclosan et contient moins d\u2019un pour cent de parfum synth\u00e9tique. Ces produits sont \u00e9galement v\u00e9g\u00e9taliens, sans gluten, sans cruaut\u00e9 et sont livr\u00e9s dans des emballages recyclables.<\/p>\n<p><strong>Ce que vous devez aussi savoir :<\/strong>&nbsp;Ce traitement deux fois par jour contient 11 ingr\u00e9dients actifs cl\u00e9s qui agissent en ciblant plusieurs voies pour favoriser l\u2019augmentation de la densit\u00e9 et de l\u2019\u00e9paisseur des cheveux tout en nourrissant et en prot\u00e9geant.<\/p>\n<p>&nbsp;<\/p>\n<p><strong>R\u00e9sultats cliniques :<\/strong>&nbsp;Des cils et des sourcils visiblement plus fournis en 4 semaines*<\/p>\n","protected":false},"excerpt":{"rendered":"<p>Description Un s\u00e9rum volumateur deux fois par jour pour aider \u00e0 nourrir et \u00e0 prot\u00e9ger vos cils et vos sourcils tout en am\u00e9liorant l\u2019apparence de la densit\u00e9 et de l\u2019apparence g\u00e9n\u00e9rale en aussi peu que quatre semaines. Formulation:&nbsp;S\u00e9rum l\u00e9ger Ingr\u00e9dients vedettes : \u2013 Ac\u00e9tyl t\u00e9trapeptide-3 en combinaison avec l\u2019extrait de fleur de Trifolium Pratense : [&hellip;]<\/p>\n","protected":false},"featured_media":4121,"comment_status":"open","ping_status":"closed","template":"","meta":{"content-type":"","_uag_custom_page_level_css":""},"pwb-brand":[],"product_brand":[],"product_cat":[329,338,356],"product_tag":[],"class_list":{"0":"post-4122","1":"product","2":"type-product","3":"status-publish","4":"has-post-thumbnail","6":"product_cat-produits-americains","7":"product_cat-serum-ampoule","8":"product_cat-the-ordinary","10":"first","11":"instock","12":"sale","13":"shipping-taxable","14":"purchasable","15":"product-type-simple"},"aioseo_notices":[],"uagb_featured_image_src":{"full":["https:\/\/wavexia.com\/wp-content\/uploads\/2025\/10\/the_ordinary_multi_peptide_lash_and_brow_serum_5g_1649849773.jpg",800,800,false],"thumbnail":["https:\/\/wavexia.com\/wp-content\/uploads\/2025\/10\/the_ordinary_multi_peptide_lash_and_brow_serum_5g_1649849773-150x150.jpg",150,150,true],"medium":["https:\/\/wavexia.com\/wp-content\/uploads\/2025\/10\/the_ordinary_multi_peptide_lash_and_brow_serum_5g_1649849773-300x300.jpg",300,300,true],"medium_large":["https:\/\/wavexia.com\/wp-content\/uploads\/2025\/10\/the_ordinary_multi_peptide_lash_and_brow_serum_5g_1649849773-768x768.jpg",768,768,true],"large":["https:\/\/wavexia.com\/wp-content\/uploads\/2025\/10\/the_ordinary_multi_peptide_lash_and_brow_serum_5g_1649849773.jpg",800,800,false],"1536x1536":["https:\/\/wavexia.com\/wp-content\/uploads\/2025\/10\/the_ordinary_multi_peptide_lash_and_brow_serum_5g_1649849773.jpg",800,800,false],"2048x2048":["https:\/\/wavexia.com\/wp-content\/uploads\/2025\/10\/the_ordinary_multi_peptide_lash_and_brow_serum_5g_1649849773.jpg",800,800,false],"woocommerce_archive_thumbnail":["https:\/\/wavexia.com\/wp-content\/uploads\/2025\/10\/the_ordinary_multi_peptide_lash_and_brow_serum_5g_1649849773-300x300.jpg",300,300,true],"woocommerce_thumbnail":["https:\/\/wavexia.com\/wp-content\/uploads\/2025\/10\/the_ordinary_multi_peptide_lash_and_brow_serum_5g_1649849773-300x300.jpg",300,300,true],"woocommerce_single":["https:\/\/wavexia.com\/wp-content\/uploads\/2025\/10\/the_ordinary_multi_peptide_lash_and_brow_serum_5g_1649849773-600x600.jpg",600,600,true],"woocommerce_gallery_thumbnail":["https:\/\/wavexia.com\/wp-content\/uploads\/2025\/10\/the_ordinary_multi_peptide_lash_and_brow_serum_5g_1649849773-100x100.jpg",100,100,true]},"uagb_author_info":{"display_name":"zineddine.ayoub98@gmail.com","author_link":"https:\/\/wavexia.com\/?author=0"},"uagb_comment_info":0,"uagb_excerpt":"Description Un s\u00e9rum volumateur deux fois par jour pour aider \u00e0 nourrir et \u00e0 prot\u00e9ger vos cils et vos sourcils tout en am\u00e9liorant l\u2019apparence de la densit\u00e9 et de l\u2019apparence g\u00e9n\u00e9rale en aussi peu que quatre semaines. Formulation:&nbsp;S\u00e9rum l\u00e9ger Ingr\u00e9dients vedettes : \u2013 Ac\u00e9tyl t\u00e9trapeptide-3 en combinaison avec l\u2019extrait de fleur de Trifolium Pratense :&hellip;","brands":[],"_links":{"self":[{"href":"https:\/\/wavexia.com\/index.php?rest_route=\/wp\/v2\/product\/4122","targetHints":{"allow":["GET"]}}],"collection":[{"href":"https:\/\/wavexia.com\/index.php?rest_route=\/wp\/v2\/product"}],"about":[{"href":"https:\/\/wavexia.com\/index.php?rest_route=\/wp\/v2\/types\/product"}],"replies":[{"embeddable":true,"href":"https:\/\/wavexia.com\/index.php?rest_route=%2Fwp%2Fv2%2Fcomments&post=4122"}],"wp:featuredmedia":[{"embeddable":true,"href":"https:\/\/wavexia.com\/index.php?rest_route=\/wp\/v2\/media\/4121"}],"wp:attachment":[{"href":"https:\/\/wavexia.com\/index.php?rest_route=%2Fwp%2Fv2%2Fmedia&parent=4122"}],"wp:term":[{"taxonomy":"pwb-brand","embeddable":true,"href":"https:\/\/wavexia.com\/index.php?rest_route=%2Fwp%2Fv2%2Fpwb-brand&post=4122"},{"taxonomy":"product_brand","embeddable":true,"href":"https:\/\/wavexia.com\/index.php?rest_route=%2Fwp%2Fv2%2Fproduct_brand&post=4122"},{"taxonomy":"product_cat","embeddable":true,"href":"https:\/\/wavexia.com\/index.php?rest_route=%2Fwp%2Fv2%2Fproduct_cat&post=4122"},{"taxonomy":"product_tag","embeddable":true,"href":"https:\/\/wavexia.com\/index.php?rest_route=%2Fwp%2Fv2%2Fproduct_tag&post=4122"}],"curies":[{"name":"wp","href":"https:\/\/api.w.org\/{rel}","templated":true}]}}