{"id":4091,"date":"2025-10-19T09:01:37","date_gmt":"2025-10-19T09:01:37","guid":{"rendered":"https:\/\/wavexia.com\/product\/now-foods-bamboo-silica-beauty-90-veg-capsules\/"},"modified":"2026-03-10T07:30:59","modified_gmt":"2026-03-10T07:30:59","slug":"now-foods-bamboo-silica-beauty-90-veg-capsules","status":"publish","type":"product","link":"https:\/\/wavexia.com\/?product=now-foods-bamboo-silica-beauty-90-veg-capsules","title":{"rendered":"NOW Foods Bamboo Silica Beauty \u2013 90 Veg Capsules"},"content":{"rendered":"<h2>Description<\/h2>\n<p>Le silicium est le troisi\u00e8me oligo-\u00e9l\u00e9ment le plus abondant dans le corps. Le silicium est pr\u00e9sent dans tous les tissus du corps sous forme de silice (dioxyde de silicium), et les tissus avec les plus fortes concentrations de silice sont les os et d\u2019autres tissus conjonctifs, y compris la peau, les cheveux, les art\u00e8res et les ongles.* Le bambou est l\u2019une des sources naturelles de silice les plus abondantes.<\/p>\n<p>Des variations de couleur naturelles peuvent se produire dans ce produit.<\/p>\n<p>Prendre 2 g\u00e9lules par jour.<\/p>\n","protected":false},"excerpt":{"rendered":"<p>Description Le silicium est le troisi\u00e8me oligo-\u00e9l\u00e9ment le plus abondant dans le corps. Le silicium est pr\u00e9sent dans tous les tissus du corps sous forme de silice (dioxyde de silicium), et les tissus avec les plus fortes concentrations de silice sont les os et d\u2019autres tissus conjonctifs, y compris la peau, les cheveux, les art\u00e8res [&hellip;]<\/p>\n","protected":false},"featured_media":4090,"comment_status":"open","ping_status":"closed","template":"","meta":{"content-type":"","_uag_custom_page_level_css":""},"pwb-brand":[],"product_brand":[],"product_cat":[330,329],"product_tag":[],"class_list":{"0":"post-4091","1":"product","2":"type-product","3":"status-publish","4":"has-post-thumbnail","6":"product_cat-complements-alimentaires","7":"product_cat-produits-americains","9":"first","10":"instock","11":"sale","12":"shipping-taxable","13":"purchasable","14":"product-type-simple"},"aioseo_notices":[],"uagb_featured_image_src":{"full":["https:\/\/wavexia.com\/wp-content\/uploads\/2025\/10\/41pXmYDQTXL.jpg_BO30255255255_UF900850_SR191010000C_QL100_.jpg",1600,838,false],"thumbnail":["https:\/\/wavexia.com\/wp-content\/uploads\/2025\/10\/41pXmYDQTXL.jpg_BO30255255255_UF900850_SR191010000C_QL100_-150x150.jpg",150,150,true],"medium":["https:\/\/wavexia.com\/wp-content\/uploads\/2025\/10\/41pXmYDQTXL.jpg_BO30255255255_UF900850_SR191010000C_QL100_-300x157.jpg",300,157,true],"medium_large":["https:\/\/wavexia.com\/wp-content\/uploads\/2025\/10\/41pXmYDQTXL.jpg_BO30255255255_UF900850_SR191010000C_QL100_-768x402.jpg",768,402,true],"large":["https:\/\/wavexia.com\/wp-content\/uploads\/2025\/10\/41pXmYDQTXL.jpg_BO30255255255_UF900850_SR191010000C_QL100_-1024x536.jpg",1024,536,true],"1536x1536":["https:\/\/wavexia.com\/wp-content\/uploads\/2025\/10\/41pXmYDQTXL.jpg_BO30255255255_UF900850_SR191010000C_QL100_-1536x804.jpg",1536,804,true],"2048x2048":["https:\/\/wavexia.com\/wp-content\/uploads\/2025\/10\/41pXmYDQTXL.jpg_BO30255255255_UF900850_SR191010000C_QL100_.jpg",1600,838,false],"woocommerce_archive_thumbnail":["https:\/\/wavexia.com\/wp-content\/uploads\/2025\/10\/41pXmYDQTXL.jpg_BO30255255255_UF900850_SR191010000C_QL100_-300x157.jpg",300,157,true],"woocommerce_thumbnail":["https:\/\/wavexia.com\/wp-content\/uploads\/2025\/10\/41pXmYDQTXL.jpg_BO30255255255_UF900850_SR191010000C_QL100_-300x300.jpg",300,300,true],"woocommerce_single":["https:\/\/wavexia.com\/wp-content\/uploads\/2025\/10\/41pXmYDQTXL.jpg_BO30255255255_UF900850_SR191010000C_QL100_-600x314.jpg",600,314,true],"woocommerce_gallery_thumbnail":["https:\/\/wavexia.com\/wp-content\/uploads\/2025\/10\/41pXmYDQTXL.jpg_BO30255255255_UF900850_SR191010000C_QL100_-100x100.jpg",100,100,true]},"uagb_author_info":{"display_name":"zineddine.ayoub98@gmail.com","author_link":"https:\/\/wavexia.com\/?author=0"},"uagb_comment_info":0,"uagb_excerpt":"Description Le silicium est le troisi\u00e8me oligo-\u00e9l\u00e9ment le plus abondant dans le corps. Le silicium est pr\u00e9sent dans tous les tissus du corps sous forme de silice (dioxyde de silicium), et les tissus avec les plus fortes concentrations de silice sont les os et d\u2019autres tissus conjonctifs, y compris la peau, les cheveux, les art\u00e8res&hellip;","brands":[],"_links":{"self":[{"href":"https:\/\/wavexia.com\/index.php?rest_route=\/wp\/v2\/product\/4091","targetHints":{"allow":["GET"]}}],"collection":[{"href":"https:\/\/wavexia.com\/index.php?rest_route=\/wp\/v2\/product"}],"about":[{"href":"https:\/\/wavexia.com\/index.php?rest_route=\/wp\/v2\/types\/product"}],"replies":[{"embeddable":true,"href":"https:\/\/wavexia.com\/index.php?rest_route=%2Fwp%2Fv2%2Fcomments&post=4091"}],"wp:featuredmedia":[{"embeddable":true,"href":"https:\/\/wavexia.com\/index.php?rest_route=\/wp\/v2\/media\/4090"}],"wp:attachment":[{"href":"https:\/\/wavexia.com\/index.php?rest_route=%2Fwp%2Fv2%2Fmedia&parent=4091"}],"wp:term":[{"taxonomy":"pwb-brand","embeddable":true,"href":"https:\/\/wavexia.com\/index.php?rest_route=%2Fwp%2Fv2%2Fpwb-brand&post=4091"},{"taxonomy":"product_brand","embeddable":true,"href":"https:\/\/wavexia.com\/index.php?rest_route=%2Fwp%2Fv2%2Fproduct_brand&post=4091"},{"taxonomy":"product_cat","embeddable":true,"href":"https:\/\/wavexia.com\/index.php?rest_route=%2Fwp%2Fv2%2Fproduct_cat&post=4091"},{"taxonomy":"product_tag","embeddable":true,"href":"https:\/\/wavexia.com\/index.php?rest_route=%2Fwp%2Fv2%2Fproduct_tag&post=4091"}],"curies":[{"name":"wp","href":"https:\/\/api.w.org\/{rel}","templated":true}]}}