{"id":4049,"date":"2025-10-19T09:01:03","date_gmt":"2025-10-19T09:01:03","guid":{"rendered":"https:\/\/wavexia.com\/product\/olaplex-n3-hair-perfector-100ml\/"},"modified":"2026-03-10T07:30:59","modified_gmt":"2026-03-10T07:30:59","slug":"olaplex-n3-hair-perfector-100ml","status":"publish","type":"product","link":"https:\/\/wavexia.com\/?product=olaplex-n3-hair-perfector-100ml","title":{"rendered":"OLAPLEX N\u00b03 Hair Perfector \u2013 100ml"},"content":{"rendered":"<h2>Description<\/h2>\n<div>\n<p>Utilisez-le avant le shampoing !<br \/>Ce n\u2019est pas un soin prot\u00e9in\u00e9 ni un masque hydratant.<br \/>C\u2019est un&nbsp;<strong>traitement de liaison<\/strong>&nbsp;qui<strong>&nbsp;r\u00e9pare, prot\u00e9ge et renforce<\/strong>&nbsp;<strong>tous les types de cheveux.<\/strong><br \/>Olaplex Hair Perfector n.3 est un traitement r\u00e9volutionnaire compatible avec tous les types de cheveux.<br \/>Il vous permet de reconstruire et de prot\u00e9ger les cheveux de l\u2019int\u00e9rieur, en reconnectant les ponts de soufre qui ont \u00e9t\u00e9 bris\u00e9s \u00e0 l\u2019int\u00e9rieur des cheveux en raison d\u2019une exposition continue aux produits chimiques, aux colorants, \u00e0 la chaleur et \u00e0 de nombreuses autres contraintes m\u00e9caniques.<br \/><strong>N\u2019alourdit pas<\/strong>&nbsp;les cheveux.<\/p>\n<div><\/div>\n<div><strong>Mode d\u2019emploi<\/strong><\/div>\n<div>\n<p>Appliquer une quantit\u00e9 g\u00e9n\u00e9reuse de produit, environ 20 ml, sur les cheveux humides, en r\u00e9partissant le produit dans les cheveux \u00e0 l\u2019aide d\u2019un peigne.<br \/>Laisser agir pendant au moins 10 minutes.<br \/>Il faut garder \u00e0 l\u2019esprit que plus le produit est laiss\u00e9 en place, plus il est b\u00e9n\u00e9fique, en particulier pour les cheveux tr\u00e8s sensibilis\u00e9s.<br \/>Rincer le produit et proc\u00e9der au shampooing et \u00e0 l\u2019apr\u00e8s-shampooing comme d\u2019habitude.<br \/>Proc\u00e9der au s\u00e9chage.<\/p>\n<\/div>\n<\/div>\n","protected":false},"excerpt":{"rendered":"<p>Description Utilisez-le avant le shampoing !Ce n\u2019est pas un soin prot\u00e9in\u00e9 ni un masque hydratant.C\u2019est un&nbsp;traitement de liaison&nbsp;qui&nbsp;r\u00e9pare, prot\u00e9ge et renforce&nbsp;tous les types de cheveux.Olaplex Hair Perfector n.3 est un traitement r\u00e9volutionnaire compatible avec tous les types de cheveux.Il vous permet de reconstruire et de prot\u00e9ger les cheveux de l\u2019int\u00e9rieur, en reconnectant les ponts de [&hellip;]<\/p>\n","protected":false},"featured_media":4048,"comment_status":"open","ping_status":"closed","template":"","meta":{"content-type":"","_uag_custom_page_level_css":""},"pwb-brand":[],"product_brand":[],"product_cat":[377,339,427,329],"product_tag":[],"class_list":{"0":"post-4049","1":"product","2":"type-product","3":"status-publish","4":"has-post-thumbnail","6":"product_cat-cheveux","7":"product_cat-meilleures-ventes","8":"product_cat-olaplex","9":"product_cat-produits-americains","11":"first","12":"instock","13":"sale","14":"shipping-taxable","15":"purchasable","16":"product-type-simple"},"aioseo_notices":[],"uagb_featured_image_src":{"full":["https:\/\/wavexia.com\/wp-content\/uploads\/2025\/10\/3434-N3_100ML_Cosmo_NoShadow_1000x_b372d87f-5a6b-4813-8d9f-8a16d66455ff.webp",713,713,false],"thumbnail":["https:\/\/wavexia.com\/wp-content\/uploads\/2025\/10\/3434-N3_100ML_Cosmo_NoShadow_1000x_b372d87f-5a6b-4813-8d9f-8a16d66455ff-150x150.webp",150,150,true],"medium":["https:\/\/wavexia.com\/wp-content\/uploads\/2025\/10\/3434-N3_100ML_Cosmo_NoShadow_1000x_b372d87f-5a6b-4813-8d9f-8a16d66455ff-300x300.webp",300,300,true],"medium_large":["https:\/\/wavexia.com\/wp-content\/uploads\/2025\/10\/3434-N3_100ML_Cosmo_NoShadow_1000x_b372d87f-5a6b-4813-8d9f-8a16d66455ff.webp",713,713,false],"large":["https:\/\/wavexia.com\/wp-content\/uploads\/2025\/10\/3434-N3_100ML_Cosmo_NoShadow_1000x_b372d87f-5a6b-4813-8d9f-8a16d66455ff.webp",713,713,false],"1536x1536":["https:\/\/wavexia.com\/wp-content\/uploads\/2025\/10\/3434-N3_100ML_Cosmo_NoShadow_1000x_b372d87f-5a6b-4813-8d9f-8a16d66455ff.webp",713,713,false],"2048x2048":["https:\/\/wavexia.com\/wp-content\/uploads\/2025\/10\/3434-N3_100ML_Cosmo_NoShadow_1000x_b372d87f-5a6b-4813-8d9f-8a16d66455ff.webp",713,713,false],"woocommerce_archive_thumbnail":["https:\/\/wavexia.com\/wp-content\/uploads\/2025\/10\/3434-N3_100ML_Cosmo_NoShadow_1000x_b372d87f-5a6b-4813-8d9f-8a16d66455ff-300x300.webp",300,300,true],"woocommerce_thumbnail":["https:\/\/wavexia.com\/wp-content\/uploads\/2025\/10\/3434-N3_100ML_Cosmo_NoShadow_1000x_b372d87f-5a6b-4813-8d9f-8a16d66455ff-300x300.webp",300,300,true],"woocommerce_single":["https:\/\/wavexia.com\/wp-content\/uploads\/2025\/10\/3434-N3_100ML_Cosmo_NoShadow_1000x_b372d87f-5a6b-4813-8d9f-8a16d66455ff-600x600.webp",600,600,true],"woocommerce_gallery_thumbnail":["https:\/\/wavexia.com\/wp-content\/uploads\/2025\/10\/3434-N3_100ML_Cosmo_NoShadow_1000x_b372d87f-5a6b-4813-8d9f-8a16d66455ff-100x100.webp",100,100,true]},"uagb_author_info":{"display_name":"zineddine.ayoub98@gmail.com","author_link":"https:\/\/wavexia.com\/?author=0"},"uagb_comment_info":0,"uagb_excerpt":"Description Utilisez-le avant le shampoing !Ce n\u2019est pas un soin prot\u00e9in\u00e9 ni un masque hydratant.C\u2019est un&nbsp;traitement de liaison&nbsp;qui&nbsp;r\u00e9pare, prot\u00e9ge et renforce&nbsp;tous les types de cheveux.Olaplex Hair Perfector n.3 est un traitement r\u00e9volutionnaire compatible avec tous les types de cheveux.Il vous permet de reconstruire et de prot\u00e9ger les cheveux de l\u2019int\u00e9rieur, en reconnectant les ponts de&hellip;","brands":[],"_links":{"self":[{"href":"https:\/\/wavexia.com\/index.php?rest_route=\/wp\/v2\/product\/4049","targetHints":{"allow":["GET"]}}],"collection":[{"href":"https:\/\/wavexia.com\/index.php?rest_route=\/wp\/v2\/product"}],"about":[{"href":"https:\/\/wavexia.com\/index.php?rest_route=\/wp\/v2\/types\/product"}],"replies":[{"embeddable":true,"href":"https:\/\/wavexia.com\/index.php?rest_route=%2Fwp%2Fv2%2Fcomments&post=4049"}],"wp:featuredmedia":[{"embeddable":true,"href":"https:\/\/wavexia.com\/index.php?rest_route=\/wp\/v2\/media\/4048"}],"wp:attachment":[{"href":"https:\/\/wavexia.com\/index.php?rest_route=%2Fwp%2Fv2%2Fmedia&parent=4049"}],"wp:term":[{"taxonomy":"pwb-brand","embeddable":true,"href":"https:\/\/wavexia.com\/index.php?rest_route=%2Fwp%2Fv2%2Fpwb-brand&post=4049"},{"taxonomy":"product_brand","embeddable":true,"href":"https:\/\/wavexia.com\/index.php?rest_route=%2Fwp%2Fv2%2Fproduct_brand&post=4049"},{"taxonomy":"product_cat","embeddable":true,"href":"https:\/\/wavexia.com\/index.php?rest_route=%2Fwp%2Fv2%2Fproduct_cat&post=4049"},{"taxonomy":"product_tag","embeddable":true,"href":"https:\/\/wavexia.com\/index.php?rest_route=%2Fwp%2Fv2%2Fproduct_tag&post=4049"}],"curies":[{"name":"wp","href":"https:\/\/api.w.org\/{rel}","templated":true}]}}