{"id":4014,"date":"2025-10-19T09:00:36","date_gmt":"2025-10-19T09:00:36","guid":{"rendered":"https:\/\/wavexia.com\/product\/huda-beauty-faux-filler-extra-shine-lip-gloss\/"},"modified":"2026-03-10T07:30:59","modified_gmt":"2026-03-10T07:30:59","slug":"huda-beauty-faux-filler-extra-shine-lip-gloss","status":"publish","type":"product","link":"https:\/\/wavexia.com\/?product=huda-beauty-faux-filler-extra-shine-lip-gloss","title":{"rendered":"Huda beauty Faux filler extra shine lip gloss"},"content":{"rendered":"<h2>Description<\/h2>\n<p>Un gloss si brillant qu\u2019il en devient distrayant : toute l\u2019attention est sur vos l\u00e8vres ! Un brillant \u00e0 l\u00e8vres nourrissant pour les l\u00e8vres les plus brillantes et les plus juteuses : il lisse et estompe les ridules, donnant un effet de comblement des l\u00e8vres sans sensation de picotement, juste des l\u00e8vres pleines et tr\u00e8s brillantes. Une formule hydratante pour les l\u00e8vres qui fond sur les l\u00e8vres avec un fini antiadh\u00e9sif et r\u00e9fl\u00e9chissant \u00ab semblable \u00e0 du verre \u00bb.<\/p>\n","protected":false},"excerpt":{"rendered":"<p>Description Un gloss si brillant qu\u2019il en devient distrayant : toute l\u2019attention est sur vos l\u00e8vres ! Un brillant \u00e0 l\u00e8vres nourrissant pour les l\u00e8vres les plus brillantes et les plus juteuses : il lisse et estompe les ridules, donnant un effet de comblement des l\u00e8vres sans sensation de picotement, juste des l\u00e8vres pleines et [&hellip;]<\/p>\n","protected":false},"featured_media":4013,"comment_status":"open","ping_status":"closed","template":"","meta":{"content-type":"","_uag_custom_page_level_css":""},"pwb-brand":[],"product_brand":[],"product_cat":[359,360,328],"product_tag":[],"class_list":{"0":"post-4014","1":"product","2":"type-product","3":"status-publish","4":"has-post-thumbnail","6":"product_cat-huda-beauty","7":"product_cat-maquillage","8":"product_cat-nouveautes","10":"first","11":"instock","12":"sale","13":"shipping-taxable","14":"purchasable","15":"product-type-simple"},"aioseo_notices":[],"uagb_featured_image_src":{"full":["https:\/\/wavexia.com\/wp-content\/uploads\/2025\/10\/jhmbkmj.jpg",960,960,false],"thumbnail":["https:\/\/wavexia.com\/wp-content\/uploads\/2025\/10\/jhmbkmj-150x150.jpg",150,150,true],"medium":["https:\/\/wavexia.com\/wp-content\/uploads\/2025\/10\/jhmbkmj-300x300.jpg",300,300,true],"medium_large":["https:\/\/wavexia.com\/wp-content\/uploads\/2025\/10\/jhmbkmj-768x768.jpg",768,768,true],"large":["https:\/\/wavexia.com\/wp-content\/uploads\/2025\/10\/jhmbkmj.jpg",960,960,false],"1536x1536":["https:\/\/wavexia.com\/wp-content\/uploads\/2025\/10\/jhmbkmj.jpg",960,960,false],"2048x2048":["https:\/\/wavexia.com\/wp-content\/uploads\/2025\/10\/jhmbkmj.jpg",960,960,false],"woocommerce_archive_thumbnail":["https:\/\/wavexia.com\/wp-content\/uploads\/2025\/10\/jhmbkmj-300x300.jpg",300,300,true],"woocommerce_thumbnail":["https:\/\/wavexia.com\/wp-content\/uploads\/2025\/10\/jhmbkmj-300x300.jpg",300,300,true],"woocommerce_single":["https:\/\/wavexia.com\/wp-content\/uploads\/2025\/10\/jhmbkmj-600x600.jpg",600,600,true],"woocommerce_gallery_thumbnail":["https:\/\/wavexia.com\/wp-content\/uploads\/2025\/10\/jhmbkmj-100x100.jpg",100,100,true]},"uagb_author_info":{"display_name":"zineddine.ayoub98@gmail.com","author_link":"https:\/\/wavexia.com\/?author=0"},"uagb_comment_info":0,"uagb_excerpt":"Description Un gloss si brillant qu\u2019il en devient distrayant : toute l\u2019attention est sur vos l\u00e8vres ! Un brillant \u00e0 l\u00e8vres nourrissant pour les l\u00e8vres les plus brillantes et les plus juteuses : il lisse et estompe les ridules, donnant un effet de comblement des l\u00e8vres sans sensation de picotement, juste des l\u00e8vres pleines et&hellip;","brands":[],"_links":{"self":[{"href":"https:\/\/wavexia.com\/index.php?rest_route=\/wp\/v2\/product\/4014","targetHints":{"allow":["GET"]}}],"collection":[{"href":"https:\/\/wavexia.com\/index.php?rest_route=\/wp\/v2\/product"}],"about":[{"href":"https:\/\/wavexia.com\/index.php?rest_route=\/wp\/v2\/types\/product"}],"replies":[{"embeddable":true,"href":"https:\/\/wavexia.com\/index.php?rest_route=%2Fwp%2Fv2%2Fcomments&post=4014"}],"wp:featuredmedia":[{"embeddable":true,"href":"https:\/\/wavexia.com\/index.php?rest_route=\/wp\/v2\/media\/4013"}],"wp:attachment":[{"href":"https:\/\/wavexia.com\/index.php?rest_route=%2Fwp%2Fv2%2Fmedia&parent=4014"}],"wp:term":[{"taxonomy":"pwb-brand","embeddable":true,"href":"https:\/\/wavexia.com\/index.php?rest_route=%2Fwp%2Fv2%2Fpwb-brand&post=4014"},{"taxonomy":"product_brand","embeddable":true,"href":"https:\/\/wavexia.com\/index.php?rest_route=%2Fwp%2Fv2%2Fproduct_brand&post=4014"},{"taxonomy":"product_cat","embeddable":true,"href":"https:\/\/wavexia.com\/index.php?rest_route=%2Fwp%2Fv2%2Fproduct_cat&post=4014"},{"taxonomy":"product_tag","embeddable":true,"href":"https:\/\/wavexia.com\/index.php?rest_route=%2Fwp%2Fv2%2Fproduct_tag&post=4014"}],"curies":[{"name":"wp","href":"https:\/\/api.w.org\/{rel}","templated":true}]}}