{"id":4012,"date":"2025-10-19T09:00:35","date_gmt":"2025-10-19T09:00:35","guid":{"rendered":"https:\/\/wavexia.com\/product\/doctors-best-high-absorption-magnesium-lysinate-glycinate-120-veggie-caps\/"},"modified":"2026-03-10T07:30:59","modified_gmt":"2026-03-10T07:30:59","slug":"doctors-best-high-absorption-magnesium-lysinate-glycinate-120-veggie-caps","status":"publish","type":"product","link":"https:\/\/wavexia.com\/?product=doctors-best-high-absorption-magnesium-lysinate-glycinate-120-veggie-caps","title":{"rendered":"Doctor\u2019s Best High Absorption Magnesium, Lysinate Glycinate 120 Veggie Caps"},"content":{"rendered":"<h2>Description<\/h2>\n<p>Nutrition bas\u00e9e sur la science\u2019<br \/>\u2022&nbsp;Relaxation musculaire et soutien du sommeil*<br \/>\u2022&nbsp;Sans OGM \u2022 Sans gluten \u2022 Sans soja \u2022 V\u00e9g\u00e9talien \u2022 100&nbsp;% ch\u00e9lat\u00e9 \u2022 Facile \u00e0 avaler<br \/><strong>\u2022 DRB-00565<\/strong><\/p>\n<p><strong>Chez Doctor\u2019s Best,&nbsp;<\/strong>notre magn\u00e9sium \u00e0 haute absorption est le multit\u00e2che ultime, crucial pour une gamme de fonctions corporelles. Notre formule sp\u00e9cialis\u00e9e \u00e0 base de magn\u00e9sium fournit un soutien essentiel pour les muscles, les nerfs, la qualit\u00e9 du sommeil et le maintien d\u2019une humeur \u00e9quilibr\u00e9e.*<\/p>\n<p>Essentiel dans 600 syst\u00e8mes enzymatiques qui soutiennent les fonctions biochimiques*<\/p>\n<p>Jusqu\u2019\u00e0 6 fois mieux absorb\u00e9 que les autres formes de magn\u00e9sium*<br \/>\u2022&nbsp;Technologie ch\u00e9late TRAACS d\u2019Albion<\/p>\n<p class=\"p1\"><strong>Faits sur les<\/strong><br \/>suppl\u00e9ments Taille de&nbsp;la portion 2 capsules<br \/>v\u00e9g\u00e9tales Portions par contenant 60<\/p>\n<p>&nbsp;<\/p>\n<p>&nbsp;<\/p>\n","protected":false},"excerpt":{"rendered":"<p>Description Nutrition bas\u00e9e sur la science\u2019\u2022&nbsp;Relaxation musculaire et soutien du sommeil*\u2022&nbsp;Sans OGM \u2022 Sans gluten \u2022 Sans soja \u2022 V\u00e9g\u00e9talien \u2022 100&nbsp;% ch\u00e9lat\u00e9 \u2022 Facile \u00e0 avaler\u2022 DRB-00565 Chez Doctor\u2019s Best,&nbsp;notre magn\u00e9sium \u00e0 haute absorption est le multit\u00e2che ultime, crucial pour une gamme de fonctions corporelles. Notre formule sp\u00e9cialis\u00e9e \u00e0 base de magn\u00e9sium fournit un [&hellip;]<\/p>\n","protected":false},"featured_media":4011,"comment_status":"open","ping_status":"closed","template":"","meta":{"content-type":"","_uag_custom_page_level_css":""},"pwb-brand":[],"product_brand":[],"product_cat":[330],"product_tag":[],"class_list":{"0":"post-4012","1":"product","2":"type-product","3":"status-publish","4":"has-post-thumbnail","6":"product_cat-complements-alimentaires","8":"first","9":"instock","10":"sale","11":"shipping-taxable","12":"purchasable","13":"product-type-simple"},"aioseo_notices":[],"uagb_featured_image_src":{"full":["https:\/\/wavexia.com\/wp-content\/uploads\/2025\/10\/753950005655-Trending.webp",600,600,false],"thumbnail":["https:\/\/wavexia.com\/wp-content\/uploads\/2025\/10\/753950005655-Trending-150x150.webp",150,150,true],"medium":["https:\/\/wavexia.com\/wp-content\/uploads\/2025\/10\/753950005655-Trending-300x300.webp",300,300,true],"medium_large":["https:\/\/wavexia.com\/wp-content\/uploads\/2025\/10\/753950005655-Trending.webp",600,600,false],"large":["https:\/\/wavexia.com\/wp-content\/uploads\/2025\/10\/753950005655-Trending.webp",600,600,false],"1536x1536":["https:\/\/wavexia.com\/wp-content\/uploads\/2025\/10\/753950005655-Trending.webp",600,600,false],"2048x2048":["https:\/\/wavexia.com\/wp-content\/uploads\/2025\/10\/753950005655-Trending.webp",600,600,false],"woocommerce_archive_thumbnail":["https:\/\/wavexia.com\/wp-content\/uploads\/2025\/10\/753950005655-Trending-300x300.webp",300,300,true],"woocommerce_thumbnail":["https:\/\/wavexia.com\/wp-content\/uploads\/2025\/10\/753950005655-Trending-300x300.webp",300,300,true],"woocommerce_single":["https:\/\/wavexia.com\/wp-content\/uploads\/2025\/10\/753950005655-Trending.webp",600,600,false],"woocommerce_gallery_thumbnail":["https:\/\/wavexia.com\/wp-content\/uploads\/2025\/10\/753950005655-Trending-100x100.webp",100,100,true]},"uagb_author_info":{"display_name":"zineddine.ayoub98@gmail.com","author_link":"https:\/\/wavexia.com\/?author=0"},"uagb_comment_info":0,"uagb_excerpt":"Description Nutrition bas\u00e9e sur la science\u2019\u2022&nbsp;Relaxation musculaire et soutien du sommeil*\u2022&nbsp;Sans OGM \u2022 Sans gluten \u2022 Sans soja \u2022 V\u00e9g\u00e9talien \u2022 100&nbsp;% ch\u00e9lat\u00e9 \u2022 Facile \u00e0 avaler\u2022 DRB-00565 Chez Doctor\u2019s Best,&nbsp;notre magn\u00e9sium \u00e0 haute absorption est le multit\u00e2che ultime, crucial pour une gamme de fonctions corporelles. Notre formule sp\u00e9cialis\u00e9e \u00e0 base de magn\u00e9sium fournit un&hellip;","brands":[],"_links":{"self":[{"href":"https:\/\/wavexia.com\/index.php?rest_route=\/wp\/v2\/product\/4012","targetHints":{"allow":["GET"]}}],"collection":[{"href":"https:\/\/wavexia.com\/index.php?rest_route=\/wp\/v2\/product"}],"about":[{"href":"https:\/\/wavexia.com\/index.php?rest_route=\/wp\/v2\/types\/product"}],"replies":[{"embeddable":true,"href":"https:\/\/wavexia.com\/index.php?rest_route=%2Fwp%2Fv2%2Fcomments&post=4012"}],"wp:featuredmedia":[{"embeddable":true,"href":"https:\/\/wavexia.com\/index.php?rest_route=\/wp\/v2\/media\/4011"}],"wp:attachment":[{"href":"https:\/\/wavexia.com\/index.php?rest_route=%2Fwp%2Fv2%2Fmedia&parent=4012"}],"wp:term":[{"taxonomy":"pwb-brand","embeddable":true,"href":"https:\/\/wavexia.com\/index.php?rest_route=%2Fwp%2Fv2%2Fpwb-brand&post=4012"},{"taxonomy":"product_brand","embeddable":true,"href":"https:\/\/wavexia.com\/index.php?rest_route=%2Fwp%2Fv2%2Fproduct_brand&post=4012"},{"taxonomy":"product_cat","embeddable":true,"href":"https:\/\/wavexia.com\/index.php?rest_route=%2Fwp%2Fv2%2Fproduct_cat&post=4012"},{"taxonomy":"product_tag","embeddable":true,"href":"https:\/\/wavexia.com\/index.php?rest_route=%2Fwp%2Fv2%2Fproduct_tag&post=4012"}],"curies":[{"name":"wp","href":"https:\/\/api.w.org\/{rel}","templated":true}]}}