{"id":3948,"date":"2025-10-19T08:59:42","date_gmt":"2025-10-19T08:59:42","guid":{"rendered":"https:\/\/wavexia.com\/product\/cosrx-all-about-snail-kit-4-step\/"},"modified":"2026-03-10T07:30:59","modified_gmt":"2026-03-10T07:30:59","slug":"cosrx-all-about-snail-kit-4-step","status":"publish","type":"product","link":"https:\/\/wavexia.com\/?product=cosrx-all-about-snail-kit-4-step","title":{"rendered":"COSRX ALL ABOUT SNAIL KIT 4-step"},"content":{"rendered":"<h2>Description<\/h2>\n<p>COSRX All about snail kit 4 step for dry skin &amp; dark spot est la solution \u00e0 tous vos probl\u00e8mes de peau dans un seul kit ! Ne jamais avoir l\u2019air fatigu\u00e9 \u00e0 nouveau. Obtenez cette peau rebondie, pleine de nutriments, en 4 \u00e9tapes ! Hyper-concentr\u00e9e, enrichie en mucine d\u2019escargot pour les peaux s\u00e8ches et les taches brunes pour les rendre plus jeunes et \u00e9clatantes.<\/p>\n<p>La gamme de filtrats de s\u00e9cr\u00e9tion d\u2019escargot la plus vendue de COSRX emp\u00eache votre peau de la perte d\u2019humidit\u00e9 tout en am\u00e9liorant l\u2019\u00e9lasticit\u00e9 de votre peau.<\/p>\n<p>L\u2019essence hydratante l\u00e9g\u00e8re mais intense p\u00e9n\u00e8tre tr\u00e8s rapidement dans la peau. Cette essence maximise l\u2019\u00e9lasticit\u00e9 de la peau et laisse la peau pleine d\u2019\u00e9clat. Avec un filtrat de s\u00e9cr\u00e9tion d\u2019escargot de 10 000 ppm, il cr\u00e9e les bulles les plus lisses pour un nettoyage en douceur. Il prot\u00e8ge la barri\u00e8re cutan\u00e9e pendant le nettoyage et ne d\u00e9cape pas la peau. Cette cr\u00e8me pour les yeux \u00e0 double fonction contient 72&nbsp;% de filtrat de s\u00e9cr\u00e9tion d\u2019escargot. Les 5 types de peptides att\u00e9nuent les cernes et pr\u00e9viennent les futurs signes de vieillissement. Avec 92&nbsp;% de filtrat de s\u00e9cr\u00e9tion d\u2019escargot, cet hydratant hydrate la peau en profondeur. Il aide \u00e0 r\u00e9parer et \u00e0 apaiser la peau sensibilis\u00e9e apr\u00e8s les \u00e9ruptions cutan\u00e9es en reconstituant l\u2019hydratation.<\/p>\n<h5>les avantages:<\/h5>\n<p>\u2022 R\u00e9parateur<br \/>\u2022 Apaisant<br \/>\u2022 Hydratant<\/p>\n<h5>mode d\u2019emploi:<\/h5>\n<p><strong>\u00c9TAPE 1. Advanced Snail Mucin Gel Cleanser\/<\/strong><br \/>Massez doucement le nettoyant sur la peau humide. Rincez abondamment \u00e0 l\u2019eau ti\u00e8de.<\/p>\n<p><strong>\u00c9TAPE 2. Advanced Snail 96 Mucin Power Essence\/<\/strong><br \/>Appliquez une quantit\u00e9 appropri\u00e9e uniform\u00e9ment, en \u00e9vitant le contour des yeux.<\/p>\n<p><strong>\u00c9TAPE 3. Cr\u00e8me pour les yeux au peptide d\u2019escargot avanc\u00e9\/<\/strong><br \/>Appliquez une quantit\u00e9 appropri\u00e9e autour du contour des yeux. Tapotez doucement du bout des doigts pour une absorption rapide.<\/p>\n<p><strong>\u00c9TAPE 4. Advanced Snail 92 All In One Cream\/<\/strong><br \/>Appliquez une quantit\u00e9 appropri\u00e9e uniform\u00e9ment, en \u00e9vitant le contour des yeux.<\/p>\n<h5>ingr\u00e9dients:<\/h5>\n<h5>Gel nettoyant :<\/h5>\n<p>Water, Acrylates Copolymer, Butylene Glycol, Glycerin, Disodium Laureth Sulfosuccinate, Sodium Cocoyl Isethionate, 1,2-Hexanediol, Coco-Glucoside, Lauryl Betaine, Snail Secretion Filtrate, Arginine, Tromethamine, Potassium Cocoyl Glycinate, Fragrance, Carbomer, Sodium Chloride, Ethylhexylglycerin, Acrylates\/C10-30 Alkyl Acrylate Crosspolymer, Sodium Polyacrylate, Disodium EDTA<\/p>\n<h5>Essence :<\/h5>\n<p>\u200b\u200bSnail Secretion Filtrate, Betaine, Butylene Glycol, 1,2-Hexanediol, Sodium Polyacrylate, Phenoxyethanol, Sodium Hyaluronate, Allantoin, Ethyl Hexanediol, Carbomer, Panthenol, Arginine<\/p>\n<h5>Contour des yeux :<\/h5>\n<p>Snail Secretion Filtrate, Butylene Glycol, Glycerin, Helianthus Annuus (Sunflower) Seed Oil, 1,2-Hexanediol, Niacinamide, Water, Palmitic Acid, Arginine, Carbomer, Stearic Acid, Betaine, Cetearyl Olivate, Sorbitan Olivate, Sodium Polyacrylate, Allantoin, Tocopheryl Acetate, Panthenol, Hydroxyethyl Acrylate\/Sodium Acryloyldimethyl Taurate Copolymer, Sodium Hyaluronate, Adenosine, Xanthan Gum, Myristic Acid, Copper Tripeptide-1, Acetyl Hexapeptide-8, Palmitoyl Pentapeptide-4, Palmitoyl Tripeptide-1, Palmitoyl Tetrapeptide-7<\/p>\n<h5>Cr\u00e8me :<\/h5>\n<p>Snail Secretion Filtrate, Betaine, Caprylic\/Capric Triglyceride, Butylene Glycol, Cetearyl Olivate, Sorbitan Olivate, Cetearyl Alcohol, Carbomer, Ethyl Hexanediol, Phenoxyethanol, Arginine, Dimethicone, Sodium Polyacrylate, Sodium Hyaluronate, Allantoin, Palmitic Acid, Panthenol, Xanthan Gum, stearic acid, Adenosine, Aqua\/ Water, Myristic Acid.<\/p>\n","protected":false},"excerpt":{"rendered":"<p>Description COSRX All about snail kit 4 step for dry skin &amp; dark spot est la solution \u00e0 tous vos probl\u00e8mes de peau dans un seul kit ! Ne jamais avoir l\u2019air fatigu\u00e9 \u00e0 nouveau. Obtenez cette peau rebondie, pleine de nutriments, en 4 \u00e9tapes ! Hyper-concentr\u00e9e, enrichie en mucine d\u2019escargot pour les peaux s\u00e8ches [&hellip;]<\/p>\n","protected":false},"featured_media":3947,"comment_status":"open","ping_status":"closed","template":"","meta":{"content-type":"","_uag_custom_page_level_css":""},"pwb-brand":[],"product_brand":[],"product_cat":[347,324,371,336,328,334],"product_tag":[],"class_list":{"0":"post-3948","1":"product","2":"type-product","3":"status-publish","4":"has-post-thumbnail","6":"product_cat-cosrx","7":"product_cat-creme","8":"product_cat-essence","9":"product_cat-nettoyant","10":"product_cat-nouveautes","11":"product_cat-produits-coreens","13":"first","14":"instock","15":"sale","16":"shipping-taxable","17":"purchasable","18":"product-type-simple"},"aioseo_notices":[],"uagb_featured_image_src":{"full":["https:\/\/wavexia.com\/wp-content\/uploads\/2025\/10\/XXL_p0134626177.webp",640,640,false],"thumbnail":["https:\/\/wavexia.com\/wp-content\/uploads\/2025\/10\/XXL_p0134626177-150x150.webp",150,150,true],"medium":["https:\/\/wavexia.com\/wp-content\/uploads\/2025\/10\/XXL_p0134626177-300x300.webp",300,300,true],"medium_large":["https:\/\/wavexia.com\/wp-content\/uploads\/2025\/10\/XXL_p0134626177.webp",640,640,false],"large":["https:\/\/wavexia.com\/wp-content\/uploads\/2025\/10\/XXL_p0134626177.webp",640,640,false],"1536x1536":["https:\/\/wavexia.com\/wp-content\/uploads\/2025\/10\/XXL_p0134626177.webp",640,640,false],"2048x2048":["https:\/\/wavexia.com\/wp-content\/uploads\/2025\/10\/XXL_p0134626177.webp",640,640,false],"woocommerce_archive_thumbnail":["https:\/\/wavexia.com\/wp-content\/uploads\/2025\/10\/XXL_p0134626177-300x300.webp",300,300,true],"woocommerce_thumbnail":["https:\/\/wavexia.com\/wp-content\/uploads\/2025\/10\/XXL_p0134626177-300x300.webp",300,300,true],"woocommerce_single":["https:\/\/wavexia.com\/wp-content\/uploads\/2025\/10\/XXL_p0134626177-600x600.webp",600,600,true],"woocommerce_gallery_thumbnail":["https:\/\/wavexia.com\/wp-content\/uploads\/2025\/10\/XXL_p0134626177-100x100.webp",100,100,true]},"uagb_author_info":{"display_name":"zineddine.ayoub98@gmail.com","author_link":"https:\/\/wavexia.com\/?author=0"},"uagb_comment_info":0,"uagb_excerpt":"Description COSRX All about snail kit 4 step for dry skin &amp; dark spot est la solution \u00e0 tous vos probl\u00e8mes de peau dans un seul kit ! Ne jamais avoir l\u2019air fatigu\u00e9 \u00e0 nouveau. Obtenez cette peau rebondie, pleine de nutriments, en 4 \u00e9tapes ! Hyper-concentr\u00e9e, enrichie en mucine d\u2019escargot pour les peaux s\u00e8ches&hellip;","brands":[],"_links":{"self":[{"href":"https:\/\/wavexia.com\/index.php?rest_route=\/wp\/v2\/product\/3948","targetHints":{"allow":["GET"]}}],"collection":[{"href":"https:\/\/wavexia.com\/index.php?rest_route=\/wp\/v2\/product"}],"about":[{"href":"https:\/\/wavexia.com\/index.php?rest_route=\/wp\/v2\/types\/product"}],"replies":[{"embeddable":true,"href":"https:\/\/wavexia.com\/index.php?rest_route=%2Fwp%2Fv2%2Fcomments&post=3948"}],"wp:featuredmedia":[{"embeddable":true,"href":"https:\/\/wavexia.com\/index.php?rest_route=\/wp\/v2\/media\/3947"}],"wp:attachment":[{"href":"https:\/\/wavexia.com\/index.php?rest_route=%2Fwp%2Fv2%2Fmedia&parent=3948"}],"wp:term":[{"taxonomy":"pwb-brand","embeddable":true,"href":"https:\/\/wavexia.com\/index.php?rest_route=%2Fwp%2Fv2%2Fpwb-brand&post=3948"},{"taxonomy":"product_brand","embeddable":true,"href":"https:\/\/wavexia.com\/index.php?rest_route=%2Fwp%2Fv2%2Fproduct_brand&post=3948"},{"taxonomy":"product_cat","embeddable":true,"href":"https:\/\/wavexia.com\/index.php?rest_route=%2Fwp%2Fv2%2Fproduct_cat&post=3948"},{"taxonomy":"product_tag","embeddable":true,"href":"https:\/\/wavexia.com\/index.php?rest_route=%2Fwp%2Fv2%2Fproduct_tag&post=3948"}],"curies":[{"name":"wp","href":"https:\/\/api.w.org\/{rel}","templated":true}]}}