{"id":3882,"date":"2025-10-19T08:58:45","date_gmt":"2025-10-19T08:58:45","guid":{"rendered":"https:\/\/wavexia.com\/product\/skin1004-madagascar-centella-hyalu-cica-moisture-cream-75ml\/"},"modified":"2026-03-10T07:30:58","modified_gmt":"2026-03-10T07:30:58","slug":"skin1004-madagascar-centella-hyalu-cica-moisture-cream-75ml","status":"publish","type":"product","link":"https:\/\/wavexia.com\/?product=skin1004-madagascar-centella-hyalu-cica-moisture-cream-75ml","title":{"rendered":"SKIN1004 Madagascar Centella Hyalu Cica Moisture Cream 75ml"},"content":{"rendered":"<h2>Description<\/h2>\n<p>Cr\u00e8me \u00e0 effet apaisant SKIN1004 Madagascar Centella Hyalu-Cica Moisture Cream 75ml, aide \u00e0 \u00e9liminer la s\u00e9cheresse et la d\u00e9shydratation dans les plus brefs d\u00e9lais. Il rend la peau ferme et \u00e9lastique. Le produit a un effet hydratant prolong\u00e9 et peut retenir l\u2019humidit\u00e9 dans les cellules \u00e9pidermiques jusqu\u2019\u00e0 100 heures.<\/p>\n<p>La formule v\u00e9g\u00e9talienne est douce m\u00eame pour les peaux les plus sensibles, sans irritation ni desquamation. Aide \u00e0 soulager les irritations et les rougeurs. Il a une texture l\u00e9g\u00e8re qui p\u00e9n\u00e8tre rapidement et ne laisse pas de film sur le visage. Parfait comme base de maquillage. Il ne contient ni colorants ni parfums artificiels et a un l\u00e9ger parfum de gard\u00e9nia.<\/p>\n<h5><em>Principaux actifs :<\/em><\/h5>\n<p><strong>Le complexe CICA<\/strong>&nbsp;a un effet cicatrisant et calmant prononc\u00e9. Il r\u00e9g\u00e9n\u00e8re et adoucit la peau, \u00e9limine les rougeurs et la desquamation, nourrit et renforce la barri\u00e8re protectrice.<\/p>\n<p><strong>3 types d\u2019acide hyaluronique<\/strong>&nbsp;(160 ppm) p\u00e9n\u00e8tre profond\u00e9ment dans l\u2019\u00e9piderme, hydrate activement les cellules, aide \u00e0 retenir l\u2019humidit\u00e9. Il forme une couche protectrice qui emp\u00eache l\u2019humidit\u00e9 de s\u2019\u00e9vaporer.<\/p>\n<p><strong>Le collag\u00e8ne v\u00e9g\u00e9tal<\/strong>&nbsp;restaure la structure de l\u2019\u00e9piderme de l\u2019int\u00e9rieur, renforce les parois cellulaires, am\u00e9liore le m\u00e9tabolisme des prot\u00e9ines. Il soutient la matrice et lisse les rides.<\/p>\n<p><strong>L\u2019extrait de feuille de neem<\/strong>&nbsp;gu\u00e9rit bien, a des propri\u00e9t\u00e9s anti-inflammatoires et antiseptiques, parvient \u00e0 purifier et \u00e0 rajeunir, rend la peau lisse et soyeuse, r\u00e9gule la production de s\u00e9bum.<\/p>\n<p><strong>L\u2019extrait de Centella asiatica (50%)<\/strong> renforce les vaisseaux sanguins, calme les rougeurs et combat la cup\u00e9rose, att\u00e9nue les cernes, apaise et adoucit.<\/p>\n<p><strong>L\u2019eau de rose<\/strong>&nbsp;hydrate parfaitement et am\u00e9liore les processus de r\u00e9g\u00e9n\u00e9ration cellulaire, lisse les rides d\u2019expression et \u00e9limine les r\u00e9actions allergiques.<\/p>\n<h5>ingr\u00e9dients:<\/h5>\n<p>Centella Asiatica Extract(50%), Water, Glycerin, 1,2-Hexanediol, Pentaerythrityl Tetraisostearate, Caprylic\/Capric Triglyceride, Niacinamide, Ce tearyl Alcohol, Glyceryl Stearate, Polyglyceryl-2 Stearate, Butylene Glycol, Stea ryl Alcohol, Propanediol, Carbomer, Polyglyceryl-3 Methylglucose Distearate, Sorbitol, Tromethamine, Polyglyceryl-3 Distearate, Sedum Sarmentosum Extract, Ethylhexylglycerin, Citric Acid, Glyceryl Stearate Citrate, Adenosine, Musa Sapientum (Banana) Flower Extract, Rosa Damascena Flower Water, Disodium EDTA, Melia Azadirachta Leaf Extract, Pyrus Communis (Pear) Fruit Extract, Melia Azadirachta Flower Extract, Prunus Domestica Fruit Extract, Biosaccha ride Gum-1, Cucumis Melo (Melon) Fruit Extract, Coccinia Indica Fruit Extract, Sodium Hyaluronate(60ppm), Hyaluronic Acid (50ppm), Hydrolyzed Hyalu ronic Acid(50ppm), Hedera Helix (Ivy) Leaf\/Stem Extract, Hydrolyzed Colla gen, Solanum Melongena (Eggplant) Fruit Extract, Adansonia Digitata Seed Extract, Equisetum Arvense Extract, Olea Europaea (Olive) Leaf Extract, Va ccinium Macrocarpon (Cranberry) Fruit Extract, Fructan, Ocimum Sanctum Leaf Extract, Sophora Japonica Flower Extract, Curcuma Longa (Turmeric) Root Extract, Corallina Officinalis Extract.<\/p>\n","protected":false},"excerpt":{"rendered":"<p>Description Cr\u00e8me \u00e0 effet apaisant SKIN1004 Madagascar Centella Hyalu-Cica Moisture Cream 75ml, aide \u00e0 \u00e9liminer la s\u00e9cheresse et la d\u00e9shydratation dans les plus brefs d\u00e9lais. Il rend la peau ferme et \u00e9lastique. Le produit a un effet hydratant prolong\u00e9 et peut retenir l\u2019humidit\u00e9 dans les cellules \u00e9pidermiques jusqu\u2019\u00e0 100 heures. La formule v\u00e9g\u00e9talienne est douce [&hellip;]<\/p>\n","protected":false},"featured_media":3881,"comment_status":"open","ping_status":"closed","template":"","meta":{"content-type":"","_uag_custom_page_level_css":""},"pwb-brand":[],"product_brand":[],"product_cat":[324,334,350],"product_tag":[],"class_list":{"0":"post-3882","1":"product","2":"type-product","3":"status-publish","4":"has-post-thumbnail","6":"product_cat-creme","7":"product_cat-produits-coreens","8":"product_cat-skin1004","10":"first","11":"instock","12":"sale","13":"shipping-taxable","14":"purchasable","15":"product-type-simple"},"aioseo_notices":[],"uagb_featured_image_src":{"full":["https:\/\/wavexia.com\/wp-content\/uploads\/2025\/10\/613iwD75VL._UF10001000_QL80_.jpg",1000,1000,false],"thumbnail":["https:\/\/wavexia.com\/wp-content\/uploads\/2025\/10\/613iwD75VL._UF10001000_QL80_-150x150.jpg",150,150,true],"medium":["https:\/\/wavexia.com\/wp-content\/uploads\/2025\/10\/613iwD75VL._UF10001000_QL80_-300x300.jpg",300,300,true],"medium_large":["https:\/\/wavexia.com\/wp-content\/uploads\/2025\/10\/613iwD75VL._UF10001000_QL80_-768x768.jpg",768,768,true],"large":["https:\/\/wavexia.com\/wp-content\/uploads\/2025\/10\/613iwD75VL._UF10001000_QL80_.jpg",1000,1000,false],"1536x1536":["https:\/\/wavexia.com\/wp-content\/uploads\/2025\/10\/613iwD75VL._UF10001000_QL80_.jpg",1000,1000,false],"2048x2048":["https:\/\/wavexia.com\/wp-content\/uploads\/2025\/10\/613iwD75VL._UF10001000_QL80_.jpg",1000,1000,false],"woocommerce_archive_thumbnail":["https:\/\/wavexia.com\/wp-content\/uploads\/2025\/10\/613iwD75VL._UF10001000_QL80_-300x300.jpg",300,300,true],"woocommerce_thumbnail":["https:\/\/wavexia.com\/wp-content\/uploads\/2025\/10\/613iwD75VL._UF10001000_QL80_-300x300.jpg",300,300,true],"woocommerce_single":["https:\/\/wavexia.com\/wp-content\/uploads\/2025\/10\/613iwD75VL._UF10001000_QL80_-600x600.jpg",600,600,true],"woocommerce_gallery_thumbnail":["https:\/\/wavexia.com\/wp-content\/uploads\/2025\/10\/613iwD75VL._UF10001000_QL80_-100x100.jpg",100,100,true]},"uagb_author_info":{"display_name":"zineddine.ayoub98@gmail.com","author_link":"https:\/\/wavexia.com\/?author=0"},"uagb_comment_info":0,"uagb_excerpt":"Description Cr\u00e8me \u00e0 effet apaisant SKIN1004 Madagascar Centella Hyalu-Cica Moisture Cream 75ml, aide \u00e0 \u00e9liminer la s\u00e9cheresse et la d\u00e9shydratation dans les plus brefs d\u00e9lais. Il rend la peau ferme et \u00e9lastique. Le produit a un effet hydratant prolong\u00e9 et peut retenir l\u2019humidit\u00e9 dans les cellules \u00e9pidermiques jusqu\u2019\u00e0 100 heures. La formule v\u00e9g\u00e9talienne est douce&hellip;","brands":[],"_links":{"self":[{"href":"https:\/\/wavexia.com\/index.php?rest_route=\/wp\/v2\/product\/3882","targetHints":{"allow":["GET"]}}],"collection":[{"href":"https:\/\/wavexia.com\/index.php?rest_route=\/wp\/v2\/product"}],"about":[{"href":"https:\/\/wavexia.com\/index.php?rest_route=\/wp\/v2\/types\/product"}],"replies":[{"embeddable":true,"href":"https:\/\/wavexia.com\/index.php?rest_route=%2Fwp%2Fv2%2Fcomments&post=3882"}],"wp:featuredmedia":[{"embeddable":true,"href":"https:\/\/wavexia.com\/index.php?rest_route=\/wp\/v2\/media\/3881"}],"wp:attachment":[{"href":"https:\/\/wavexia.com\/index.php?rest_route=%2Fwp%2Fv2%2Fmedia&parent=3882"}],"wp:term":[{"taxonomy":"pwb-brand","embeddable":true,"href":"https:\/\/wavexia.com\/index.php?rest_route=%2Fwp%2Fv2%2Fpwb-brand&post=3882"},{"taxonomy":"product_brand","embeddable":true,"href":"https:\/\/wavexia.com\/index.php?rest_route=%2Fwp%2Fv2%2Fproduct_brand&post=3882"},{"taxonomy":"product_cat","embeddable":true,"href":"https:\/\/wavexia.com\/index.php?rest_route=%2Fwp%2Fv2%2Fproduct_cat&post=3882"},{"taxonomy":"product_tag","embeddable":true,"href":"https:\/\/wavexia.com\/index.php?rest_route=%2Fwp%2Fv2%2Fproduct_tag&post=3882"}],"curies":[{"name":"wp","href":"https:\/\/api.w.org\/{rel}","templated":true}]}}