{"id":3868,"date":"2025-10-19T08:58:26","date_gmt":"2025-10-19T08:58:26","guid":{"rendered":"https:\/\/wavexia.com\/product\/anua-peach-70-niacin-brightening-collagen-mask\/"},"modified":"2026-03-10T07:30:58","modified_gmt":"2026-03-10T07:30:58","slug":"anua-peach-70-niacin-brightening-collagen-mask","status":"publish","type":"product","link":"https:\/\/wavexia.com\/?product=anua-peach-70-niacin-brightening-collagen-mask","title":{"rendered":"ANUA Peach 70 Niacin Brightening Collagen Mask"},"content":{"rendered":"<h2>Description<\/h2>\n<p>Faites l\u2019exp\u00e9rience de l\u2019hydratation et de l\u2019am\u00e9lioration de l\u2019\u00e9clat avec le masque s\u00e9rum Anua&nbsp;Peach 70&nbsp;% Niacin Serum Mask. Infus\u00e9 d\u2019extrait de p\u00eache, de niacinamide et de collag\u00e8ne de faible poids mol\u00e9culaire, il \u00e9claircit, lisse et raffermit visiblement la peau.<\/p>\n<p>Enrichi du complexe PEACHINIA+\u2122, ce masque hydrogel ultra-mince de 1 mm se transforme en une couche transparente et transparente gr\u00e2ce \u00e0 l\u2019absorption de ses ingr\u00e9dients actifs. Riche en eau de p\u00eache ferment\u00e9e, en vitamines et en polyph\u00e9nols, il aide \u00e0 affiner la texture de la peau, \u00e0 r\u00e9duire la s\u00e9cheresse et \u00e0 redonner de l\u2019\u00e9clat.<\/p>\n<div>\n<p><strong>Recommand\u00e9 pour :&nbsp;<\/strong>Peaux s\u00e8ches, sensibles, tous types de peau.<\/p>\n<h5>avantages:<\/h5>\n<ul>\n<li>Masque au collag\u00e8ne hydrogel pour \u00e9claircir et hydrater<\/li>\n<li>Pour une peau \u00e9clatante<\/li>\n<li>Sans parfum<\/li>\n<\/ul>\n<h5>mode d\u2019emploi:<\/h5>\n<ul>\n<li>Nettoyez et pr\u00e9parez la peau avec du toner et du s\u00e9rum.<\/li>\n<li>Appliquez d\u2019abord la partie sup\u00e9rieure du masque autour des yeux et la partie inf\u00e9rieure autour de la bouche.<\/li>\n<li>Laissez-le pendant 3 \u00e0 4 heures jusqu\u2019\u00e0 ce qu\u2019il devienne transparent.<\/li>\n<li>Retirez le masque, massez et tapotez le reste de la formule sur la peau<\/li>\n<\/ul>\n<p><strong>Astuce :<\/strong><em><strong>&nbsp;<\/strong><\/em>Utilisez-le comme masque de nuit : apr\u00e8s avoir appliqu\u00e9 le toner, le s\u00e9rum et la cr\u00e8me hydratante, appliquez le masque et laissez-le agir toute la nuit pour vous r\u00e9veiller avec une peau \u00e9clatante et radieuse.<\/p>\n<h5>ingr\u00e9dients:<\/h5>\n<p>Eau de fruit de Prunus persica (p\u00eache), eau, dipropyl\u00e8ne glycol, polyd\u00e9c\u00e8ne hydrog\u00e9n\u00e9, 1,2-hexanediol, glyc\u00e9rine, niacinamide, ferment de lactobacilles, copolym\u00e8re d\u2019acrylates, gomme de c\u00e9ratonia siliqua (caroube), gomme de xanthane, carragh\u00e9nane, hydroxyac\u00e9toph\u00e9none, saccharose, allanto\u00efne, chlorure de potassium, polyacrylate de sodium, glycyrrhizate dipotassique, gomme de cellulose, gomme gellane, caprylyl glycol, ad\u00e9nosine, \u00e9thylhexylglyc\u00e9rine, phytate de sodium, collag\u00e8ne soluble, hyaluronate de sodium, maltodextrine, rubus idaeus (Framboise) Extrait de fruit, extrait de fruit de Rubus coreanus, extrait de fleur de Prunus Persica (p\u00eache), extrait de fruit de Prunus Persica (p\u00eache), extrait de fleur de Prunus Serrulata, hyaluronate d\u2019hydroxypropyltrimonium, salicylate de b\u00e9ta\u00efne, citrate de sodium, hyaluronate ac\u00e9tyl\u00e9 de sodium, acide citrique, acide hyaluronique hydrolys\u00e9, acide hyaluronique, cyanocobalamine, hyaluronate de sodium crois\u00e9, hyaluronate de sodium hydrolys\u00e9, hyaluronate de potassium, oxydes de fer (CI 77491).<\/p>\n<h5><\/h5>\n<\/div>\n","protected":false},"excerpt":{"rendered":"<p>Description Faites l\u2019exp\u00e9rience de l\u2019hydratation et de l\u2019am\u00e9lioration de l\u2019\u00e9clat avec le masque s\u00e9rum Anua&nbsp;Peach 70&nbsp;% Niacin Serum Mask. Infus\u00e9 d\u2019extrait de p\u00eache, de niacinamide et de collag\u00e8ne de faible poids mol\u00e9culaire, il \u00e9claircit, lisse et raffermit visiblement la peau. Enrichi du complexe PEACHINIA+\u2122, ce masque hydrogel ultra-mince de 1 mm se transforme en une [&hellip;]<\/p>\n","protected":false},"featured_media":3867,"comment_status":"open","ping_status":"closed","template":"","meta":{"content-type":"","_uag_custom_page_level_css":""},"pwb-brand":[],"product_brand":[],"product_cat":[344,343,328,334],"product_tag":[],"class_list":{"0":"post-3868","1":"product","2":"type-product","3":"status-publish","4":"has-post-thumbnail","6":"product_cat-anua","7":"product_cat-masque","8":"product_cat-nouveautes","9":"product_cat-produits-coreens","11":"first","12":"instock","13":"sale","14":"shipping-taxable","15":"purchasable","16":"product-type-simple"},"aioseo_notices":[],"uagb_featured_image_src":{"full":["https:\/\/wavexia.com\/wp-content\/uploads\/2025\/10\/2640381.png",500,500,false],"thumbnail":["https:\/\/wavexia.com\/wp-content\/uploads\/2025\/10\/2640381-150x150.png",150,150,true],"medium":["https:\/\/wavexia.com\/wp-content\/uploads\/2025\/10\/2640381-300x300.png",300,300,true],"medium_large":["https:\/\/wavexia.com\/wp-content\/uploads\/2025\/10\/2640381.png",500,500,false],"large":["https:\/\/wavexia.com\/wp-content\/uploads\/2025\/10\/2640381.png",500,500,false],"1536x1536":["https:\/\/wavexia.com\/wp-content\/uploads\/2025\/10\/2640381.png",500,500,false],"2048x2048":["https:\/\/wavexia.com\/wp-content\/uploads\/2025\/10\/2640381.png",500,500,false],"woocommerce_archive_thumbnail":["https:\/\/wavexia.com\/wp-content\/uploads\/2025\/10\/2640381-300x300.png",300,300,true],"woocommerce_thumbnail":["https:\/\/wavexia.com\/wp-content\/uploads\/2025\/10\/2640381-300x300.png",300,300,true],"woocommerce_single":["https:\/\/wavexia.com\/wp-content\/uploads\/2025\/10\/2640381.png",500,500,false],"woocommerce_gallery_thumbnail":["https:\/\/wavexia.com\/wp-content\/uploads\/2025\/10\/2640381-100x100.png",100,100,true]},"uagb_author_info":{"display_name":"zineddine.ayoub98@gmail.com","author_link":"https:\/\/wavexia.com\/?author=0"},"uagb_comment_info":0,"uagb_excerpt":"Description Faites l\u2019exp\u00e9rience de l\u2019hydratation et de l\u2019am\u00e9lioration de l\u2019\u00e9clat avec le masque s\u00e9rum Anua&nbsp;Peach 70&nbsp;% Niacin Serum Mask. Infus\u00e9 d\u2019extrait de p\u00eache, de niacinamide et de collag\u00e8ne de faible poids mol\u00e9culaire, il \u00e9claircit, lisse et raffermit visiblement la peau. Enrichi du complexe PEACHINIA+\u2122, ce masque hydrogel ultra-mince de 1 mm se transforme en une&hellip;","brands":[],"_links":{"self":[{"href":"https:\/\/wavexia.com\/index.php?rest_route=\/wp\/v2\/product\/3868","targetHints":{"allow":["GET"]}}],"collection":[{"href":"https:\/\/wavexia.com\/index.php?rest_route=\/wp\/v2\/product"}],"about":[{"href":"https:\/\/wavexia.com\/index.php?rest_route=\/wp\/v2\/types\/product"}],"replies":[{"embeddable":true,"href":"https:\/\/wavexia.com\/index.php?rest_route=%2Fwp%2Fv2%2Fcomments&post=3868"}],"wp:featuredmedia":[{"embeddable":true,"href":"https:\/\/wavexia.com\/index.php?rest_route=\/wp\/v2\/media\/3867"}],"wp:attachment":[{"href":"https:\/\/wavexia.com\/index.php?rest_route=%2Fwp%2Fv2%2Fmedia&parent=3868"}],"wp:term":[{"taxonomy":"pwb-brand","embeddable":true,"href":"https:\/\/wavexia.com\/index.php?rest_route=%2Fwp%2Fv2%2Fpwb-brand&post=3868"},{"taxonomy":"product_brand","embeddable":true,"href":"https:\/\/wavexia.com\/index.php?rest_route=%2Fwp%2Fv2%2Fproduct_brand&post=3868"},{"taxonomy":"product_cat","embeddable":true,"href":"https:\/\/wavexia.com\/index.php?rest_route=%2Fwp%2Fv2%2Fproduct_cat&post=3868"},{"taxonomy":"product_tag","embeddable":true,"href":"https:\/\/wavexia.com\/index.php?rest_route=%2Fwp%2Fv2%2Fproduct_tag&post=3868"}],"curies":[{"name":"wp","href":"https:\/\/api.w.org\/{rel}","templated":true}]}}