{"id":3863,"date":"2025-10-19T08:58:22","date_gmt":"2025-10-19T08:58:22","guid":{"rendered":"https:\/\/wavexia.com\/product\/anua-heartleaf-silky-moisture-sunscreen-spf50-pa-50ml\/"},"modified":"2026-03-10T07:30:58","modified_gmt":"2026-03-10T07:30:58","slug":"anua-heartleaf-silky-moisture-sunscreen-spf50-pa-50ml","status":"publish","type":"product","link":"https:\/\/wavexia.com\/?product=anua-heartleaf-silky-moisture-sunscreen-spf50-pa-50ml","title":{"rendered":"Anua Heartleaf Silky Moisture Sunscreen SPF50\/PA+++ 50ml"},"content":{"rendered":"<h2>Description<\/h2>\n<p>La Anua Heartleaf Silky Moisture Sunscreen offre non seulement une excellente protection contre les rayons UV nocifs, mais assure \u00e9galement une peau hydrat\u00e9e et lisse. Cet \u00e9cran solaire v\u00e9g\u00e9talien et sans cruaut\u00e9 envers les animaux utilise des filtres chimiques pour prot\u00e9ger efficacement votre peau du soleil, tout en r\u00e9gulant simultan\u00e9ment la production de s\u00e9bum pour une application plus douce du maquillage. Cela le rend parfait comme base sous votre fond de teint, sans para\u00eetre lourd.<\/p>\n<p>La formule contient de l\u2019extrait de Houttuynia Cordata, \u00e9galement connu sous le nom de Heartleaf, qui poss\u00e8de des propri\u00e9t\u00e9s anti-inflammatoires, antioxydantes et antibact\u00e9riennes. De plus, la niacinamide aide \u00e0 stimuler la production naturelle de c\u00e9ramides et att\u00e9nue l\u2019hyperpigmentation, rendant votre peau plus ferme et plus uniforme. La glyc\u00e9rine procure une hydratation optimale et prot\u00e8ge la barri\u00e8re cutan\u00e9e, apaisant les irritations et gardant votre peau saine et r\u00e9siliente.<\/p>\n<p><strong>Cette cr\u00e8me solaire :<\/strong><\/p>\n<ul>\n<li>offre une protection efficace contre les rayons UV nocifs<\/li>\n<li>r\u00e9gule la production de s\u00e9bum pour une base de maquillage lisse<\/li>\n<li>contient de l\u2019extrait de Heartleaf<\/li>\n<li>propri\u00e9t\u00e9s antibact\u00e9riennes et anti-inflammatoires<\/li>\n<li>stimule la production naturelle de c\u00e9ramides<\/li>\n<li>att\u00e9nue l\u2019hyperpigmentation<\/li>\n<li>hydrate et prot\u00e8ge la barri\u00e8re cutan\u00e9e<\/li>\n<li>sans parfum<\/li>\n<li>v\u00e9g\u00e9talien<\/li>\n<li>sans cruaut\u00e9<\/li>\n<\/ul>\n<p><strong>Comment utiliser&nbsp;:<\/strong><\/p>\n<ul>\n<li>Appliquez la cr\u00e8me solaire comme derni\u00e8re \u00e9tape de votre routine de soins de la peau, apr\u00e8s votre cr\u00e8me hydratante.<\/li>\n<li>Pr\u00e9levez une quantit\u00e9 g\u00e9n\u00e9reuse de produit et appliquez-la uniform\u00e9ment sur votre visage, votre cou et autres zones expos\u00e9es.<\/li>\n<li>Attendez quelques minutes que la cr\u00e8me solaire soit compl\u00e8tement absorb\u00e9e avant de vous maquiller.<\/li>\n<li>R\u00e9appliquer le produit toutes les deux heures, surtout apr\u00e8s avoir nag\u00e9, transpir\u00e9 ou s\u00e9ch\u00e9 avec une serviette.<\/li>\n<li>Utilisez-le quotidiennement pour prot\u00e9ger votre peau des rayons UV nocifs et maintenir un teint sain et \u00e9clatant.<\/li>\n<\/ul>\n<p><strong>Ingr\u00e9dients :<\/strong>&nbsp;Eau, extrait de Houttuynia Cordata 300 000 ppm, adipate de dibutyle, propanediol, \u00e9thylhexyl triazone, acide t\u00e9r\u00e9phtalylid\u00e8ne dicamphre sulfonique, glyc\u00e9rine, niacinamide, caprylyl m\u00e9thicone, polym\u00e9thylsilsesquioxane, trom\u00e9thamine, dist\u00e9arate de polyglyc\u00e9ryl-3, alcool c\u00e9t\u00e9arylique, 1,2-hexanediol, pen tyl\u00e8ne Glycol, di\u00e9thylamino hydroxybenzoyl hexyl benzoate, polysilicone-15, extrait de feuille de Diospyros Kaki, extrait d\u2019Anastatica Hierochuntica, extrait de fruit de Vitis Vinifera, extrait de fleur de Carthamus Tinctorius, extrait de graine de Coffea Arabica, extrait de racine de Polygonum Cuspidatum, extrait de racine de Polygonum Cuspidatum, extrait de feuille de Camellia Sinensis, Extrait de coquille de Castanea Crenata, extrait de fruit de Zanthoxylum Piperitum, panth\u00e9nol, st\u00e9arate de glyc\u00e9ryle, bis-\u00e9thylhexyloxyph\u00e9nol m\u00e9thoxyph\u00e9nyl triazine, phosphate de c\u00e9tyle de potassium, m\u00e9thylpropanediol, carbom\u00e8re, butyl\u00e8ne glycol, citrate de st\u00e9arate de glyc\u00e9ryle, acrylates\/polym\u00e8re crois\u00e9 d\u2019acrylate d\u2019alkyle C10-30, \u00e9thylhexylglyc\u00e9rine, acrylo d\u2019ammonium yldim\u00e9thyltaurate \/VP Copolym\u00e8re, ad\u00e9nosine, poly\u00e9ther-1, gomme biosaccharide-1.<\/p>\n","protected":false},"excerpt":{"rendered":"<p>Description La Anua Heartleaf Silky Moisture Sunscreen offre non seulement une excellente protection contre les rayons UV nocifs, mais assure \u00e9galement une peau hydrat\u00e9e et lisse. Cet \u00e9cran solaire v\u00e9g\u00e9talien et sans cruaut\u00e9 envers les animaux utilise des filtres chimiques pour prot\u00e9ger efficacement votre peau du soleil, tout en r\u00e9gulant simultan\u00e9ment la production de s\u00e9bum [&hellip;]<\/p>\n","protected":false},"featured_media":3862,"comment_status":"open","ping_status":"closed","template":"","meta":{"content-type":"","_uag_custom_page_level_css":""},"pwb-brand":[],"product_brand":[],"product_cat":[344,327,334,340],"product_tag":[],"class_list":{"0":"post-3863","1":"product","2":"type-product","3":"status-publish","4":"has-post-thumbnail","6":"product_cat-anua","7":"product_cat-hmizat","8":"product_cat-produits-coreens","9":"product_cat-protection-solaire","11":"first","12":"instock","13":"sale","14":"shipping-taxable","15":"purchasable","16":"product-type-simple"},"aioseo_notices":[],"uagb_featured_image_src":{"full":["https:\/\/wavexia.com\/wp-content\/uploads\/2025\/10\/PhotoRoom-20230605_225600_1080x_1e7d578f-3bbf-4ca6-af7c-3b1fda27ae36.webp",1080,1080,false],"thumbnail":["https:\/\/wavexia.com\/wp-content\/uploads\/2025\/10\/PhotoRoom-20230605_225600_1080x_1e7d578f-3bbf-4ca6-af7c-3b1fda27ae36-150x150.webp",150,150,true],"medium":["https:\/\/wavexia.com\/wp-content\/uploads\/2025\/10\/PhotoRoom-20230605_225600_1080x_1e7d578f-3bbf-4ca6-af7c-3b1fda27ae36-300x300.webp",300,300,true],"medium_large":["https:\/\/wavexia.com\/wp-content\/uploads\/2025\/10\/PhotoRoom-20230605_225600_1080x_1e7d578f-3bbf-4ca6-af7c-3b1fda27ae36-768x768.webp",768,768,true],"large":["https:\/\/wavexia.com\/wp-content\/uploads\/2025\/10\/PhotoRoom-20230605_225600_1080x_1e7d578f-3bbf-4ca6-af7c-3b1fda27ae36-1024x1024.webp",1024,1024,true],"1536x1536":["https:\/\/wavexia.com\/wp-content\/uploads\/2025\/10\/PhotoRoom-20230605_225600_1080x_1e7d578f-3bbf-4ca6-af7c-3b1fda27ae36.webp",1080,1080,false],"2048x2048":["https:\/\/wavexia.com\/wp-content\/uploads\/2025\/10\/PhotoRoom-20230605_225600_1080x_1e7d578f-3bbf-4ca6-af7c-3b1fda27ae36.webp",1080,1080,false],"woocommerce_archive_thumbnail":["https:\/\/wavexia.com\/wp-content\/uploads\/2025\/10\/PhotoRoom-20230605_225600_1080x_1e7d578f-3bbf-4ca6-af7c-3b1fda27ae36-300x300.webp",300,300,true],"woocommerce_thumbnail":["https:\/\/wavexia.com\/wp-content\/uploads\/2025\/10\/PhotoRoom-20230605_225600_1080x_1e7d578f-3bbf-4ca6-af7c-3b1fda27ae36-300x300.webp",300,300,true],"woocommerce_single":["https:\/\/wavexia.com\/wp-content\/uploads\/2025\/10\/PhotoRoom-20230605_225600_1080x_1e7d578f-3bbf-4ca6-af7c-3b1fda27ae36-600x600.webp",600,600,true],"woocommerce_gallery_thumbnail":["https:\/\/wavexia.com\/wp-content\/uploads\/2025\/10\/PhotoRoom-20230605_225600_1080x_1e7d578f-3bbf-4ca6-af7c-3b1fda27ae36-100x100.webp",100,100,true]},"uagb_author_info":{"display_name":"zineddine.ayoub98@gmail.com","author_link":"https:\/\/wavexia.com\/?author=0"},"uagb_comment_info":0,"uagb_excerpt":"Description La Anua Heartleaf Silky Moisture Sunscreen offre non seulement une excellente protection contre les rayons UV nocifs, mais assure \u00e9galement une peau hydrat\u00e9e et lisse. Cet \u00e9cran solaire v\u00e9g\u00e9talien et sans cruaut\u00e9 envers les animaux utilise des filtres chimiques pour prot\u00e9ger efficacement votre peau du soleil, tout en r\u00e9gulant simultan\u00e9ment la production de s\u00e9bum&hellip;","brands":[],"_links":{"self":[{"href":"https:\/\/wavexia.com\/index.php?rest_route=\/wp\/v2\/product\/3863","targetHints":{"allow":["GET"]}}],"collection":[{"href":"https:\/\/wavexia.com\/index.php?rest_route=\/wp\/v2\/product"}],"about":[{"href":"https:\/\/wavexia.com\/index.php?rest_route=\/wp\/v2\/types\/product"}],"replies":[{"embeddable":true,"href":"https:\/\/wavexia.com\/index.php?rest_route=%2Fwp%2Fv2%2Fcomments&post=3863"}],"wp:featuredmedia":[{"embeddable":true,"href":"https:\/\/wavexia.com\/index.php?rest_route=\/wp\/v2\/media\/3862"}],"wp:attachment":[{"href":"https:\/\/wavexia.com\/index.php?rest_route=%2Fwp%2Fv2%2Fmedia&parent=3863"}],"wp:term":[{"taxonomy":"pwb-brand","embeddable":true,"href":"https:\/\/wavexia.com\/index.php?rest_route=%2Fwp%2Fv2%2Fpwb-brand&post=3863"},{"taxonomy":"product_brand","embeddable":true,"href":"https:\/\/wavexia.com\/index.php?rest_route=%2Fwp%2Fv2%2Fproduct_brand&post=3863"},{"taxonomy":"product_cat","embeddable":true,"href":"https:\/\/wavexia.com\/index.php?rest_route=%2Fwp%2Fv2%2Fproduct_cat&post=3863"},{"taxonomy":"product_tag","embeddable":true,"href":"https:\/\/wavexia.com\/index.php?rest_route=%2Fwp%2Fv2%2Fproduct_tag&post=3863"}],"curies":[{"name":"wp","href":"https:\/\/api.w.org\/{rel}","templated":true}]}}