{"id":3819,"date":"2025-10-19T08:57:31","date_gmt":"2025-10-19T08:57:31","guid":{"rendered":"https:\/\/wavexia.com\/product\/numbuzin-no-1-pantothenic-b5-active-soothing-serum-50ml\/"},"modified":"2026-03-10T07:30:58","modified_gmt":"2026-03-10T07:30:58","slug":"numbuzin-no-1-pantothenic-b5-active-soothing-serum-50ml","status":"publish","type":"product","link":"https:\/\/wavexia.com\/?product=numbuzin-no-1-pantothenic-b5-active-soothing-serum-50ml","title":{"rendered":"Numbuzin No.1 Pantothenic B5 Active Soothing Serum 50ml"},"content":{"rendered":"<h2>Description<\/h2>\n<div id=\"shopify-section-template--24717736051071__tabs\" class=\"shopify-section\">\n<article>\n<div class=\"m6tb btn base-font tabs-initialized\" data-active-class=\"overlay-white\">\n<div>\n<div class=\"block-content_MQDxpg \" data-index=\"6\">\n<div class=\"tabs-inner\">\n<div>\n<p>Le&nbsp;No.1 Pantothenic B5 Active Soothing Serum&nbsp;de Numbuzin est la perfection dans un flacon pour tous ceux qui cherchent \u00e0 donner \u00e0 leur peau un regain d\u2019hydratation et de calme. Ce s\u00e9rum luxueux, enrichi en vitamine B5, est sp\u00e9cialement con\u00e7u pour adoucir et hydrater la peau, la laissant radieuse et saine.<\/p>\n<p>Avec sa formule l\u00e9g\u00e8re \u00e0 absorption rapide, le s\u00e9rum est comme un c\u00e2lin rafra\u00eechissant pour votre peau. Il permet de r\u00e9duire les rougeurs et les irritations tout en renfor\u00e7ant la barri\u00e8re cutan\u00e9e. Id\u00e9al pour un usage quotidien ou lorsque vous souhaitez donner \u00e0 votre peau une dose suppl\u00e9mentaire d\u2019amour apr\u00e8s une journ\u00e9e bien remplie.<\/p>\n<p>Le s\u00e9rum a une texture d\u00e9licate et non grasse, facile \u00e0 accumuler, vous permettant d\u2019appliquer la quantit\u00e9 parfaite sans en faire trop. Combinez-le avec votre cr\u00e8me hydratante pr\u00e9f\u00e9r\u00e9e pour une hydratation encore plus intense et une apparence plus jeune.<\/p>\n<p>Laissez votre peau briller avec le&nbsp;No.1 Pantothenic B5 Active Soothing Serum&nbsp;de Numbuzin, et profitez d\u2019une peau soign\u00e9e, calme et hydrat\u00e9e que vous pouvez \u00eatre fier de montrer !<\/p>\n<p><strong>Ce s\u00e9rum :<\/strong><\/p>\n<ul>\n<li>hydrate<\/li>\n<li>se calme<\/li>\n<li>formule avec vitamine B5<\/li>\n<li>adoucit la peau<\/li>\n<li>formule l\u00e9g\u00e8re \u00e0 absorption rapide<\/li>\n<li>ne laisse aucun r\u00e9sidu gras<\/li>\n<li>sensation rafra\u00eechissante<\/li>\n<li>r\u00e9duit les rougeurs et les irritations<\/li>\n<li>renforce la barri\u00e8re cutan\u00e9e<\/li>\n<li>sans cruaut\u00e9<\/li>\n<\/ul>\n<p><strong>Comment utiliser&nbsp;:<\/strong><\/p>\n<ul>\n<li>Appliquez une quantit\u00e9 de s\u00e9rum sur votre peau et r\u00e9partissez uniform\u00e9ment.<\/li>\n<li>Tapotez avec vos doigts et laissez le s\u00e9rum absorber compl\u00e8tement.<\/li>\n<\/ul>\n<p><strong>Ingr\u00e9dients:<\/strong><br \/>Water, Butylene Glycol, Niacinamide, Glycerin, Dipropylene Glycol, 1,2-Hexanediol, Panthenol, Sophora Angustifolia Root Extract, Acrylates\/C10-30 Alkyl Acrylate Crosspolymer, Propanediol, Diethoxyethyl Succinate, Tromethamine, Hydrogenated Lecithin, Ammonium Acryloyldimethyltaurate\/VP Copolymer, Betaine, Pantothenic Acid, Trehalose, Ethylhexylglycerin, Glyceryl Oleate, Sodium Phytate, Allantoin, Alpha-Arbutin, Houttuynia Cordata Extract, Lauryl Glucoside, Myristyl Glucoside, Polyglyceryl-6 Laurate, Zinc PCA, Melia Azadirachta Leaf Extract, Tocopherol, Glycyrrhiza Uralensis (Licorice) Root Extract, Melia Azadirachta Flower Extract, Coccinia Indica Fruit Extract, Centella Asiatica Extract, Sodium Hyaluronate, Citric Acid, Solanum Melongena (Eggplant) Fruit Extract, Beta-Glucan, Ocimum Sanctum Leaf Extract, Hyaluronic Acid, Decyl Glucoside, Curcuma Longa (Turmeric) Root Extract, Corallina Officinalis Extract, Dipotassium Glycyrrhizate, Hydrolyzed Hyaluronic Acid, Simmondsia Chinensis (Jojoba) Seed Oil, Camellia Sinensis Leaf Extract, Centella Asiatica Leaf Extract, Cladosiphon Okamuranus Extract, Salix Alba (Willow) Bark Extract, Sodium Acetylated Hyaluronate, Coffea Arabica (Coffee) Seed Extract, Beta-Sitosterol, Polyglyceryl-10 Stearate, Citrus Aurantium Bergamia (Bergamot) Leaf Extract, Pinus Densiflora Leaf Extract<\/p>\n<\/div>\n<\/div>\n<\/div>\n<\/div>\n<\/article>\n<\/div>\n<div id=\"shopify-section-template--24717736051071__1743406851abab5584\" class=\"shopify-section\">\n<div id=\"shopify-block-AVXIwRmUwV2ljRmZtR__judge_me_reviews_review_widget_HTRKQF\" class=\"shopify-block shopify-app-block\">\n<div><\/div>\n<div id=\"judgeme_product_reviews\" class=\"jdgm-widget jdgm-review-widget jdgm--done-setup-widget\" data-product-title=\"No.1 Pantothenic B5 Active Soothing Serum\" data-id=\"9556876722452\" data-widget-name=\"review_widget\" data-impressions-tracked=\"true\" data-views-tracked=\"true\">\n<div class=\"jdgm-rev-widg\" data-updated-at=\"2025-04-15T07:26:36Z\" data-average-rating=\"5.00\" data-number-of-reviews=\"1\" data-number-of-questions=\"0\">\n<div class=\"jdgm-rev-widg__header\"><\/div>\n<\/div>\n<\/div>\n<\/div>\n<\/div>\n<\/div>\n","protected":false},"excerpt":{"rendered":"<p>Description Le&nbsp;No.1 Pantothenic B5 Active Soothing Serum&nbsp;de Numbuzin est la perfection dans un flacon pour tous ceux qui cherchent \u00e0 donner \u00e0 leur peau un regain d\u2019hydratation et de calme. Ce s\u00e9rum luxueux, enrichi en vitamine B5, est sp\u00e9cialement con\u00e7u pour adoucir et hydrater la peau, la laissant radieuse et saine. Avec sa formule l\u00e9g\u00e8re [&hellip;]<\/p>\n","protected":false},"featured_media":3818,"comment_status":"open","ping_status":"closed","template":"","meta":{"content-type":"","_uag_custom_page_level_css":""},"pwb-brand":[],"product_brand":[],"product_cat":[327,346,334,338],"product_tag":[],"class_list":{"0":"post-3819","1":"product","2":"type-product","3":"status-publish","4":"has-post-thumbnail","6":"product_cat-hmizat","7":"product_cat-numbuzin","8":"product_cat-produits-coreens","9":"product_cat-serum-ampoule","11":"first","12":"instock","13":"sale","14":"shipping-taxable","15":"purchasable","16":"product-type-simple"},"aioseo_notices":[],"uagb_featured_image_src":{"full":["https:\/\/wavexia.com\/wp-content\/uploads\/2025\/10\/612cy669gzL.jpg",1500,1500,false],"thumbnail":["https:\/\/wavexia.com\/wp-content\/uploads\/2025\/10\/612cy669gzL-150x150.jpg",150,150,true],"medium":["https:\/\/wavexia.com\/wp-content\/uploads\/2025\/10\/612cy669gzL-300x300.jpg",300,300,true],"medium_large":["https:\/\/wavexia.com\/wp-content\/uploads\/2025\/10\/612cy669gzL-768x768.jpg",768,768,true],"large":["https:\/\/wavexia.com\/wp-content\/uploads\/2025\/10\/612cy669gzL-1024x1024.jpg",1024,1024,true],"1536x1536":["https:\/\/wavexia.com\/wp-content\/uploads\/2025\/10\/612cy669gzL.jpg",1500,1500,false],"2048x2048":["https:\/\/wavexia.com\/wp-content\/uploads\/2025\/10\/612cy669gzL.jpg",1500,1500,false],"woocommerce_archive_thumbnail":["https:\/\/wavexia.com\/wp-content\/uploads\/2025\/10\/612cy669gzL-300x300.jpg",300,300,true],"woocommerce_thumbnail":["https:\/\/wavexia.com\/wp-content\/uploads\/2025\/10\/612cy669gzL-300x300.jpg",300,300,true],"woocommerce_single":["https:\/\/wavexia.com\/wp-content\/uploads\/2025\/10\/612cy669gzL-600x600.jpg",600,600,true],"woocommerce_gallery_thumbnail":["https:\/\/wavexia.com\/wp-content\/uploads\/2025\/10\/612cy669gzL-100x100.jpg",100,100,true]},"uagb_author_info":{"display_name":"zineddine.ayoub98@gmail.com","author_link":"https:\/\/wavexia.com\/?author=0"},"uagb_comment_info":0,"uagb_excerpt":"Description Le&nbsp;No.1 Pantothenic B5 Active Soothing Serum&nbsp;de Numbuzin est la perfection dans un flacon pour tous ceux qui cherchent \u00e0 donner \u00e0 leur peau un regain d\u2019hydratation et de calme. Ce s\u00e9rum luxueux, enrichi en vitamine B5, est sp\u00e9cialement con\u00e7u pour adoucir et hydrater la peau, la laissant radieuse et saine. Avec sa formule l\u00e9g\u00e8re&hellip;","brands":[],"_links":{"self":[{"href":"https:\/\/wavexia.com\/index.php?rest_route=\/wp\/v2\/product\/3819","targetHints":{"allow":["GET"]}}],"collection":[{"href":"https:\/\/wavexia.com\/index.php?rest_route=\/wp\/v2\/product"}],"about":[{"href":"https:\/\/wavexia.com\/index.php?rest_route=\/wp\/v2\/types\/product"}],"replies":[{"embeddable":true,"href":"https:\/\/wavexia.com\/index.php?rest_route=%2Fwp%2Fv2%2Fcomments&post=3819"}],"wp:featuredmedia":[{"embeddable":true,"href":"https:\/\/wavexia.com\/index.php?rest_route=\/wp\/v2\/media\/3818"}],"wp:attachment":[{"href":"https:\/\/wavexia.com\/index.php?rest_route=%2Fwp%2Fv2%2Fmedia&parent=3819"}],"wp:term":[{"taxonomy":"pwb-brand","embeddable":true,"href":"https:\/\/wavexia.com\/index.php?rest_route=%2Fwp%2Fv2%2Fpwb-brand&post=3819"},{"taxonomy":"product_brand","embeddable":true,"href":"https:\/\/wavexia.com\/index.php?rest_route=%2Fwp%2Fv2%2Fproduct_brand&post=3819"},{"taxonomy":"product_cat","embeddable":true,"href":"https:\/\/wavexia.com\/index.php?rest_route=%2Fwp%2Fv2%2Fproduct_cat&post=3819"},{"taxonomy":"product_tag","embeddable":true,"href":"https:\/\/wavexia.com\/index.php?rest_route=%2Fwp%2Fv2%2Fproduct_tag&post=3819"}],"curies":[{"name":"wp","href":"https:\/\/api.w.org\/{rel}","templated":true}]}}