{"id":3800,"date":"2025-10-19T08:57:16","date_gmt":"2025-10-19T08:57:16","guid":{"rendered":"https:\/\/wavexia.com\/product\/beplain-mung-bean-ph-balanced-cleansing-foam\/"},"modified":"2026-03-10T07:30:58","modified_gmt":"2026-03-10T07:30:58","slug":"beplain-mung-bean-ph-balanced-cleansing-foam","status":"publish","type":"product","link":"https:\/\/wavexia.com\/?product=beplain-mung-bean-ph-balanced-cleansing-foam","title":{"rendered":"Beplain Mung Bean pH-Balanced Cleansing Foam"},"content":{"rendered":"<h2>Description<\/h2>\n<p>La mousse nettoyante au haricot mungo au pH \u00e9quilibr\u00e9 de beplain est un nettoyant quotidien pour le visage, \u00e0 la fois doux et efficace, qui \u00e9limine sans effort les impuret\u00e9s, le s\u00e9bum et les poussi\u00e8res ultrafines tout en pr\u00e9servant l\u2019\u00e9quilibre naturel de la peau. Infus\u00e9e d\u2019extrait de haricot mungo et de poudre de haricot mungo nourrissants, ainsi que des bienfaits apaisants du th\u00e9 vert, cette mousse l\u00e9g\u00e8re enveloppe la peau d\u2019une mousse douce et rafra\u00eechissante.<\/p>\n<p>Sa formule au pH \u00e9quilibr\u00e9 assure une hydratation en profondeur, am\u00e9liorant la texture, la transparence et la r\u00e9tention d\u2019eau de la peau sans irritation. Ce nettoyant laisse la peau propre, confortable et revitalis\u00e9e \u00e0 chaque utilisation.<\/p>\n<p><strong>Recommand\u00e9 pour :&nbsp;<\/strong>Tous les types de peau, sans danger pour l\u2019acn\u00e9 fongique.<\/p>\n<p><strong>Conseils d\u2019utilisation :<\/strong><\/p>\n<ul>\n<li>Distribue une quantit\u00e9 suffisante de produit sur tes mains mouill\u00e9es pour le faire mousser.<\/li>\n<li>Applique soigneusement sur ton visage<\/li>\n<li>Rince soigneusement \u00e0 l\u2019eau ti\u00e8de.<\/li>\n<\/ul>\n<p><strong>Ingr\u00e9dients :<\/strong><\/p>\n<p>Glycerin, Water, Sodium Cocoyl Glycinate, Sodium Lauroyl Glutamate, 1,2-Hexanediol, Hydroxypropyl Starch Phosphate, Butylene Glycol, Phaseolus Radiatus Seed Powder 9,000ppm, Lauryl Betaine, Hydroxyacetophenone, Vigna Radiata Seed Extract 3,300ppm, Ethylhexylglycerin, Sodium Chloride, Alcohol, Betaine, Polyquaternium-39, Melia Azadirachta Leaf Extract, Melia Azadirachta Flower Extract, Dextrin, Theobroma Cacao Seed Extract, Coccinia Indica Fruit Extract, Allantoin, Phellodendron Amurense Bark Extract, Aloe Barbadensis Flower Extract, Solanum Melongena Fruit Extract, Sodium Benzoate, Ocimum Sanctum Leaf Extract, Corallina Officinalis Extract, Curcuma Longa Root Extract, Anthemis Nobilis Flower Extract, Tocopherol, Hydrogenated Lecithin, Centella Asiatica Extract, Ficus Carica Fruit Extract, Ceramide NP, Sodium Hyaluronate, CameIlia Sinensis Leaf Powder<\/p>\n","protected":false},"excerpt":{"rendered":"<p>Description La mousse nettoyante au haricot mungo au pH \u00e9quilibr\u00e9 de beplain est un nettoyant quotidien pour le visage, \u00e0 la fois doux et efficace, qui \u00e9limine sans effort les impuret\u00e9s, le s\u00e9bum et les poussi\u00e8res ultrafines tout en pr\u00e9servant l\u2019\u00e9quilibre naturel de la peau. Infus\u00e9e d\u2019extrait de haricot mungo et de poudre de haricot [&hellip;]<\/p>\n","protected":false},"featured_media":3799,"comment_status":"open","ping_status":"closed","template":"","meta":{"content-type":"","_uag_custom_page_level_css":""},"pwb-brand":[],"product_brand":[],"product_cat":[419,336,328,334],"product_tag":[],"class_list":{"0":"post-3800","1":"product","2":"type-product","3":"status-publish","4":"has-post-thumbnail","6":"product_cat-beplain","7":"product_cat-nettoyant","8":"product_cat-nouveautes","9":"product_cat-produits-coreens","11":"first","12":"instock","13":"sale","14":"shipping-taxable","15":"purchasable","16":"product-type-simple"},"aioseo_notices":[],"uagb_featured_image_src":{"full":["https:\/\/wavexia.com\/wp-content\/uploads\/2025\/10\/BEPLAIN-Mung-Bean-pH-Balance-Cleansing-Foam.png",500,500,false],"thumbnail":["https:\/\/wavexia.com\/wp-content\/uploads\/2025\/10\/BEPLAIN-Mung-Bean-pH-Balance-Cleansing-Foam-150x150.png",150,150,true],"medium":["https:\/\/wavexia.com\/wp-content\/uploads\/2025\/10\/BEPLAIN-Mung-Bean-pH-Balance-Cleansing-Foam-300x300.png",300,300,true],"medium_large":["https:\/\/wavexia.com\/wp-content\/uploads\/2025\/10\/BEPLAIN-Mung-Bean-pH-Balance-Cleansing-Foam.png",500,500,false],"large":["https:\/\/wavexia.com\/wp-content\/uploads\/2025\/10\/BEPLAIN-Mung-Bean-pH-Balance-Cleansing-Foam.png",500,500,false],"1536x1536":["https:\/\/wavexia.com\/wp-content\/uploads\/2025\/10\/BEPLAIN-Mung-Bean-pH-Balance-Cleansing-Foam.png",500,500,false],"2048x2048":["https:\/\/wavexia.com\/wp-content\/uploads\/2025\/10\/BEPLAIN-Mung-Bean-pH-Balance-Cleansing-Foam.png",500,500,false],"woocommerce_archive_thumbnail":["https:\/\/wavexia.com\/wp-content\/uploads\/2025\/10\/BEPLAIN-Mung-Bean-pH-Balance-Cleansing-Foam-300x300.png",300,300,true],"woocommerce_thumbnail":["https:\/\/wavexia.com\/wp-content\/uploads\/2025\/10\/BEPLAIN-Mung-Bean-pH-Balance-Cleansing-Foam-300x300.png",300,300,true],"woocommerce_single":["https:\/\/wavexia.com\/wp-content\/uploads\/2025\/10\/BEPLAIN-Mung-Bean-pH-Balance-Cleansing-Foam.png",500,500,false],"woocommerce_gallery_thumbnail":["https:\/\/wavexia.com\/wp-content\/uploads\/2025\/10\/BEPLAIN-Mung-Bean-pH-Balance-Cleansing-Foam-100x100.png",100,100,true]},"uagb_author_info":{"display_name":"zineddine.ayoub98@gmail.com","author_link":"https:\/\/wavexia.com\/?author=0"},"uagb_comment_info":0,"uagb_excerpt":"Description La mousse nettoyante au haricot mungo au pH \u00e9quilibr\u00e9 de beplain est un nettoyant quotidien pour le visage, \u00e0 la fois doux et efficace, qui \u00e9limine sans effort les impuret\u00e9s, le s\u00e9bum et les poussi\u00e8res ultrafines tout en pr\u00e9servant l\u2019\u00e9quilibre naturel de la peau. Infus\u00e9e d\u2019extrait de haricot mungo et de poudre de haricot&hellip;","brands":[],"_links":{"self":[{"href":"https:\/\/wavexia.com\/index.php?rest_route=\/wp\/v2\/product\/3800","targetHints":{"allow":["GET"]}}],"collection":[{"href":"https:\/\/wavexia.com\/index.php?rest_route=\/wp\/v2\/product"}],"about":[{"href":"https:\/\/wavexia.com\/index.php?rest_route=\/wp\/v2\/types\/product"}],"replies":[{"embeddable":true,"href":"https:\/\/wavexia.com\/index.php?rest_route=%2Fwp%2Fv2%2Fcomments&post=3800"}],"wp:featuredmedia":[{"embeddable":true,"href":"https:\/\/wavexia.com\/index.php?rest_route=\/wp\/v2\/media\/3799"}],"wp:attachment":[{"href":"https:\/\/wavexia.com\/index.php?rest_route=%2Fwp%2Fv2%2Fmedia&parent=3800"}],"wp:term":[{"taxonomy":"pwb-brand","embeddable":true,"href":"https:\/\/wavexia.com\/index.php?rest_route=%2Fwp%2Fv2%2Fpwb-brand&post=3800"},{"taxonomy":"product_brand","embeddable":true,"href":"https:\/\/wavexia.com\/index.php?rest_route=%2Fwp%2Fv2%2Fproduct_brand&post=3800"},{"taxonomy":"product_cat","embeddable":true,"href":"https:\/\/wavexia.com\/index.php?rest_route=%2Fwp%2Fv2%2Fproduct_cat&post=3800"},{"taxonomy":"product_tag","embeddable":true,"href":"https:\/\/wavexia.com\/index.php?rest_route=%2Fwp%2Fv2%2Fproduct_tag&post=3800"}],"curies":[{"name":"wp","href":"https:\/\/api.w.org\/{rel}","templated":true}]}}