{"id":3788,"date":"2025-10-19T08:57:07","date_gmt":"2025-10-19T08:57:07","guid":{"rendered":"https:\/\/wavexia.com\/product\/purito-seoul-dermide-cica-barrier-sleeping-pack-80ml\/"},"modified":"2026-03-10T07:30:57","modified_gmt":"2026-03-10T07:30:57","slug":"purito-seoul-dermide-cica-barrier-sleeping-pack-80ml","status":"publish","type":"product","link":"https:\/\/wavexia.com\/?product=purito-seoul-dermide-cica-barrier-sleeping-pack-80ml","title":{"rendered":"Purito Seoul Dermide Cica Barrier Sleeping Pack 80ml"},"content":{"rendered":"<h2>Description<\/h2>\n<p>Le pack de sommeil Purito Seoul Dermide Cica Barrier aide \u00e0 apaiser la peau \u00e9puis\u00e9e par les rayons UV nocifs et autres facteurs de stress environnementaux pendant la nuit. Il est formul\u00e9 avec des ingr\u00e9dients identiques \u00e0 ceux de la peau, tels que l\u2019acide hyaluronique et les c\u00e9ramides, qui renforcent la barri\u00e8re cutan\u00e9e et la prot\u00e8gent des facteurs de stress environnementaux. Ce produit forme une barri\u00e8re d\u2019hydratation saine qui emp\u00eache la perte d\u2019eau et maintient la peau bien hydrat\u00e9e pendant la nuit. Prenez soin de votre peau en manque de sommeil avec le Purito Seoul Dermide Cica Barrier Sleeping Pack.<\/p>\n<p><strong>Mode d\u2019emploi :<\/strong><\/p>\n<ul>\n<li>Avant d\u2019aller au lit.<\/li>\n<li>\u00c9talez doucement une quantit\u00e9 appropri\u00e9e de masque sur le bout du nez, les joues, le front et le menton.<\/li>\n<li>Laisser agir toute la nuit. Rincez le matin.<\/li>\n<\/ul>\n<p><strong>Ingr\u00e9dients:<\/strong><\/p>\n<p>Eau, extrait de Centella Asiatica (renforce la barri\u00e8re cutan\u00e9e), Triglyc\u00e9ride caprylique\/caprique (occlusif), Glyc\u00e9rine (humectant), Squalane (occlusif), Huile de graines de jojoba (occlusive), Alcool c\u00e9t\u00e9arylique (\u00e9mulsifiants), Phosphate de c\u00e9tyle de potassium (\u00e9mulsifiants), Huile de graines de tournesol (agents revitalisants pour la peau), Butyl\u00e8ne glycol (humectants), Dist\u00e9arate de polyglyc\u00e9ryl-3 m\u00e9thylglucose (\u00e9mulsifiants), 1,2-Hexanediol (stabilisants), Mad\u00e9cassoside (renforce la barri\u00e8re cutan\u00e9e), Asiaticoside (renforce la barri\u00e8re cutan\u00e9e), Acide mad\u00e9cassique (renforce la barri\u00e8re cutan\u00e9e), Acide asiatique (renforce la barri\u00e8re cutan\u00e9e), Panth\u00e9nol (renforce la barri\u00e8re cutan\u00e9e), C\u00e9ramide NP (renforce la barri\u00e8re cutan\u00e9e), Hyaluronate de sodium (facteur hydratant naturel\/humectants), Hydroxyac\u00e9toph\u00e9none (stabilisants\/antioxydants de produit), Carbom\u00e8re de sodium (agents augmentant la viscosit\u00e9), L\u00e9cithine hydrog\u00e9n\u00e9e (\u00e9mulsifiants), Hydroxy\u00e9thylcellulose (agents augmentant la viscosit\u00e9), Extrait de th\u00e9 vert (apaisant)<\/p>\n","protected":false},"excerpt":{"rendered":"<p>Description Le pack de sommeil Purito Seoul Dermide Cica Barrier aide \u00e0 apaiser la peau \u00e9puis\u00e9e par les rayons UV nocifs et autres facteurs de stress environnementaux pendant la nuit. Il est formul\u00e9 avec des ingr\u00e9dients identiques \u00e0 ceux de la peau, tels que l\u2019acide hyaluronique et les c\u00e9ramides, qui renforcent la barri\u00e8re cutan\u00e9e et [&hellip;]<\/p>\n","protected":false},"featured_media":3787,"comment_status":"open","ping_status":"closed","template":"","meta":{"content-type":"","_uag_custom_page_level_css":""},"pwb-brand":[],"product_brand":[],"product_cat":[324,328,334,405],"product_tag":[],"class_list":{"0":"post-3788","1":"product","2":"type-product","3":"status-publish","4":"has-post-thumbnail","6":"product_cat-creme","7":"product_cat-nouveautes","8":"product_cat-produits-coreens","9":"product_cat-purito-seoul","11":"first","12":"instock","13":"sale","14":"shipping-taxable","15":"purchasable","16":"product-type-simple"},"aioseo_notices":[],"uagb_featured_image_src":{"full":["https:\/\/wavexia.com\/wp-content\/uploads\/2025\/10\/41v1A_c1ICL._UF894_1000_QL80.webp",894,894,false],"thumbnail":["https:\/\/wavexia.com\/wp-content\/uploads\/2025\/10\/41v1A_c1ICL._UF894_1000_QL80-150x150.webp",150,150,true],"medium":["https:\/\/wavexia.com\/wp-content\/uploads\/2025\/10\/41v1A_c1ICL._UF894_1000_QL80-300x300.webp",300,300,true],"medium_large":["https:\/\/wavexia.com\/wp-content\/uploads\/2025\/10\/41v1A_c1ICL._UF894_1000_QL80-768x768.webp",768,768,true],"large":["https:\/\/wavexia.com\/wp-content\/uploads\/2025\/10\/41v1A_c1ICL._UF894_1000_QL80.webp",894,894,false],"1536x1536":["https:\/\/wavexia.com\/wp-content\/uploads\/2025\/10\/41v1A_c1ICL._UF894_1000_QL80.webp",894,894,false],"2048x2048":["https:\/\/wavexia.com\/wp-content\/uploads\/2025\/10\/41v1A_c1ICL._UF894_1000_QL80.webp",894,894,false],"woocommerce_archive_thumbnail":["https:\/\/wavexia.com\/wp-content\/uploads\/2025\/10\/41v1A_c1ICL._UF894_1000_QL80-300x300.webp",300,300,true],"woocommerce_thumbnail":["https:\/\/wavexia.com\/wp-content\/uploads\/2025\/10\/41v1A_c1ICL._UF894_1000_QL80-300x300.webp",300,300,true],"woocommerce_single":["https:\/\/wavexia.com\/wp-content\/uploads\/2025\/10\/41v1A_c1ICL._UF894_1000_QL80-600x600.webp",600,600,true],"woocommerce_gallery_thumbnail":["https:\/\/wavexia.com\/wp-content\/uploads\/2025\/10\/41v1A_c1ICL._UF894_1000_QL80-100x100.webp",100,100,true]},"uagb_author_info":{"display_name":"zineddine.ayoub98@gmail.com","author_link":"https:\/\/wavexia.com\/?author=0"},"uagb_comment_info":0,"uagb_excerpt":"Description Le pack de sommeil Purito Seoul Dermide Cica Barrier aide \u00e0 apaiser la peau \u00e9puis\u00e9e par les rayons UV nocifs et autres facteurs de stress environnementaux pendant la nuit. Il est formul\u00e9 avec des ingr\u00e9dients identiques \u00e0 ceux de la peau, tels que l\u2019acide hyaluronique et les c\u00e9ramides, qui renforcent la barri\u00e8re cutan\u00e9e et&hellip;","brands":[],"_links":{"self":[{"href":"https:\/\/wavexia.com\/index.php?rest_route=\/wp\/v2\/product\/3788","targetHints":{"allow":["GET"]}}],"collection":[{"href":"https:\/\/wavexia.com\/index.php?rest_route=\/wp\/v2\/product"}],"about":[{"href":"https:\/\/wavexia.com\/index.php?rest_route=\/wp\/v2\/types\/product"}],"replies":[{"embeddable":true,"href":"https:\/\/wavexia.com\/index.php?rest_route=%2Fwp%2Fv2%2Fcomments&post=3788"}],"wp:featuredmedia":[{"embeddable":true,"href":"https:\/\/wavexia.com\/index.php?rest_route=\/wp\/v2\/media\/3787"}],"wp:attachment":[{"href":"https:\/\/wavexia.com\/index.php?rest_route=%2Fwp%2Fv2%2Fmedia&parent=3788"}],"wp:term":[{"taxonomy":"pwb-brand","embeddable":true,"href":"https:\/\/wavexia.com\/index.php?rest_route=%2Fwp%2Fv2%2Fpwb-brand&post=3788"},{"taxonomy":"product_brand","embeddable":true,"href":"https:\/\/wavexia.com\/index.php?rest_route=%2Fwp%2Fv2%2Fproduct_brand&post=3788"},{"taxonomy":"product_cat","embeddable":true,"href":"https:\/\/wavexia.com\/index.php?rest_route=%2Fwp%2Fv2%2Fproduct_cat&post=3788"},{"taxonomy":"product_tag","embeddable":true,"href":"https:\/\/wavexia.com\/index.php?rest_route=%2Fwp%2Fv2%2Fproduct_tag&post=3788"}],"curies":[{"name":"wp","href":"https:\/\/api.w.org\/{rel}","templated":true}]}}