{"id":3776,"date":"2025-10-19T08:57:00","date_gmt":"2025-10-19T08:57:00","guid":{"rendered":"https:\/\/wavexia.com\/product\/anua-heartleaf-centella-red-spot-cream-30g\/"},"modified":"2026-03-10T07:30:57","modified_gmt":"2026-03-10T07:30:57","slug":"anua-heartleaf-centella-red-spot-cream-30g","status":"publish","type":"product","link":"https:\/\/wavexia.com\/?product=anua-heartleaf-centella-red-spot-cream-30g","title":{"rendered":"Anua Heartleaf Centella Red Spot Cream 30g"},"content":{"rendered":"<h2>Description<\/h2>\n<p><strong>Un vrai soulagement \u2013 La cr\u00e8me anti-taches rouges Anua Heartleaf Centella est une cr\u00e8me anti-taches l\u00e9g\u00e8re et hydratante<\/strong>&nbsp;d\u00e9velopp\u00e9e avec 50 000 ppm de Centellica\u2122 (quatre types de cica), de l\u2019eau de feuille de c\u0153ur, du panth\u00e9nol et du sorbitol. La formule est con\u00e7ue pour apaiser efficacement la peau irrit\u00e9e, r\u00e9duire les rougeurs et renforcer la barri\u00e8re cutan\u00e9e sans sensation de lourdeur.<\/p>\n<p>Que vous l\u2019appliquiez ponctuellement sur les \u00e9ruptions cutan\u00e9es ou que vous l\u2019utilisiez comme hydratant quotidien, le produit offre une absorption rapide, un fini non com\u00e9dog\u00e8ne et une formule douce sans alcool ni parfum. Il est test\u00e9 cliniquement pour minimiser l\u2019irritation et aide \u00e0 renforcer la barri\u00e8re d\u2019hydratation de la peau.<\/p>\n<p><strong>Avantages:<\/strong><\/p>\n<ul>\n<li><span><strong>Apaise les rougeurs et l\u2019inflammation<\/strong>&nbsp;\u00e0 l\u2019aide de cica et d\u2019eau de feuille de c\u0153ur.<\/span><\/li>\n<li><span><strong>Renforce la barri\u00e8re cutan\u00e9e<\/strong>&nbsp;gr\u00e2ce aux c\u00e9ramides et au panth\u00e9nol.<\/span><\/li>\n<li><span><strong>Formule l\u00e9g\u00e8re et non grasse<\/strong>&nbsp;\u2013 id\u00e9ale \u00e0 la fois comme traitement localis\u00e9 et pour une utilisation tout au long de la routine de soins de la peau.<\/span><\/li>\n<li><span><strong>Non com\u00e9dog\u00e8ne et doux<\/strong>&nbsp;\u2013 soigneusement test\u00e9 pour une faible irritation, sans alcool ni parfum.<\/span><\/li>\n<li><span><strong>Favorise l\u2019\u00e9quilibre entre l\u2019hydratation de la peau et la production de s\u00e9bum<\/strong>&nbsp;\u2013 favorise la r\u00e9cup\u00e9ration pendant les \u00e9ruptions cutan\u00e9es.<\/span><\/li>\n<\/ul>\n<p><strong>Ingr\u00e9dients:<\/strong><\/p>\n<ul>\n<li><span><strong>Centellica\u2122 (complexe Cica 50 000 ppm)<\/strong>&nbsp;\u2013 contient du mad\u00e9cassoside, de l\u2019asiaticoside, de l\u2019acide asiatique et de l\u2019acide mad\u00e9cassique qui aident \u00e0 apaiser et \u00e0 r\u00e9parer la peau.<\/span><\/li>\n<li><span><strong>Eau Houttuynia cordata<\/strong>&nbsp;\u2013 agit anti-inflammatoire et apaisant.<\/span><\/li>\n<li><span><strong>Panth\u00e9nol et sorbitol<\/strong>&nbsp;\u2013 hydratent et adoucissent efficacement la peau.<\/span><\/li>\n<li><span><strong>Niacinamide (5&nbsp;%)<\/strong>&nbsp;\u2013 r\u00e9duit les rougeurs, r\u00e9gule la production de s\u00e9bum et renforce la fonction barri\u00e8re de la peau.<\/span><\/li>\n<li><span><strong>Les c\u00e9ramides (NP, NS, AP, AS, EOP), le squalane et la phytosphingosine<\/strong>&nbsp;soutiennent la barri\u00e8re cutan\u00e9e et aident \u00e0 maintenir son niveau d\u2019hydratation naturel.<\/span><\/li>\n<\/ul>\n<p><strong>Usage:<\/strong><\/p>\n<ol>\n<li>Apr\u00e8s avoir nettoy\u00e9 et appliqu\u00e9 le toner, utilisez une petite quantit\u00e9 comme derni\u00e8re \u00e9tape de votre routine de soins de la peau.<\/li>\n<li>Appliquer directement sur les zones pr\u00e9sentant des rougeurs ou des inflammations, ou sur l\u2019ensemble du visage au besoin.<\/li>\n<li>Massez doucement jusqu\u2019\u00e0 ce que la cr\u00e8me soit absorb\u00e9e. Recommand\u00e9 pour une utilisation matin et soir.<\/li>\n<\/ol>\n","protected":false},"excerpt":{"rendered":"<p>Description Un vrai soulagement \u2013 La cr\u00e8me anti-taches rouges Anua Heartleaf Centella est une cr\u00e8me anti-taches l\u00e9g\u00e8re et hydratante&nbsp;d\u00e9velopp\u00e9e avec 50 000 ppm de Centellica\u2122 (quatre types de cica), de l\u2019eau de feuille de c\u0153ur, du panth\u00e9nol et du sorbitol. La formule est con\u00e7ue pour apaiser efficacement la peau irrit\u00e9e, r\u00e9duire les rougeurs et renforcer [&hellip;]<\/p>\n","protected":false},"featured_media":3775,"comment_status":"open","ping_status":"closed","template":"","meta":{"content-type":"","_uag_custom_page_level_css":""},"pwb-brand":[],"product_brand":[],"product_cat":[344,328,334],"product_tag":[],"class_list":{"0":"post-3776","1":"product","2":"type-product","3":"status-publish","4":"has-post-thumbnail","6":"product_cat-anua","7":"product_cat-nouveautes","8":"product_cat-produits-coreens","10":"first","11":"instock","12":"sale","13":"shipping-taxable","14":"purchasable","15":"product-type-simple"},"aioseo_notices":[],"uagb_featured_image_src":{"full":["https:\/\/wavexia.com\/wp-content\/uploads\/2025\/10\/anua-us-moisturizer-30-g-heartleaf-centella-red-spot-cream-1161173351.webp",2000,2000,false],"thumbnail":["https:\/\/wavexia.com\/wp-content\/uploads\/2025\/10\/anua-us-moisturizer-30-g-heartleaf-centella-red-spot-cream-1161173351-150x150.webp",150,150,true],"medium":["https:\/\/wavexia.com\/wp-content\/uploads\/2025\/10\/anua-us-moisturizer-30-g-heartleaf-centella-red-spot-cream-1161173351-300x300.webp",300,300,true],"medium_large":["https:\/\/wavexia.com\/wp-content\/uploads\/2025\/10\/anua-us-moisturizer-30-g-heartleaf-centella-red-spot-cream-1161173351-768x768.webp",768,768,true],"large":["https:\/\/wavexia.com\/wp-content\/uploads\/2025\/10\/anua-us-moisturizer-30-g-heartleaf-centella-red-spot-cream-1161173351-1024x1024.webp",1024,1024,true],"1536x1536":["https:\/\/wavexia.com\/wp-content\/uploads\/2025\/10\/anua-us-moisturizer-30-g-heartleaf-centella-red-spot-cream-1161173351-1536x1536.webp",1536,1536,true],"2048x2048":["https:\/\/wavexia.com\/wp-content\/uploads\/2025\/10\/anua-us-moisturizer-30-g-heartleaf-centella-red-spot-cream-1161173351.webp",2000,2000,false],"woocommerce_archive_thumbnail":["https:\/\/wavexia.com\/wp-content\/uploads\/2025\/10\/anua-us-moisturizer-30-g-heartleaf-centella-red-spot-cream-1161173351-300x300.webp",300,300,true],"woocommerce_thumbnail":["https:\/\/wavexia.com\/wp-content\/uploads\/2025\/10\/anua-us-moisturizer-30-g-heartleaf-centella-red-spot-cream-1161173351-300x300.webp",300,300,true],"woocommerce_single":["https:\/\/wavexia.com\/wp-content\/uploads\/2025\/10\/anua-us-moisturizer-30-g-heartleaf-centella-red-spot-cream-1161173351-600x600.webp",600,600,true],"woocommerce_gallery_thumbnail":["https:\/\/wavexia.com\/wp-content\/uploads\/2025\/10\/anua-us-moisturizer-30-g-heartleaf-centella-red-spot-cream-1161173351-100x100.webp",100,100,true]},"uagb_author_info":{"display_name":"zineddine.ayoub98@gmail.com","author_link":"https:\/\/wavexia.com\/?author=0"},"uagb_comment_info":0,"uagb_excerpt":"Description Un vrai soulagement \u2013 La cr\u00e8me anti-taches rouges Anua Heartleaf Centella est une cr\u00e8me anti-taches l\u00e9g\u00e8re et hydratante&nbsp;d\u00e9velopp\u00e9e avec 50 000 ppm de Centellica\u2122 (quatre types de cica), de l\u2019eau de feuille de c\u0153ur, du panth\u00e9nol et du sorbitol. La formule est con\u00e7ue pour apaiser efficacement la peau irrit\u00e9e, r\u00e9duire les rougeurs et renforcer&hellip;","brands":[],"_links":{"self":[{"href":"https:\/\/wavexia.com\/index.php?rest_route=\/wp\/v2\/product\/3776","targetHints":{"allow":["GET"]}}],"collection":[{"href":"https:\/\/wavexia.com\/index.php?rest_route=\/wp\/v2\/product"}],"about":[{"href":"https:\/\/wavexia.com\/index.php?rest_route=\/wp\/v2\/types\/product"}],"replies":[{"embeddable":true,"href":"https:\/\/wavexia.com\/index.php?rest_route=%2Fwp%2Fv2%2Fcomments&post=3776"}],"wp:featuredmedia":[{"embeddable":true,"href":"https:\/\/wavexia.com\/index.php?rest_route=\/wp\/v2\/media\/3775"}],"wp:attachment":[{"href":"https:\/\/wavexia.com\/index.php?rest_route=%2Fwp%2Fv2%2Fmedia&parent=3776"}],"wp:term":[{"taxonomy":"pwb-brand","embeddable":true,"href":"https:\/\/wavexia.com\/index.php?rest_route=%2Fwp%2Fv2%2Fpwb-brand&post=3776"},{"taxonomy":"product_brand","embeddable":true,"href":"https:\/\/wavexia.com\/index.php?rest_route=%2Fwp%2Fv2%2Fproduct_brand&post=3776"},{"taxonomy":"product_cat","embeddable":true,"href":"https:\/\/wavexia.com\/index.php?rest_route=%2Fwp%2Fv2%2Fproduct_cat&post=3776"},{"taxonomy":"product_tag","embeddable":true,"href":"https:\/\/wavexia.com\/index.php?rest_route=%2Fwp%2Fv2%2Fproduct_tag&post=3776"}],"curies":[{"name":"wp","href":"https:\/\/api.w.org\/{rel}","templated":true}]}}