{"id":3772,"date":"2025-10-19T08:56:54","date_gmt":"2025-10-19T08:56:54","guid":{"rendered":"https:\/\/wavexia.com\/product\/axis-y-pha-resurfacage-glow-peel-50ml\/"},"modified":"2026-03-10T07:30:57","modified_gmt":"2026-03-10T07:30:57","slug":"axis-y-pha-resurfacage-glow-peel-50ml","status":"publish","type":"product","link":"https:\/\/wavexia.com\/?product=axis-y-pha-resurfacage-glow-peel-50ml","title":{"rendered":"AXIS-Y PHA Resurfa\u00e7age Glow Peel 50ml"},"content":{"rendered":"<h2>Description<\/h2>\n<p>Le peeling \u00e9clat resurfa\u00e7ant AXIS-Y PHA est un peeling gel-eau \u00e0 10 % de PHA qui exfolie en douceur la peau et d\u00e9gage les pores pour r\u00e9v\u00e9ler une peau rajeunie. Avec les extraits de 5 fruits et l\u00e9gumes diff\u00e9rents, cette \u00e9corce apaise et d\u00e9gage la peau d\u00e8s la premi\u00e8re utilisation. Les extraits de concombre, de papaye et de Centella Asiatica nourrissent la peau pour un \u00e9clat sain.<\/p>\n<p><strong>Mode d\u2019emploi :<\/strong><\/p>\n<ul>\n<li>Apr\u00e8s le nettoyage, appliquez une couche \u00e9paisse et uniforme sur la peau s\u00e8che. \u00c9viter le contour des yeux.<\/li>\n<li>Laissez-le reposer pendant 10 \u00e0 15 minutes.<\/li>\n<li>Rincer \u00e0 l\u2019eau ti\u00e8de.<\/li>\n<\/ul>\n<p><strong>Ingr\u00e9dients:<\/strong><\/p>\n<p>Eau, butyl\u00e8ne glycol, gluconolactone, glyc\u00e9rine, trom\u00e9thamine, 1,2-hexanediol, gomme scl\u00e9rotique, acide acrylique sodique\/copolym\u00e8re MA, gomme xanthane, \u00e9thylhexulglyc\u00e9rine, EDTA disodique, caprylyl glycol, extrait de fleur de Camellia Japonica, extrait de fruit de Carica papaye, extrait de fruit de Pyrus Malus, extrait de fruit de Vitis Vinifera, extrait de fruit de Prunus Mume, extrait de fruit de Cucumis Sativus, extrait de Centella Asiatica, Tocoph\u00e9rol<\/p>\n","protected":false},"excerpt":{"rendered":"<p>Description Le peeling \u00e9clat resurfa\u00e7ant AXIS-Y PHA est un peeling gel-eau \u00e0 10 % de PHA qui exfolie en douceur la peau et d\u00e9gage les pores pour r\u00e9v\u00e9ler une peau rajeunie. Avec les extraits de 5 fruits et l\u00e9gumes diff\u00e9rents, cette \u00e9corce apaise et d\u00e9gage la peau d\u00e8s la premi\u00e8re utilisation. Les extraits de concombre, [&hellip;]<\/p>\n","protected":false},"featured_media":3771,"comment_status":"open","ping_status":"closed","template":"","meta":{"content-type":"","_uag_custom_page_level_css":""},"pwb-brand":[],"product_brand":[],"product_cat":[363,334,338],"product_tag":[],"class_list":{"0":"post-3772","1":"product","2":"type-product","3":"status-publish","4":"has-post-thumbnail","6":"product_cat-axis-y","7":"product_cat-produits-coreens","8":"product_cat-serum-ampoule","10":"first","11":"instock","12":"sale","13":"shipping-taxable","14":"purchasable","15":"product-type-simple"},"aioseo_notices":[],"uagb_featured_image_src":{"full":["https:\/\/wavexia.com\/wp-content\/uploads\/2025\/10\/axis-y-axis-y-pha-resurfacing-glow-peel-50-ml-produits-coreens.jpg",700,700,false],"thumbnail":["https:\/\/wavexia.com\/wp-content\/uploads\/2025\/10\/axis-y-axis-y-pha-resurfacing-glow-peel-50-ml-produits-coreens-150x150.jpg",150,150,true],"medium":["https:\/\/wavexia.com\/wp-content\/uploads\/2025\/10\/axis-y-axis-y-pha-resurfacing-glow-peel-50-ml-produits-coreens-300x300.jpg",300,300,true],"medium_large":["https:\/\/wavexia.com\/wp-content\/uploads\/2025\/10\/axis-y-axis-y-pha-resurfacing-glow-peel-50-ml-produits-coreens.jpg",700,700,false],"large":["https:\/\/wavexia.com\/wp-content\/uploads\/2025\/10\/axis-y-axis-y-pha-resurfacing-glow-peel-50-ml-produits-coreens.jpg",700,700,false],"1536x1536":["https:\/\/wavexia.com\/wp-content\/uploads\/2025\/10\/axis-y-axis-y-pha-resurfacing-glow-peel-50-ml-produits-coreens.jpg",700,700,false],"2048x2048":["https:\/\/wavexia.com\/wp-content\/uploads\/2025\/10\/axis-y-axis-y-pha-resurfacing-glow-peel-50-ml-produits-coreens.jpg",700,700,false],"woocommerce_archive_thumbnail":["https:\/\/wavexia.com\/wp-content\/uploads\/2025\/10\/axis-y-axis-y-pha-resurfacing-glow-peel-50-ml-produits-coreens-300x300.jpg",300,300,true],"woocommerce_thumbnail":["https:\/\/wavexia.com\/wp-content\/uploads\/2025\/10\/axis-y-axis-y-pha-resurfacing-glow-peel-50-ml-produits-coreens-300x300.jpg",300,300,true],"woocommerce_single":["https:\/\/wavexia.com\/wp-content\/uploads\/2025\/10\/axis-y-axis-y-pha-resurfacing-glow-peel-50-ml-produits-coreens-600x600.jpg",600,600,true],"woocommerce_gallery_thumbnail":["https:\/\/wavexia.com\/wp-content\/uploads\/2025\/10\/axis-y-axis-y-pha-resurfacing-glow-peel-50-ml-produits-coreens-100x100.jpg",100,100,true]},"uagb_author_info":{"display_name":"zineddine.ayoub98@gmail.com","author_link":"https:\/\/wavexia.com\/?author=0"},"uagb_comment_info":0,"uagb_excerpt":"Description Le peeling \u00e9clat resurfa\u00e7ant AXIS-Y PHA est un peeling gel-eau \u00e0 10 % de PHA qui exfolie en douceur la peau et d\u00e9gage les pores pour r\u00e9v\u00e9ler une peau rajeunie. Avec les extraits de 5 fruits et l\u00e9gumes diff\u00e9rents, cette \u00e9corce apaise et d\u00e9gage la peau d\u00e8s la premi\u00e8re utilisation. Les extraits de concombre,&hellip;","brands":[],"_links":{"self":[{"href":"https:\/\/wavexia.com\/index.php?rest_route=\/wp\/v2\/product\/3772","targetHints":{"allow":["GET"]}}],"collection":[{"href":"https:\/\/wavexia.com\/index.php?rest_route=\/wp\/v2\/product"}],"about":[{"href":"https:\/\/wavexia.com\/index.php?rest_route=\/wp\/v2\/types\/product"}],"replies":[{"embeddable":true,"href":"https:\/\/wavexia.com\/index.php?rest_route=%2Fwp%2Fv2%2Fcomments&post=3772"}],"wp:featuredmedia":[{"embeddable":true,"href":"https:\/\/wavexia.com\/index.php?rest_route=\/wp\/v2\/media\/3771"}],"wp:attachment":[{"href":"https:\/\/wavexia.com\/index.php?rest_route=%2Fwp%2Fv2%2Fmedia&parent=3772"}],"wp:term":[{"taxonomy":"pwb-brand","embeddable":true,"href":"https:\/\/wavexia.com\/index.php?rest_route=%2Fwp%2Fv2%2Fpwb-brand&post=3772"},{"taxonomy":"product_brand","embeddable":true,"href":"https:\/\/wavexia.com\/index.php?rest_route=%2Fwp%2Fv2%2Fproduct_brand&post=3772"},{"taxonomy":"product_cat","embeddable":true,"href":"https:\/\/wavexia.com\/index.php?rest_route=%2Fwp%2Fv2%2Fproduct_cat&post=3772"},{"taxonomy":"product_tag","embeddable":true,"href":"https:\/\/wavexia.com\/index.php?rest_route=%2Fwp%2Fv2%2Fproduct_tag&post=3772"}],"curies":[{"name":"wp","href":"https:\/\/api.w.org\/{rel}","templated":true}]}}