{"id":3687,"date":"2025-10-19T08:55:56","date_gmt":"2025-10-19T08:55:56","guid":{"rendered":"https:\/\/wavexia.com\/product\/now-foods-propolis-1500-100-capsules\/"},"modified":"2026-03-10T07:30:57","modified_gmt":"2026-03-10T07:30:57","slug":"now-foods-propolis-1500-100-capsules","status":"publish","type":"product","link":"https:\/\/wavexia.com\/?product=now-foods-propolis-1500-100-capsules","title":{"rendered":"Now Foods \u2013 Propolis 1500, 100 Capsules"},"content":{"rendered":"<h2>Description<\/h2>\n<div class=\"row item-row\">\n<div class=\"col-xs-24\">\n<div>\n<ul>\n<li>Produit apicole naturel<\/li>\n<li>Extrait \u00e0 5:1<\/li>\n<li>Sans OGM<\/li>\n<li>Compl\u00e9ment alimentaire<\/li>\n<li>Casher<\/li>\n<li>Sant\u00e9 g\u00e9n\u00e9rale<\/li>\n<li>Entreprise familiale depuis&nbsp;1968<\/li>\n<li>Qualit\u00e9 BPF garantie<\/li>\n<\/ul>\n<p>La propolis est un m\u00e9lange de r\u00e9sines collect\u00e9es par les abeilles \u00e0 partir de bourgeons d\u2019arbres, de s\u00e8ve et d\u2019autres sources v\u00e9g\u00e9tales. Elle est utilis\u00e9e pour sceller les petites fissures de la ruche. La propolis sert \u00e0 renforcer l\u2019int\u00e9grit\u00e9 et la stabilit\u00e9 de la ruche, ainsi qu\u2019\u00e0 maintenir son \u00e9tat sanitaire. La propolis de NOW\u00ae est collect\u00e9e par les apiculteurs dans des ruches actives et saines et poss\u00e8de de nombreux bioflavono\u00efdes naturels.<\/p>\n<\/div>\n<\/div>\n<div class=\"row item-row\">\n<div class=\"col-xs-24\">\n<h5><strong>Usage sugg\u00e9r\u00e9<\/strong><\/h5>\n<div class=\"prodOverviewDetail\">\n<p>Prenez 1&nbsp;capsule par jour.<\/p>\n<\/div>\n<\/div>\n<\/div>\n<\/div>\n","protected":false},"excerpt":{"rendered":"<p>Description Produit apicole naturel Extrait \u00e0 5:1 Sans OGM Compl\u00e9ment alimentaire Casher Sant\u00e9 g\u00e9n\u00e9rale Entreprise familiale depuis&nbsp;1968 Qualit\u00e9 BPF garantie La propolis est un m\u00e9lange de r\u00e9sines collect\u00e9es par les abeilles \u00e0 partir de bourgeons d\u2019arbres, de s\u00e8ve et d\u2019autres sources v\u00e9g\u00e9tales. Elle est utilis\u00e9e pour sceller les petites fissures de la ruche. La propolis [&hellip;]<\/p>\n","protected":false},"featured_media":3686,"comment_status":"open","ping_status":"closed","template":"","meta":{"content-type":"","_uag_custom_page_level_css":""},"pwb-brand":[],"product_brand":[],"product_cat":[330,327,339],"product_tag":[],"class_list":{"0":"post-3687","1":"product","2":"type-product","3":"status-publish","4":"has-post-thumbnail","6":"product_cat-complements-alimentaires","7":"product_cat-hmizat","8":"product_cat-meilleures-ventes","10":"first","11":"instock","12":"sale","13":"shipping-taxable","14":"purchasable","15":"product-type-simple"},"aioseo_notices":[],"uagb_featured_image_src":{"full":["https:\/\/wavexia.com\/wp-content\/uploads\/2025\/10\/71hADj33OL.jpg",1600,1600,false],"thumbnail":["https:\/\/wavexia.com\/wp-content\/uploads\/2025\/10\/71hADj33OL-150x150.jpg",150,150,true],"medium":["https:\/\/wavexia.com\/wp-content\/uploads\/2025\/10\/71hADj33OL-300x300.jpg",300,300,true],"medium_large":["https:\/\/wavexia.com\/wp-content\/uploads\/2025\/10\/71hADj33OL-768x768.jpg",768,768,true],"large":["https:\/\/wavexia.com\/wp-content\/uploads\/2025\/10\/71hADj33OL-1024x1024.jpg",1024,1024,true],"1536x1536":["https:\/\/wavexia.com\/wp-content\/uploads\/2025\/10\/71hADj33OL-1536x1536.jpg",1536,1536,true],"2048x2048":["https:\/\/wavexia.com\/wp-content\/uploads\/2025\/10\/71hADj33OL.jpg",1600,1600,false],"woocommerce_archive_thumbnail":["https:\/\/wavexia.com\/wp-content\/uploads\/2025\/10\/71hADj33OL-300x300.jpg",300,300,true],"woocommerce_thumbnail":["https:\/\/wavexia.com\/wp-content\/uploads\/2025\/10\/71hADj33OL-300x300.jpg",300,300,true],"woocommerce_single":["https:\/\/wavexia.com\/wp-content\/uploads\/2025\/10\/71hADj33OL-600x600.jpg",600,600,true],"woocommerce_gallery_thumbnail":["https:\/\/wavexia.com\/wp-content\/uploads\/2025\/10\/71hADj33OL-100x100.jpg",100,100,true]},"uagb_author_info":{"display_name":"zineddine.ayoub98@gmail.com","author_link":"https:\/\/wavexia.com\/?author=0"},"uagb_comment_info":0,"uagb_excerpt":"Description Produit apicole naturel Extrait \u00e0 5:1 Sans OGM Compl\u00e9ment alimentaire Casher Sant\u00e9 g\u00e9n\u00e9rale Entreprise familiale depuis&nbsp;1968 Qualit\u00e9 BPF garantie La propolis est un m\u00e9lange de r\u00e9sines collect\u00e9es par les abeilles \u00e0 partir de bourgeons d\u2019arbres, de s\u00e8ve et d\u2019autres sources v\u00e9g\u00e9tales. Elle est utilis\u00e9e pour sceller les petites fissures de la ruche. La propolis&hellip;","brands":[],"_links":{"self":[{"href":"https:\/\/wavexia.com\/index.php?rest_route=\/wp\/v2\/product\/3687","targetHints":{"allow":["GET"]}}],"collection":[{"href":"https:\/\/wavexia.com\/index.php?rest_route=\/wp\/v2\/product"}],"about":[{"href":"https:\/\/wavexia.com\/index.php?rest_route=\/wp\/v2\/types\/product"}],"replies":[{"embeddable":true,"href":"https:\/\/wavexia.com\/index.php?rest_route=%2Fwp%2Fv2%2Fcomments&post=3687"}],"wp:featuredmedia":[{"embeddable":true,"href":"https:\/\/wavexia.com\/index.php?rest_route=\/wp\/v2\/media\/3686"}],"wp:attachment":[{"href":"https:\/\/wavexia.com\/index.php?rest_route=%2Fwp%2Fv2%2Fmedia&parent=3687"}],"wp:term":[{"taxonomy":"pwb-brand","embeddable":true,"href":"https:\/\/wavexia.com\/index.php?rest_route=%2Fwp%2Fv2%2Fpwb-brand&post=3687"},{"taxonomy":"product_brand","embeddable":true,"href":"https:\/\/wavexia.com\/index.php?rest_route=%2Fwp%2Fv2%2Fproduct_brand&post=3687"},{"taxonomy":"product_cat","embeddable":true,"href":"https:\/\/wavexia.com\/index.php?rest_route=%2Fwp%2Fv2%2Fproduct_cat&post=3687"},{"taxonomy":"product_tag","embeddable":true,"href":"https:\/\/wavexia.com\/index.php?rest_route=%2Fwp%2Fv2%2Fproduct_tag&post=3687"}],"curies":[{"name":"wp","href":"https:\/\/api.w.org\/{rel}","templated":true}]}}