{"id":3677,"date":"2025-10-19T08:55:49","date_gmt":"2025-10-19T08:55:49","guid":{"rendered":"https:\/\/wavexia.com\/product\/aplb-glutathione-niacinamide-facial-cleanser-80ml\/"},"modified":"2026-03-10T07:30:57","modified_gmt":"2026-03-10T07:30:57","slug":"aplb-glutathione-niacinamide-facial-cleanser-80ml","status":"publish","type":"product","link":"https:\/\/wavexia.com\/?product=aplb-glutathione-niacinamide-facial-cleanser-80ml","title":{"rendered":"APLB Glutathione Niacinamide Facial Cleanser 80ml"},"content":{"rendered":"<h2>Description<\/h2>\n<p>Ce nettoyant cr\u00e9e des microbulles lorsque vous l\u2019appliquez qui nettoient en profondeur vos pores tout en hydratant votre peau. Sa formule \u00e0 base de glutathion, de niacinamide et de centella asiatica unifie le teint et la texture de la peau tout en am\u00e9liorant son \u00e9lasticit\u00e9. De plus, il est id\u00e9al pour les peaux sensibles gr\u00e2ce \u00e0 sa formule v\u00e9g\u00e9talienne sans pigments, huiles min\u00e9rales, parab\u00e8nes et parfums.<\/p>\n<p>Contient 1 pi\u00e8ce de 80 ml<\/p>\n<h5>formul\u00e9 pour :<\/h5>\n<ul>\n<li>Nettoyage en profondeur.<\/li>\n<li>Contr\u00f4ler la production de s\u00e9bum.<\/li>\n<li>Hydrate.<\/li>\n<li>Illuminer.<\/li>\n<li>Am\u00e9liorer l\u2019\u00e9lasticit\u00e9.<\/li>\n<li>Apaiser les irritations.<\/li>\n<\/ul>\n<p>Peau : Grasse \/ Sensible \/ S\u00e8che \/ Mixte<\/p>\n<h5>mode d\u2019emploi:<\/h5>\n<ul>\n<li>Dans la premi\u00e8re \u00e9tape de votre routine du soir, prenez une quantit\u00e9 de la taille d\u2019un pois chiche. Appliquer directement sur votre peau sans la mouiller.<\/li>\n<li>Massez et regardez le maquillage ou les r\u00e9sidus de la journ\u00e9e fondre.<\/li>\n<li>Prenez un peu d\u2019eau et massez \u00e0 nouveau pendant 30 secondes.<\/li>\n<li>Rincez \u00e0 l\u2019eau ti\u00e8de et poursuivez avec la deuxi\u00e8me \u00e9tape de votre double nettoyage.<\/li>\n<\/ul>\n<h5>ingr\u00e9dients:<\/h5>\n<p>Water, Glycerin, Stearic Acid, Centella Asiatica Extract (8.4%), Lauric Acid, Potassium Hydroxide, Myristic Acid, 1,2-Hexanediol, Glycol Distearate, Coco-glucoside, Potassium Cocoyl Glycinate, Sorbitan Olivate, Glutathione (1000ppm), Beeswax, Niacinamide (1000ppm), Glyceryl Stearate, PEG-100 Stearate, Polysorbate 60, Nelumbo Nucifera Extract, Artemisia Annua Extract, Oryza Sativa (Rice) Extract, Saccharomyces Ferment, Butylene Glycol, Solanum Melongena (Eggplant) Fruit Extract, Melaleuca Alternifolia (Tea Tree) Leaf Extract, Hydrolyzed Collagen, Beta-Glucan, Hippophae Rhamnoides Fruit Extract, Dipropylene Glycol, Hydroxypropyl Methylcellulose, Madecassic Acid, Asiaticoside, Asiatic Acid, Squalane, Sodium Hyaluronate, Disodium EDTA, Caprylic\/Capric Triglyceride, Hydrogenated Lecithin, Cholesterol, Xanthan Gum<br \/>Pour tous les produits, cette liste d\u2019ingr\u00e9dients s\u2019applique \u00e0 toutes les variantes de ce produit. Les ingr\u00e9dients pr\u00e9sents dans un produit sp\u00e9cifique peuvent diff\u00e9rer de cette liste, car les ingr\u00e9dients peuvent \u00eatre modifi\u00e9s \u00e0 la discr\u00e9tion du fabricant. Veuillez consulter l\u2019emballage du produit pour obtenir la liste d\u2019ingr\u00e9dients la plus r\u00e9cente.<\/p>\n","protected":false},"excerpt":{"rendered":"<p>Description Ce nettoyant cr\u00e9e des microbulles lorsque vous l\u2019appliquez qui nettoient en profondeur vos pores tout en hydratant votre peau. Sa formule \u00e0 base de glutathion, de niacinamide et de centella asiatica unifie le teint et la texture de la peau tout en am\u00e9liorant son \u00e9lasticit\u00e9. De plus, il est id\u00e9al pour les peaux sensibles [&hellip;]<\/p>\n","protected":false},"featured_media":3676,"comment_status":"open","ping_status":"closed","template":"","meta":{"content-type":"","_uag_custom_page_level_css":""},"pwb-brand":[],"product_brand":[],"product_cat":[391,336,328,334],"product_tag":[],"class_list":{"0":"post-3677","1":"product","2":"type-product","3":"status-publish","4":"has-post-thumbnail","6":"product_cat-aplb","7":"product_cat-nettoyant","8":"product_cat-nouveautes","9":"product_cat-produits-coreens","11":"first","12":"instock","13":"sale","14":"shipping-taxable","15":"purchasable","16":"product-type-simple"},"aioseo_notices":[],"uagb_featured_image_src":{"full":["https:\/\/wavexia.com\/wp-content\/uploads\/2025\/10\/APLB_-_Glutathione_Niacinamide_Facial_Cleanser_80_ML_4-removebg.webp",900,900,false],"thumbnail":["https:\/\/wavexia.com\/wp-content\/uploads\/2025\/10\/APLB_-_Glutathione_Niacinamide_Facial_Cleanser_80_ML_4-removebg-150x150.webp",150,150,true],"medium":["https:\/\/wavexia.com\/wp-content\/uploads\/2025\/10\/APLB_-_Glutathione_Niacinamide_Facial_Cleanser_80_ML_4-removebg-300x300.webp",300,300,true],"medium_large":["https:\/\/wavexia.com\/wp-content\/uploads\/2025\/10\/APLB_-_Glutathione_Niacinamide_Facial_Cleanser_80_ML_4-removebg-768x768.webp",768,768,true],"large":["https:\/\/wavexia.com\/wp-content\/uploads\/2025\/10\/APLB_-_Glutathione_Niacinamide_Facial_Cleanser_80_ML_4-removebg.webp",900,900,false],"1536x1536":["https:\/\/wavexia.com\/wp-content\/uploads\/2025\/10\/APLB_-_Glutathione_Niacinamide_Facial_Cleanser_80_ML_4-removebg.webp",900,900,false],"2048x2048":["https:\/\/wavexia.com\/wp-content\/uploads\/2025\/10\/APLB_-_Glutathione_Niacinamide_Facial_Cleanser_80_ML_4-removebg.webp",900,900,false],"woocommerce_archive_thumbnail":["https:\/\/wavexia.com\/wp-content\/uploads\/2025\/10\/APLB_-_Glutathione_Niacinamide_Facial_Cleanser_80_ML_4-removebg-300x300.webp",300,300,true],"woocommerce_thumbnail":["https:\/\/wavexia.com\/wp-content\/uploads\/2025\/10\/APLB_-_Glutathione_Niacinamide_Facial_Cleanser_80_ML_4-removebg-300x300.webp",300,300,true],"woocommerce_single":["https:\/\/wavexia.com\/wp-content\/uploads\/2025\/10\/APLB_-_Glutathione_Niacinamide_Facial_Cleanser_80_ML_4-removebg-600x600.webp",600,600,true],"woocommerce_gallery_thumbnail":["https:\/\/wavexia.com\/wp-content\/uploads\/2025\/10\/APLB_-_Glutathione_Niacinamide_Facial_Cleanser_80_ML_4-removebg-100x100.webp",100,100,true]},"uagb_author_info":{"display_name":"zineddine.ayoub98@gmail.com","author_link":"https:\/\/wavexia.com\/?author=0"},"uagb_comment_info":0,"uagb_excerpt":"Description Ce nettoyant cr\u00e9e des microbulles lorsque vous l\u2019appliquez qui nettoient en profondeur vos pores tout en hydratant votre peau. Sa formule \u00e0 base de glutathion, de niacinamide et de centella asiatica unifie le teint et la texture de la peau tout en am\u00e9liorant son \u00e9lasticit\u00e9. De plus, il est id\u00e9al pour les peaux sensibles&hellip;","brands":[],"_links":{"self":[{"href":"https:\/\/wavexia.com\/index.php?rest_route=\/wp\/v2\/product\/3677","targetHints":{"allow":["GET"]}}],"collection":[{"href":"https:\/\/wavexia.com\/index.php?rest_route=\/wp\/v2\/product"}],"about":[{"href":"https:\/\/wavexia.com\/index.php?rest_route=\/wp\/v2\/types\/product"}],"replies":[{"embeddable":true,"href":"https:\/\/wavexia.com\/index.php?rest_route=%2Fwp%2Fv2%2Fcomments&post=3677"}],"wp:featuredmedia":[{"embeddable":true,"href":"https:\/\/wavexia.com\/index.php?rest_route=\/wp\/v2\/media\/3676"}],"wp:attachment":[{"href":"https:\/\/wavexia.com\/index.php?rest_route=%2Fwp%2Fv2%2Fmedia&parent=3677"}],"wp:term":[{"taxonomy":"pwb-brand","embeddable":true,"href":"https:\/\/wavexia.com\/index.php?rest_route=%2Fwp%2Fv2%2Fpwb-brand&post=3677"},{"taxonomy":"product_brand","embeddable":true,"href":"https:\/\/wavexia.com\/index.php?rest_route=%2Fwp%2Fv2%2Fproduct_brand&post=3677"},{"taxonomy":"product_cat","embeddable":true,"href":"https:\/\/wavexia.com\/index.php?rest_route=%2Fwp%2Fv2%2Fproduct_cat&post=3677"},{"taxonomy":"product_tag","embeddable":true,"href":"https:\/\/wavexia.com\/index.php?rest_route=%2Fwp%2Fv2%2Fproduct_tag&post=3677"}],"curies":[{"name":"wp","href":"https:\/\/api.w.org\/{rel}","templated":true}]}}