{"id":3671,"date":"2025-10-19T08:55:43","date_gmt":"2025-10-19T08:55:43","guid":{"rendered":"https:\/\/wavexia.com\/product\/skin1004-zombie-beauty-bloody-peel-30ml\/"},"modified":"2026-03-10T07:30:56","modified_gmt":"2026-03-10T07:30:56","slug":"skin1004-zombie-beauty-bloody-peel-30ml","status":"publish","type":"product","link":"https:\/\/wavexia.com\/?product=skin1004-zombie-beauty-bloody-peel-30ml","title":{"rendered":"SKIN1004 Zombie Beauty Bloody Peel 30ml"},"content":{"rendered":"<h2>Description<\/h2>\n<p>Le Bloody Peel SKIN1004 est une solution exfoliante \u00e0 rincer qui r\u00e9v\u00e8le une peau \u00e9clatante et lumineuse. Formul\u00e9 avec de l\u2019acide glycolique (AHA 17%) et de l\u2019acide salicylique (BHA), ce produit facilite l\u2019\u00e9limination de l\u2019accumulation de cellules mortes, contr\u00f4le l\u2019exc\u00e8s de s\u00e9bum et lisse la texture de la peau. Le niacinamide et l\u2019extrait de pomme contribuent \u00e9galement \u00e0 am\u00e9liorer le teint et la texture de la peau. La couleur rouge vif de cette solution exfoliante provient d\u2019une combinaison d\u2019extraits de tomate, de betterave, de paprika et d\u2019un complexe de baies.<\/p>\n<h5><strong>ATTENTION :<\/strong><br \/><strong>Ne pas laisser le produit sur la peau pendant plus d\u2019une minute. \u00c9viter le contour de la bouche et des yeux.<\/strong><br \/><strong>Ce produit contient une forte concentration d\u2019AHA et il est recommand\u00e9 de l\u2019utiliser une \u00e0 deux fois par semaine au maximum.<\/strong><\/h5>\n<p><strong>Conseils d\u2019utilisation :<\/strong><\/p>\n<ul>\n<li>Utilise le compte-gouttes pour d\u00e9poser une quantit\u00e9 appropri\u00e9e de produit.<\/li>\n<li>Applique uniform\u00e9ment sur ton visage, en \u00e9vitant le contour des yeux et de la bouche.<\/li>\n<li>Laisse agir pendant 1 minute, puis rince \u00e0 l\u2019eau ti\u00e8de pour \u00e9liminer les restes de produit.<\/li>\n<\/ul>\n<p><strong>Ingr\u00e9dients :<\/strong><\/p>\n<p>Eau, Acide Glycolique, Hydroxyde de Potassium, Glycol Butyl\u00e8ne, Glyc\u00e9rine, 1,2-Hexanediol, Niacinamide, Extrait de Fruit de Pyrus Malus, Extrait de Fruit de Solanum Lycopersicum, Extrait de Fruit de Gardenia Florida, Extrait de Cacao (Cocoa), Extrait de Racine de Betterave (Beta Vulgaris), Extrait de Fruit de Capsicum Annuum, Extrait de Fruit de Malpighia Emarginata, Extrait de Fruit de Punica Granatum, Extrait de Fruit de Rubus Idaeus, Extrait de Fruit de Vaccinium Macrocarpon, Gluconolactone, Acide Salicylique, Dextrine, Gomme de Xanthane, Propanediol, Hyaluronate de Sodium, Prot\u00e9ine de Pois Hydrolys\u00e9e, Phytost\u00e9rol, L\u00e9cithine, Huile de Fruit d\u2019Olea Europaea, Squalane, Beurre de Karit\u00e9, C\u00e9ramide NP, Disodium EDTA, \u00c9thylhexylglyc\u00e9rine.<\/p>\n","protected":false},"excerpt":{"rendered":"<p>Description Le Bloody Peel SKIN1004 est une solution exfoliante \u00e0 rincer qui r\u00e9v\u00e8le une peau \u00e9clatante et lumineuse. Formul\u00e9 avec de l\u2019acide glycolique (AHA 17%) et de l\u2019acide salicylique (BHA), ce produit facilite l\u2019\u00e9limination de l\u2019accumulation de cellules mortes, contr\u00f4le l\u2019exc\u00e8s de s\u00e9bum et lisse la texture de la peau. Le niacinamide et l\u2019extrait de [&hellip;]<\/p>\n","protected":false},"featured_media":3670,"comment_status":"open","ping_status":"closed","template":"","meta":{"content-type":"","_uag_custom_page_level_css":""},"pwb-brand":[],"product_brand":[],"product_cat":[375,328,334,350],"product_tag":[],"class_list":{"0":"post-3671","1":"product","2":"type-product","3":"status-publish","4":"has-post-thumbnail","6":"product_cat-gommage-peeling","7":"product_cat-nouveautes","8":"product_cat-produits-coreens","9":"product_cat-skin1004","11":"first","12":"instock","13":"sale","14":"shipping-taxable","15":"purchasable","16":"product-type-simple"},"aioseo_notices":[],"uagb_featured_image_src":{"full":["https:\/\/wavexia.com\/wp-content\/uploads\/2025\/10\/919e5e26151f1779f5ab7e602c96ba988b26b5cd.jpeg",930,1163,false],"thumbnail":["https:\/\/wavexia.com\/wp-content\/uploads\/2025\/10\/919e5e26151f1779f5ab7e602c96ba988b26b5cd-150x150.jpeg",150,150,true],"medium":["https:\/\/wavexia.com\/wp-content\/uploads\/2025\/10\/919e5e26151f1779f5ab7e602c96ba988b26b5cd-240x300.jpeg",240,300,true],"medium_large":["https:\/\/wavexia.com\/wp-content\/uploads\/2025\/10\/919e5e26151f1779f5ab7e602c96ba988b26b5cd-768x960.jpeg",768,960,true],"large":["https:\/\/wavexia.com\/wp-content\/uploads\/2025\/10\/919e5e26151f1779f5ab7e602c96ba988b26b5cd-819x1024.jpeg",819,1024,true],"1536x1536":["https:\/\/wavexia.com\/wp-content\/uploads\/2025\/10\/919e5e26151f1779f5ab7e602c96ba988b26b5cd.jpeg",930,1163,false],"2048x2048":["https:\/\/wavexia.com\/wp-content\/uploads\/2025\/10\/919e5e26151f1779f5ab7e602c96ba988b26b5cd.jpeg",930,1163,false],"woocommerce_archive_thumbnail":["https:\/\/wavexia.com\/wp-content\/uploads\/2025\/10\/919e5e26151f1779f5ab7e602c96ba988b26b5cd-300x375.jpeg",300,375,true],"woocommerce_thumbnail":["https:\/\/wavexia.com\/wp-content\/uploads\/2025\/10\/919e5e26151f1779f5ab7e602c96ba988b26b5cd-300x300.jpeg",300,300,true],"woocommerce_single":["https:\/\/wavexia.com\/wp-content\/uploads\/2025\/10\/919e5e26151f1779f5ab7e602c96ba988b26b5cd-600x750.jpeg",600,750,true],"woocommerce_gallery_thumbnail":["https:\/\/wavexia.com\/wp-content\/uploads\/2025\/10\/919e5e26151f1779f5ab7e602c96ba988b26b5cd-100x100.jpeg",100,100,true]},"uagb_author_info":{"display_name":"zineddine.ayoub98@gmail.com","author_link":"https:\/\/wavexia.com\/?author=0"},"uagb_comment_info":0,"uagb_excerpt":"Description Le Bloody Peel SKIN1004 est une solution exfoliante \u00e0 rincer qui r\u00e9v\u00e8le une peau \u00e9clatante et lumineuse. Formul\u00e9 avec de l\u2019acide glycolique (AHA 17%) et de l\u2019acide salicylique (BHA), ce produit facilite l\u2019\u00e9limination de l\u2019accumulation de cellules mortes, contr\u00f4le l\u2019exc\u00e8s de s\u00e9bum et lisse la texture de la peau. Le niacinamide et l\u2019extrait de&hellip;","brands":[],"_links":{"self":[{"href":"https:\/\/wavexia.com\/index.php?rest_route=\/wp\/v2\/product\/3671","targetHints":{"allow":["GET"]}}],"collection":[{"href":"https:\/\/wavexia.com\/index.php?rest_route=\/wp\/v2\/product"}],"about":[{"href":"https:\/\/wavexia.com\/index.php?rest_route=\/wp\/v2\/types\/product"}],"replies":[{"embeddable":true,"href":"https:\/\/wavexia.com\/index.php?rest_route=%2Fwp%2Fv2%2Fcomments&post=3671"}],"wp:featuredmedia":[{"embeddable":true,"href":"https:\/\/wavexia.com\/index.php?rest_route=\/wp\/v2\/media\/3670"}],"wp:attachment":[{"href":"https:\/\/wavexia.com\/index.php?rest_route=%2Fwp%2Fv2%2Fmedia&parent=3671"}],"wp:term":[{"taxonomy":"pwb-brand","embeddable":true,"href":"https:\/\/wavexia.com\/index.php?rest_route=%2Fwp%2Fv2%2Fpwb-brand&post=3671"},{"taxonomy":"product_brand","embeddable":true,"href":"https:\/\/wavexia.com\/index.php?rest_route=%2Fwp%2Fv2%2Fproduct_brand&post=3671"},{"taxonomy":"product_cat","embeddable":true,"href":"https:\/\/wavexia.com\/index.php?rest_route=%2Fwp%2Fv2%2Fproduct_cat&post=3671"},{"taxonomy":"product_tag","embeddable":true,"href":"https:\/\/wavexia.com\/index.php?rest_route=%2Fwp%2Fv2%2Fproduct_tag&post=3671"}],"curies":[{"name":"wp","href":"https:\/\/api.w.org\/{rel}","templated":true}]}}