{"id":3655,"date":"2025-10-19T08:55:33","date_gmt":"2025-10-19T08:55:33","guid":{"rendered":"https:\/\/wavexia.com\/product\/now-eve-superior-womens-multi-180-softgels\/"},"modified":"2026-03-10T07:30:56","modified_gmt":"2026-03-10T07:30:56","slug":"now-eve-superior-womens-multi-180-softgels","status":"publish","type":"product","link":"https:\/\/wavexia.com\/?product=now-eve-superior-womens-multi-180-softgels","title":{"rendered":"NOW EVE SUPERIOR WOMEN\u2019S MULTI, 180 softgels"},"content":{"rendered":"<h2>Description<\/h2>\n<p class=\"product-property-value\">EVE a \u00e9t\u00e9 cr\u00e9\u00e9 pour offrir aux femmes une alternative naturelle aux multiples et aux formules de masse avec des ingr\u00e9dients synth\u00e9tiques et des additifs douteux. Des ann\u00e9es apr\u00e8s son introduction, EVE est toujours la premi\u00e8re multivitamine f\u00e9minine de l\u2019industrie. Ces g\u00e9lules multivitamin\u00e9es sont plus faciles \u00e0 avaler et sont formul\u00e9es pour une meilleure tol\u00e9rance gastro-intestinale. Des variations de couleur naturelles peuvent se produire dans ce produit.<\/p>\n<ul>\n<li>MULTIVITAMINES POUR LES FEMMES : Sp\u00e9cialement formul\u00e9 pour les besoins en vitamines des femmes adultes pr\u00e9m\u00e9nopaus\u00e9es, avec de l\u2019onagre, de la canneberge, du th\u00e9 vert, de la silice de pr\u00eale, de la CoQ10, etc.<\/li>\n<\/ul>\n<ul>\n<li style=\"list-style-type: none;\">\n<ul>\n<li>G\u00c9LULES : Plus facile \u00e0 avaler que les comprim\u00e9s et formul\u00e9 pour une meilleure tol\u00e9rance gastro-intestinale. Il est sugg\u00e9r\u00e9 de prendre trois g\u00e9lules par jour avec de la nourriture.<\/li>\n<li>CERTIFICATIONS\/CLASSIFICATIONS : Qualit\u00e9 GMP assur\u00e9e, sans produits laitiers, sans \u0153ufs, sans gluten.<\/li>\n<li>Qualit\u00e9 GMP assur\u00e9e : La certification BPF not\u00e9e NPA A signifie que tous les aspects du processus de fabrication de NOW ont \u00e9t\u00e9 examin\u00e9s, y compris nos m\u00e9thodes de laboratoire\/d\u2019essai (pour la stabilit\u00e9, la puissance et la formulation du produit)<\/li>\n<li>Emball\u00e9 aux \u00c9tats-Unis par une entreprise familiale depuis 1968<\/li>\n<\/ul>\n<\/li>\n<\/ul>\n","protected":false},"excerpt":{"rendered":"<p>Description EVE a \u00e9t\u00e9 cr\u00e9\u00e9 pour offrir aux femmes une alternative naturelle aux multiples et aux formules de masse avec des ingr\u00e9dients synth\u00e9tiques et des additifs douteux. Des ann\u00e9es apr\u00e8s son introduction, EVE est toujours la premi\u00e8re multivitamine f\u00e9minine de l\u2019industrie. Ces g\u00e9lules multivitamin\u00e9es sont plus faciles \u00e0 avaler et sont formul\u00e9es pour une meilleure [&hellip;]<\/p>\n","protected":false},"featured_media":3654,"comment_status":"open","ping_status":"closed","template":"","meta":{"content-type":"","_uag_custom_page_level_css":""},"pwb-brand":[],"product_brand":[],"product_cat":[330,328],"product_tag":[],"class_list":{"0":"post-3655","1":"product","2":"type-product","3":"status-publish","4":"has-post-thumbnail","6":"product_cat-complements-alimentaires","7":"product_cat-nouveautes","9":"first","10":"instock","11":"sale","12":"shipping-taxable","13":"purchasable","14":"product-type-simple"},"aioseo_notices":[],"uagb_featured_image_src":{"full":["https:\/\/wavexia.com\/wp-content\/uploads\/2025\/10\/71al644LuGL.jpg",1600,1600,false],"thumbnail":["https:\/\/wavexia.com\/wp-content\/uploads\/2025\/10\/71al644LuGL-150x150.jpg",150,150,true],"medium":["https:\/\/wavexia.com\/wp-content\/uploads\/2025\/10\/71al644LuGL-300x300.jpg",300,300,true],"medium_large":["https:\/\/wavexia.com\/wp-content\/uploads\/2025\/10\/71al644LuGL-768x768.jpg",768,768,true],"large":["https:\/\/wavexia.com\/wp-content\/uploads\/2025\/10\/71al644LuGL-1024x1024.jpg",1024,1024,true],"1536x1536":["https:\/\/wavexia.com\/wp-content\/uploads\/2025\/10\/71al644LuGL-1536x1536.jpg",1536,1536,true],"2048x2048":["https:\/\/wavexia.com\/wp-content\/uploads\/2025\/10\/71al644LuGL.jpg",1600,1600,false],"woocommerce_archive_thumbnail":["https:\/\/wavexia.com\/wp-content\/uploads\/2025\/10\/71al644LuGL-300x300.jpg",300,300,true],"woocommerce_thumbnail":["https:\/\/wavexia.com\/wp-content\/uploads\/2025\/10\/71al644LuGL-300x300.jpg",300,300,true],"woocommerce_single":["https:\/\/wavexia.com\/wp-content\/uploads\/2025\/10\/71al644LuGL-600x600.jpg",600,600,true],"woocommerce_gallery_thumbnail":["https:\/\/wavexia.com\/wp-content\/uploads\/2025\/10\/71al644LuGL-100x100.jpg",100,100,true]},"uagb_author_info":{"display_name":"zineddine.ayoub98@gmail.com","author_link":"https:\/\/wavexia.com\/?author=0"},"uagb_comment_info":0,"uagb_excerpt":"Description EVE a \u00e9t\u00e9 cr\u00e9\u00e9 pour offrir aux femmes une alternative naturelle aux multiples et aux formules de masse avec des ingr\u00e9dients synth\u00e9tiques et des additifs douteux. Des ann\u00e9es apr\u00e8s son introduction, EVE est toujours la premi\u00e8re multivitamine f\u00e9minine de l\u2019industrie. Ces g\u00e9lules multivitamin\u00e9es sont plus faciles \u00e0 avaler et sont formul\u00e9es pour une meilleure&hellip;","brands":[],"_links":{"self":[{"href":"https:\/\/wavexia.com\/index.php?rest_route=\/wp\/v2\/product\/3655","targetHints":{"allow":["GET"]}}],"collection":[{"href":"https:\/\/wavexia.com\/index.php?rest_route=\/wp\/v2\/product"}],"about":[{"href":"https:\/\/wavexia.com\/index.php?rest_route=\/wp\/v2\/types\/product"}],"replies":[{"embeddable":true,"href":"https:\/\/wavexia.com\/index.php?rest_route=%2Fwp%2Fv2%2Fcomments&post=3655"}],"wp:featuredmedia":[{"embeddable":true,"href":"https:\/\/wavexia.com\/index.php?rest_route=\/wp\/v2\/media\/3654"}],"wp:attachment":[{"href":"https:\/\/wavexia.com\/index.php?rest_route=%2Fwp%2Fv2%2Fmedia&parent=3655"}],"wp:term":[{"taxonomy":"pwb-brand","embeddable":true,"href":"https:\/\/wavexia.com\/index.php?rest_route=%2Fwp%2Fv2%2Fpwb-brand&post=3655"},{"taxonomy":"product_brand","embeddable":true,"href":"https:\/\/wavexia.com\/index.php?rest_route=%2Fwp%2Fv2%2Fproduct_brand&post=3655"},{"taxonomy":"product_cat","embeddable":true,"href":"https:\/\/wavexia.com\/index.php?rest_route=%2Fwp%2Fv2%2Fproduct_cat&post=3655"},{"taxonomy":"product_tag","embeddable":true,"href":"https:\/\/wavexia.com\/index.php?rest_route=%2Fwp%2Fv2%2Fproduct_tag&post=3655"}],"curies":[{"name":"wp","href":"https:\/\/api.w.org\/{rel}","templated":true}]}}