{"id":3640,"date":"2025-10-19T08:55:19","date_gmt":"2025-10-19T08:55:19","guid":{"rendered":"https:\/\/wavexia.com\/product\/sol-de-janeiro-brazilian-crush-cheirosa-71-90ml\/"},"modified":"2026-03-10T07:30:56","modified_gmt":"2026-03-10T07:30:56","slug":"sol-de-janeiro-brazilian-crush-cheirosa-71-90ml","status":"publish","type":"product","link":"https:\/\/wavexia.com\/?product=sol-de-janeiro-brazilian-crush-cheirosa-71-90ml","title":{"rendered":"Sol de Janeiro Brazilian Crush Cheirosa \u201971 \u2013 90ml"},"content":{"rendered":"<h2>Description<\/h2>\n<p>Parfum chaud et \u00e9pic\u00e9<\/p>\n<p><strong>Type :&nbsp;<\/strong>Chaud et sucr\u00e9 Gourmand<\/p>\n<p><strong>Notes cl\u00e9s<\/strong>&nbsp;: Vanille caram\u00e9lis\u00e9e, Noix de macadamia grill\u00e9e, F\u00e8ve Tonka<\/p>\n<p>Un parfum pour les cheveux et le corps d\u00e9licieusement voluptueux avec des notes chaudes et accueillantes de vanille caram\u00e9lis\u00e9e et de noix de macadamia grill\u00e9e pour satisfaire toutes les envies.<\/p>\n<p>Sans sulfates SLS et SLES, parab\u00e8nes, formald\u00e9hydes, agents lib\u00e9rant des formald\u00e9hydes, phtalates, huile min\u00e9rale, palmitate de r\u00e9tinyle, oxybenzone, goudron de houille, hydroquinone, triclosan et triclocarban. Ce produit est \u00e9galement v\u00e9g\u00e9talien, sans cruaut\u00e9 et sans gluten, et est livr\u00e9 dans un emballage recyclable.<\/p>\n<p><strong>Ce que vous devez aussi savoir :<\/strong>&nbsp;Au Br\u00e9sil, l\u2019un des secrets de beaut\u00e9 essentiels est d\u2019\u00eatre \u00ab&nbsp;cheirosa&nbsp;\u00bb (sheh-ro-zah), ce qui signifie \u00ab&nbsp;sentir toujours d\u00e9licieux&nbsp;\u00bb. Ce parfum gourmand irr\u00e9sistible offre une fa\u00e7on douce et sophistiqu\u00e9e d\u2019\u00eatre cheirosa en tentant les sens avec un m\u00e9lange complexe de notes d\u00e9licieuses et luxueuses qui invitent \u00e0 une c\u00e9l\u00e9bration joyeuse.<\/p>\n","protected":false},"excerpt":{"rendered":"<p>Description Parfum chaud et \u00e9pic\u00e9 Type :&nbsp;Chaud et sucr\u00e9 Gourmand Notes cl\u00e9s&nbsp;: Vanille caram\u00e9lis\u00e9e, Noix de macadamia grill\u00e9e, F\u00e8ve Tonka Un parfum pour les cheveux et le corps d\u00e9licieusement voluptueux avec des notes chaudes et accueillantes de vanille caram\u00e9lis\u00e9e et de noix de macadamia grill\u00e9e pour satisfaire toutes les envies. Sans sulfates SLS et SLES, [&hellip;]<\/p>\n","protected":false},"featured_media":3639,"comment_status":"open","ping_status":"closed","template":"","meta":{"content-type":"","_uag_custom_page_level_css":""},"pwb-brand":[],"product_brand":[],"product_cat":[400],"product_tag":[],"class_list":{"0":"post-3640","1":"product","2":"type-product","3":"status-publish","4":"has-post-thumbnail","6":"product_cat-sol-de-janeiro","8":"first","9":"instock","10":"sale","11":"shipping-taxable","12":"purchasable","13":"product-type-simple"},"aioseo_notices":[],"uagb_featured_image_src":{"full":["https:\/\/wavexia.com\/wp-content\/uploads\/2025\/10\/IMG_1092.png",342,342,false],"thumbnail":["https:\/\/wavexia.com\/wp-content\/uploads\/2025\/10\/IMG_1092-150x150.png",150,150,true],"medium":["https:\/\/wavexia.com\/wp-content\/uploads\/2025\/10\/IMG_1092-300x300.png",300,300,true],"medium_large":["https:\/\/wavexia.com\/wp-content\/uploads\/2025\/10\/IMG_1092.png",342,342,false],"large":["https:\/\/wavexia.com\/wp-content\/uploads\/2025\/10\/IMG_1092.png",342,342,false],"1536x1536":["https:\/\/wavexia.com\/wp-content\/uploads\/2025\/10\/IMG_1092.png",342,342,false],"2048x2048":["https:\/\/wavexia.com\/wp-content\/uploads\/2025\/10\/IMG_1092.png",342,342,false],"woocommerce_archive_thumbnail":["https:\/\/wavexia.com\/wp-content\/uploads\/2025\/10\/IMG_1092-300x300.png",300,300,true],"woocommerce_thumbnail":["https:\/\/wavexia.com\/wp-content\/uploads\/2025\/10\/IMG_1092-300x300.png",300,300,true],"woocommerce_single":["https:\/\/wavexia.com\/wp-content\/uploads\/2025\/10\/IMG_1092.png",342,342,false],"woocommerce_gallery_thumbnail":["https:\/\/wavexia.com\/wp-content\/uploads\/2025\/10\/IMG_1092-100x100.png",100,100,true]},"uagb_author_info":{"display_name":"zineddine.ayoub98@gmail.com","author_link":"https:\/\/wavexia.com\/?author=0"},"uagb_comment_info":0,"uagb_excerpt":"Description Parfum chaud et \u00e9pic\u00e9 Type :&nbsp;Chaud et sucr\u00e9 Gourmand Notes cl\u00e9s&nbsp;: Vanille caram\u00e9lis\u00e9e, Noix de macadamia grill\u00e9e, F\u00e8ve Tonka Un parfum pour les cheveux et le corps d\u00e9licieusement voluptueux avec des notes chaudes et accueillantes de vanille caram\u00e9lis\u00e9e et de noix de macadamia grill\u00e9e pour satisfaire toutes les envies. Sans sulfates SLS et SLES,&hellip;","brands":[],"_links":{"self":[{"href":"https:\/\/wavexia.com\/index.php?rest_route=\/wp\/v2\/product\/3640","targetHints":{"allow":["GET"]}}],"collection":[{"href":"https:\/\/wavexia.com\/index.php?rest_route=\/wp\/v2\/product"}],"about":[{"href":"https:\/\/wavexia.com\/index.php?rest_route=\/wp\/v2\/types\/product"}],"replies":[{"embeddable":true,"href":"https:\/\/wavexia.com\/index.php?rest_route=%2Fwp%2Fv2%2Fcomments&post=3640"}],"wp:featuredmedia":[{"embeddable":true,"href":"https:\/\/wavexia.com\/index.php?rest_route=\/wp\/v2\/media\/3639"}],"wp:attachment":[{"href":"https:\/\/wavexia.com\/index.php?rest_route=%2Fwp%2Fv2%2Fmedia&parent=3640"}],"wp:term":[{"taxonomy":"pwb-brand","embeddable":true,"href":"https:\/\/wavexia.com\/index.php?rest_route=%2Fwp%2Fv2%2Fpwb-brand&post=3640"},{"taxonomy":"product_brand","embeddable":true,"href":"https:\/\/wavexia.com\/index.php?rest_route=%2Fwp%2Fv2%2Fproduct_brand&post=3640"},{"taxonomy":"product_cat","embeddable":true,"href":"https:\/\/wavexia.com\/index.php?rest_route=%2Fwp%2Fv2%2Fproduct_cat&post=3640"},{"taxonomy":"product_tag","embeddable":true,"href":"https:\/\/wavexia.com\/index.php?rest_route=%2Fwp%2Fv2%2Fproduct_tag&post=3640"}],"curies":[{"name":"wp","href":"https:\/\/api.w.org\/{rel}","templated":true}]}}