{"id":3615,"date":"2025-10-19T08:54:48","date_gmt":"2025-10-19T08:54:48","guid":{"rendered":"https:\/\/wavexia.com\/product\/acure-facial-scrub-gommage-visage-illuminateur-118-ml\/"},"modified":"2026-03-10T07:30:56","modified_gmt":"2026-03-10T07:30:56","slug":"acure-facial-scrub-gommage-visage-illuminateur-118-ml","status":"publish","type":"product","link":"https:\/\/wavexia.com\/?product=acure-facial-scrub-gommage-visage-illuminateur-118-ml","title":{"rendered":"ACURE Facial Scrub Gommage visage illuminateur 118 ml"},"content":{"rendered":"<h2>Description<\/h2>\n<p>D\u00e9couvrez notre gommage visage illuminateur ACURE de 118 ml, parfait pour tous types de peau. Avec sa formule 100% vegan et sans ingr\u00e9dients nocifs tels que les parab\u00e8nes, sulfates, huile min\u00e9rale ou encore le formald\u00e9hyde, vous pourrez profiter d\u2019une peau douce et \u00e9clatante sans nuire aux animaux, certifi\u00e9 par Leaping Bunny.<\/p>\n<p>Nous sommes convaincus qu\u2019une hydratation apaisante et des ingr\u00e9dients \u00e0 base de plantes sont le secret d\u2019une peau \u00e9panouie et en pleine forme. \u00c0 vous de vous \u00e9panouir&nbsp;!<\/p>\n<p>Les super-nutriments du varech adoucissent et d\u00e9toxifient tandis que le zeste de citron et le kaolin nettoient. Le lys blanc apporte la luminosit\u00e9 n\u00e9cessaire \u00e0 ce gommage rafra\u00eechissant pour le visage.<\/p>\n","protected":false},"excerpt":{"rendered":"<p>Description D\u00e9couvrez notre gommage visage illuminateur ACURE de 118 ml, parfait pour tous types de peau. Avec sa formule 100% vegan et sans ingr\u00e9dients nocifs tels que les parab\u00e8nes, sulfates, huile min\u00e9rale ou encore le formald\u00e9hyde, vous pourrez profiter d\u2019une peau douce et \u00e9clatante sans nuire aux animaux, certifi\u00e9 par Leaping Bunny. Nous sommes convaincus [&hellip;]<\/p>\n","protected":false},"featured_media":3614,"comment_status":"open","ping_status":"closed","template":"","meta":{"content-type":"","_uag_custom_page_level_css":""},"pwb-brand":[],"product_brand":[],"product_cat":[413,375,327,329],"product_tag":[],"class_list":{"0":"post-3615","1":"product","2":"type-product","3":"status-publish","4":"has-post-thumbnail","6":"product_cat-acure","7":"product_cat-gommage-peeling","8":"product_cat-hmizat","9":"product_cat-produits-americains","11":"first","12":"instock","13":"sale","14":"shipping-taxable","15":"purchasable","16":"product-type-simple"},"aioseo_notices":[],"uagb_featured_image_src":{"full":["https:\/\/wavexia.com\/wp-content\/uploads\/2025\/10\/31PsbpcvLUL._SL500__1.webp",477,500,false],"thumbnail":["https:\/\/wavexia.com\/wp-content\/uploads\/2025\/10\/31PsbpcvLUL._SL500__1-150x150.webp",150,150,true],"medium":["https:\/\/wavexia.com\/wp-content\/uploads\/2025\/10\/31PsbpcvLUL._SL500__1-286x300.webp",286,300,true],"medium_large":["https:\/\/wavexia.com\/wp-content\/uploads\/2025\/10\/31PsbpcvLUL._SL500__1.webp",477,500,false],"large":["https:\/\/wavexia.com\/wp-content\/uploads\/2025\/10\/31PsbpcvLUL._SL500__1.webp",477,500,false],"1536x1536":["https:\/\/wavexia.com\/wp-content\/uploads\/2025\/10\/31PsbpcvLUL._SL500__1.webp",477,500,false],"2048x2048":["https:\/\/wavexia.com\/wp-content\/uploads\/2025\/10\/31PsbpcvLUL._SL500__1.webp",477,500,false],"woocommerce_archive_thumbnail":["https:\/\/wavexia.com\/wp-content\/uploads\/2025\/10\/31PsbpcvLUL._SL500__1-300x314.webp",300,314,true],"woocommerce_thumbnail":["https:\/\/wavexia.com\/wp-content\/uploads\/2025\/10\/31PsbpcvLUL._SL500__1-300x300.webp",300,300,true],"woocommerce_single":["https:\/\/wavexia.com\/wp-content\/uploads\/2025\/10\/31PsbpcvLUL._SL500__1.webp",477,500,false],"woocommerce_gallery_thumbnail":["https:\/\/wavexia.com\/wp-content\/uploads\/2025\/10\/31PsbpcvLUL._SL500__1-100x100.webp",100,100,true]},"uagb_author_info":{"display_name":"zineddine.ayoub98@gmail.com","author_link":"https:\/\/wavexia.com\/?author=0"},"uagb_comment_info":0,"uagb_excerpt":"Description D\u00e9couvrez notre gommage visage illuminateur ACURE de 118 ml, parfait pour tous types de peau. Avec sa formule 100% vegan et sans ingr\u00e9dients nocifs tels que les parab\u00e8nes, sulfates, huile min\u00e9rale ou encore le formald\u00e9hyde, vous pourrez profiter d\u2019une peau douce et \u00e9clatante sans nuire aux animaux, certifi\u00e9 par Leaping Bunny. Nous sommes convaincus&hellip;","brands":[],"_links":{"self":[{"href":"https:\/\/wavexia.com\/index.php?rest_route=\/wp\/v2\/product\/3615","targetHints":{"allow":["GET"]}}],"collection":[{"href":"https:\/\/wavexia.com\/index.php?rest_route=\/wp\/v2\/product"}],"about":[{"href":"https:\/\/wavexia.com\/index.php?rest_route=\/wp\/v2\/types\/product"}],"replies":[{"embeddable":true,"href":"https:\/\/wavexia.com\/index.php?rest_route=%2Fwp%2Fv2%2Fcomments&post=3615"}],"wp:featuredmedia":[{"embeddable":true,"href":"https:\/\/wavexia.com\/index.php?rest_route=\/wp\/v2\/media\/3614"}],"wp:attachment":[{"href":"https:\/\/wavexia.com\/index.php?rest_route=%2Fwp%2Fv2%2Fmedia&parent=3615"}],"wp:term":[{"taxonomy":"pwb-brand","embeddable":true,"href":"https:\/\/wavexia.com\/index.php?rest_route=%2Fwp%2Fv2%2Fpwb-brand&post=3615"},{"taxonomy":"product_brand","embeddable":true,"href":"https:\/\/wavexia.com\/index.php?rest_route=%2Fwp%2Fv2%2Fproduct_brand&post=3615"},{"taxonomy":"product_cat","embeddable":true,"href":"https:\/\/wavexia.com\/index.php?rest_route=%2Fwp%2Fv2%2Fproduct_cat&post=3615"},{"taxonomy":"product_tag","embeddable":true,"href":"https:\/\/wavexia.com\/index.php?rest_route=%2Fwp%2Fv2%2Fproduct_tag&post=3615"}],"curies":[{"name":"wp","href":"https:\/\/api.w.org\/{rel}","templated":true}]}}