{"id":3607,"date":"2025-10-19T08:54:42","date_gmt":"2025-10-19T08:54:42","guid":{"rendered":"https:\/\/wavexia.com\/product\/secret-outlast-clear-gel-deodorant-73g-unscented\/"},"modified":"2026-03-10T07:30:56","modified_gmt":"2026-03-10T07:30:56","slug":"secret-outlast-clear-gel-deodorant-73g-unscented","status":"publish","type":"product","link":"https:\/\/wavexia.com\/?product=secret-outlast-clear-gel-deodorant-73g-unscented","title":{"rendered":"Secret Outlast Clear Gel Deodorant 73g UNSCENTED"},"content":{"rendered":"<h2>Description<\/h2>\n<ul>\n<li>Combat 99 % des bact\u00e9ries responsables des odeurs*<\/li>\n<li>Profitez de 72 heures de protection continue contre les odeurs, assurant une fra\u00eecheur durable.<\/li>\n<li>Notre formule unique au pH \u00e9quilibr\u00e9 offre une protection sup\u00e9rieure contre la transpiration et les odeurs, vous permettant de rester confiant tout au long de la journ\u00e9e.<\/li>\n<li>La formule Clear Gel s\u2019applique et reste claire, ne laissant aucun r\u00e9sidu.<\/li>\n<\/ul>\n<p>D\u00e9couvrez la puissance de la formule antisudorifique Secret Outlast, con\u00e7ue pour s\u2019attaquer \u00e0 vos probl\u00e8mes de transpiration et d\u2019odeurs. Avec une protection de 72 heures contre la transpiration et les odeurs, il vous garde au frais et confiant tout au long de la journ\u00e9e. Notre formule combat les bact\u00e9ries responsables des odeurs, assurant une fra\u00eecheur durable. L\u2019application claire se d\u00e9roule en douceur, ne laissant aucun r\u00e9sidu ni marque. Il est doux pour la peau et vous offre la tranquillit\u00e9 d\u2019esprit dont vous avez besoin pour commencer votre journ\u00e9e sans souci. Faites confiance \u00e0 Secret pour travailler aussi dur que vous, afin que vous puissiez vous concentrer sur ce qui compte le plus.<\/p>\n","protected":false},"excerpt":{"rendered":"<p>Description Combat 99 % des bact\u00e9ries responsables des odeurs* Profitez de 72 heures de protection continue contre les odeurs, assurant une fra\u00eecheur durable. Notre formule unique au pH \u00e9quilibr\u00e9 offre une protection sup\u00e9rieure contre la transpiration et les odeurs, vous permettant de rester confiant tout au long de la journ\u00e9e. La formule Clear Gel s\u2019applique [&hellip;]<\/p>\n","protected":false},"featured_media":3606,"comment_status":"open","ping_status":"closed","template":"","meta":{"content-type":"","_uag_custom_page_level_css":""},"pwb-brand":[],"product_brand":[],"product_cat":[329,396],"product_tag":[],"class_list":{"0":"post-3607","1":"product","2":"type-product","3":"status-publish","4":"has-post-thumbnail","6":"product_cat-produits-americains","7":"product_cat-secret-deo","9":"first","10":"instock","11":"sale","12":"shipping-taxable","13":"purchasable","14":"product-type-simple"},"aioseo_notices":[],"uagb_featured_image_src":{"full":["https:\/\/wavexia.com\/wp-content\/uploads\/2025\/10\/960176494-C1N1.webp",428,428,false],"thumbnail":["https:\/\/wavexia.com\/wp-content\/uploads\/2025\/10\/960176494-C1N1-150x150.webp",150,150,true],"medium":["https:\/\/wavexia.com\/wp-content\/uploads\/2025\/10\/960176494-C1N1-300x300.webp",300,300,true],"medium_large":["https:\/\/wavexia.com\/wp-content\/uploads\/2025\/10\/960176494-C1N1.webp",428,428,false],"large":["https:\/\/wavexia.com\/wp-content\/uploads\/2025\/10\/960176494-C1N1.webp",428,428,false],"1536x1536":["https:\/\/wavexia.com\/wp-content\/uploads\/2025\/10\/960176494-C1N1.webp",428,428,false],"2048x2048":["https:\/\/wavexia.com\/wp-content\/uploads\/2025\/10\/960176494-C1N1.webp",428,428,false],"woocommerce_archive_thumbnail":["https:\/\/wavexia.com\/wp-content\/uploads\/2025\/10\/960176494-C1N1-300x300.webp",300,300,true],"woocommerce_thumbnail":["https:\/\/wavexia.com\/wp-content\/uploads\/2025\/10\/960176494-C1N1-300x300.webp",300,300,true],"woocommerce_single":["https:\/\/wavexia.com\/wp-content\/uploads\/2025\/10\/960176494-C1N1.webp",428,428,false],"woocommerce_gallery_thumbnail":["https:\/\/wavexia.com\/wp-content\/uploads\/2025\/10\/960176494-C1N1-100x100.webp",100,100,true]},"uagb_author_info":{"display_name":"zineddine.ayoub98@gmail.com","author_link":"https:\/\/wavexia.com\/?author=0"},"uagb_comment_info":0,"uagb_excerpt":"Description Combat 99 % des bact\u00e9ries responsables des odeurs* Profitez de 72 heures de protection continue contre les odeurs, assurant une fra\u00eecheur durable. Notre formule unique au pH \u00e9quilibr\u00e9 offre une protection sup\u00e9rieure contre la transpiration et les odeurs, vous permettant de rester confiant tout au long de la journ\u00e9e. La formule Clear Gel s\u2019applique&hellip;","brands":[],"_links":{"self":[{"href":"https:\/\/wavexia.com\/index.php?rest_route=\/wp\/v2\/product\/3607","targetHints":{"allow":["GET"]}}],"collection":[{"href":"https:\/\/wavexia.com\/index.php?rest_route=\/wp\/v2\/product"}],"about":[{"href":"https:\/\/wavexia.com\/index.php?rest_route=\/wp\/v2\/types\/product"}],"replies":[{"embeddable":true,"href":"https:\/\/wavexia.com\/index.php?rest_route=%2Fwp%2Fv2%2Fcomments&post=3607"}],"wp:featuredmedia":[{"embeddable":true,"href":"https:\/\/wavexia.com\/index.php?rest_route=\/wp\/v2\/media\/3606"}],"wp:attachment":[{"href":"https:\/\/wavexia.com\/index.php?rest_route=%2Fwp%2Fv2%2Fmedia&parent=3607"}],"wp:term":[{"taxonomy":"pwb-brand","embeddable":true,"href":"https:\/\/wavexia.com\/index.php?rest_route=%2Fwp%2Fv2%2Fpwb-brand&post=3607"},{"taxonomy":"product_brand","embeddable":true,"href":"https:\/\/wavexia.com\/index.php?rest_route=%2Fwp%2Fv2%2Fproduct_brand&post=3607"},{"taxonomy":"product_cat","embeddable":true,"href":"https:\/\/wavexia.com\/index.php?rest_route=%2Fwp%2Fv2%2Fproduct_cat&post=3607"},{"taxonomy":"product_tag","embeddable":true,"href":"https:\/\/wavexia.com\/index.php?rest_route=%2Fwp%2Fv2%2Fproduct_tag&post=3607"}],"curies":[{"name":"wp","href":"https:\/\/api.w.org\/{rel}","templated":true}]}}