{"id":3588,"date":"2025-10-19T08:54:25","date_gmt":"2025-10-19T08:54:25","guid":{"rendered":"https:\/\/wavexia.com\/product\/now-foods-magnesium-glycinate-60-veg-capsules\/"},"modified":"2026-03-10T07:30:56","modified_gmt":"2026-03-10T07:30:56","slug":"now-foods-magnesium-glycinate-60-veg-capsules","status":"publish","type":"product","link":"https:\/\/wavexia.com\/?product=now-foods-magnesium-glycinate-60-veg-capsules","title":{"rendered":"Now Foods, Magnesium Glycinate, 60 veg capsules"},"content":{"rendered":"<h2>Description<\/h2>\n<p>NOW Foods&nbsp; &nbsp;de magn\u00e9sium hautement absorbable pour vous aider \u00e0 vous sentir \u00e9nergis\u00e9 et \u00e9quilibr\u00e9. Le magn\u00e9sium contribue \u00e0 un m\u00e9tabolisme \u00e9nerg\u00e9tique normal et favorise la r\u00e9duction de la fatigue et de l\u2019\u00e9puisement, ce qui en fait un choix judicieux pour les modes de vie occup\u00e9s.<\/p>\n<p>Le magn\u00e9sium joue \u00e9galement un r\u00f4le essentiel dans la fonction musculaire, le maintien des os et le fonctionnement normal du syst\u00e8me nerveux. Avec sa forme douce de glycinate, ce suppl\u00e9ment est con\u00e7u pour une absorption facile, vous aidant \u00e0 maintenir votre rythme naturel et votre bien-\u00eatre, jour apr\u00e8s jour.<\/p>\n<h5>utilisation:<\/h5>\n<p>Prendre 2 comprim\u00e9s 1 \u00e0 2 fois par jour avec de la nourriture.<br \/>Conserver dans un endroit frais et sec apr\u00e8s ouverture.<\/p>\n<p>R\u00e9serv\u00e9 aux adultes. Consultez un m\u00e9decin si vous \u00eates enceinte\/allaitez, si vous prenez des m\u00e9dicaments ou si vous avez un probl\u00e8me de sant\u00e9. Tenir hors de port\u00e9e des enfants.<\/p>\n","protected":false},"excerpt":{"rendered":"<p>Description NOW Foods&nbsp; &nbsp;de magn\u00e9sium hautement absorbable pour vous aider \u00e0 vous sentir \u00e9nergis\u00e9 et \u00e9quilibr\u00e9. Le magn\u00e9sium contribue \u00e0 un m\u00e9tabolisme \u00e9nerg\u00e9tique normal et favorise la r\u00e9duction de la fatigue et de l\u2019\u00e9puisement, ce qui en fait un choix judicieux pour les modes de vie occup\u00e9s. Le magn\u00e9sium joue \u00e9galement un r\u00f4le essentiel dans [&hellip;]<\/p>\n","protected":false},"featured_media":3587,"comment_status":"open","ping_status":"closed","template":"","meta":{"content-type":"","_uag_custom_page_level_css":""},"pwb-brand":[],"product_brand":[],"product_cat":[330,329],"product_tag":[],"class_list":{"0":"post-3588","1":"product","2":"type-product","3":"status-publish","4":"has-post-thumbnail","6":"product_cat-complements-alimentaires","7":"product_cat-produits-americains","9":"first","10":"instock","11":"sale","12":"shipping-taxable","13":"purchasable","14":"product-type-simple"},"aioseo_notices":[],"uagb_featured_image_src":{"full":["https:\/\/wavexia.com\/wp-content\/uploads\/2025\/10\/2.jpg",500,500,false],"thumbnail":["https:\/\/wavexia.com\/wp-content\/uploads\/2025\/10\/2-150x150.jpg",150,150,true],"medium":["https:\/\/wavexia.com\/wp-content\/uploads\/2025\/10\/2-300x300.jpg",300,300,true],"medium_large":["https:\/\/wavexia.com\/wp-content\/uploads\/2025\/10\/2.jpg",500,500,false],"large":["https:\/\/wavexia.com\/wp-content\/uploads\/2025\/10\/2.jpg",500,500,false],"1536x1536":["https:\/\/wavexia.com\/wp-content\/uploads\/2025\/10\/2.jpg",500,500,false],"2048x2048":["https:\/\/wavexia.com\/wp-content\/uploads\/2025\/10\/2.jpg",500,500,false],"woocommerce_archive_thumbnail":["https:\/\/wavexia.com\/wp-content\/uploads\/2025\/10\/2-300x300.jpg",300,300,true],"woocommerce_thumbnail":["https:\/\/wavexia.com\/wp-content\/uploads\/2025\/10\/2-300x300.jpg",300,300,true],"woocommerce_single":["https:\/\/wavexia.com\/wp-content\/uploads\/2025\/10\/2.jpg",500,500,false],"woocommerce_gallery_thumbnail":["https:\/\/wavexia.com\/wp-content\/uploads\/2025\/10\/2-100x100.jpg",100,100,true]},"uagb_author_info":{"display_name":"zineddine.ayoub98@gmail.com","author_link":"https:\/\/wavexia.com\/?author=0"},"uagb_comment_info":0,"uagb_excerpt":"Description NOW Foods&nbsp; &nbsp;de magn\u00e9sium hautement absorbable pour vous aider \u00e0 vous sentir \u00e9nergis\u00e9 et \u00e9quilibr\u00e9. Le magn\u00e9sium contribue \u00e0 un m\u00e9tabolisme \u00e9nerg\u00e9tique normal et favorise la r\u00e9duction de la fatigue et de l\u2019\u00e9puisement, ce qui en fait un choix judicieux pour les modes de vie occup\u00e9s. Le magn\u00e9sium joue \u00e9galement un r\u00f4le essentiel dans&hellip;","brands":[],"_links":{"self":[{"href":"https:\/\/wavexia.com\/index.php?rest_route=\/wp\/v2\/product\/3588","targetHints":{"allow":["GET"]}}],"collection":[{"href":"https:\/\/wavexia.com\/index.php?rest_route=\/wp\/v2\/product"}],"about":[{"href":"https:\/\/wavexia.com\/index.php?rest_route=\/wp\/v2\/types\/product"}],"replies":[{"embeddable":true,"href":"https:\/\/wavexia.com\/index.php?rest_route=%2Fwp%2Fv2%2Fcomments&post=3588"}],"wp:featuredmedia":[{"embeddable":true,"href":"https:\/\/wavexia.com\/index.php?rest_route=\/wp\/v2\/media\/3587"}],"wp:attachment":[{"href":"https:\/\/wavexia.com\/index.php?rest_route=%2Fwp%2Fv2%2Fmedia&parent=3588"}],"wp:term":[{"taxonomy":"pwb-brand","embeddable":true,"href":"https:\/\/wavexia.com\/index.php?rest_route=%2Fwp%2Fv2%2Fpwb-brand&post=3588"},{"taxonomy":"product_brand","embeddable":true,"href":"https:\/\/wavexia.com\/index.php?rest_route=%2Fwp%2Fv2%2Fproduct_brand&post=3588"},{"taxonomy":"product_cat","embeddable":true,"href":"https:\/\/wavexia.com\/index.php?rest_route=%2Fwp%2Fv2%2Fproduct_cat&post=3588"},{"taxonomy":"product_tag","embeddable":true,"href":"https:\/\/wavexia.com\/index.php?rest_route=%2Fwp%2Fv2%2Fproduct_tag&post=3588"}],"curies":[{"name":"wp","href":"https:\/\/api.w.org\/{rel}","templated":true}]}}