{"id":3554,"date":"2025-10-19T08:54:02","date_gmt":"2025-10-19T08:54:02","guid":{"rendered":"https:\/\/wavexia.com\/product\/beauty-of-joseon-ginseng-moist-sun-serum-spf50-50ml\/"},"modified":"2026-03-10T07:30:55","modified_gmt":"2026-03-10T07:30:55","slug":"beauty-of-joseon-ginseng-moist-sun-serum-spf50-50ml","status":"publish","type":"product","link":"https:\/\/wavexia.com\/?product=beauty-of-joseon-ginseng-moist-sun-serum-spf50-50ml","title":{"rendered":"Beauty of Joseon \u2013 Ginseng Moist Sun Serum SPF50+ 50ml"},"content":{"rendered":"<h2>Description<\/h2>\n<p>The Beauty of Joseon Ginseng Moist Sun Serum SPF 50+ est un s\u00e9rum incontournable qui forme la combinaison id\u00e9ale entre les coups de soleil et les soins de la peau. La cr\u00e8me solaire a la texture d\u2019un s\u00e9rum, qui procure un fini rafra\u00eechissant et hydratant.<\/p>\n<p>Ce s\u00e9rum est enrichi en Ginseng, l\u2019ingr\u00e9dient pr\u00e9f\u00e9r\u00e9 de Beauty of Joseon. Le ginseng a un effet anti-\u00e2ge important sur la peau, r\u00e9duisant visiblement les rides et ridules. En m\u00eame temps, il nourrit intens\u00e9ment votre peau pour \u00e9viter qu\u2019elle ne se dess\u00e8che. Avec l\u2019ajout de SPF50+, ce s\u00e9rum prot\u00e9gera votre peau des rayons UV nocifs.<\/p>\n<p>De plus, ce s\u00e9rum p\u00e9n\u00e8tre rapidement dans votre peau, sans laisser de couche collante et blanche. Id\u00e9al \u00e0 porter sous ou par-dessus votre maquillage !<\/p>\n<p><strong>Ce s\u00e9rum :<\/strong><\/p>\n<ul>\n<li>cr\u00eame solaire<\/li>\n<li>combinaison de cr\u00e8me solaire et de soins de la peau<\/li>\n<li>texture d\u2019un s\u00e9rum<\/li>\n<li>rafra\u00eechissant et hydratant<\/li>\n<li>enrichi en Ginseng<\/li>\n<li>effet anti-\u00e2ge<\/li>\n<li>r\u00e9duit les rides et ridules<\/li>\n<li>contient SPF50+<\/li>\n<li>prot\u00e8ge contre les rayons UV nocifs<\/li>\n<li>id\u00e9al sous et sur maquillage<\/li>\n<li>absorbe rapidement<\/li>\n<li>sans couche blanche collante<\/li>\n<li>ne convient pas aux peaux sensibles<\/li>\n<li>v\u00e9g\u00e9talien<\/li>\n<li>sans cruaut\u00e9<\/li>\n<\/ul>\n<p><strong>Comment utiliser:<\/strong><\/p>\n<ul>\n<li>Appliquer le s\u00e9rum sur une&nbsp;<a title=\"peau nettoy\u00e9e\" href=\"https:\/\/www.boozyshop.nl\/skincare\/skincare-routine\/1-cleansers\/\">peau nettoy\u00e9e<\/a>&nbsp;.<\/li>\n<li>Appliquez 2 \u00e0 3 gouttes de s\u00e9rum sur votre peau.<\/li>\n<li>Massez votre peau.<\/li>\n<\/ul>\n<p><strong>Ingr\u00e9dients:<\/strong><br \/>Water, Panax Ginseng Root Extract, Dibutyl Adipate, Diethylamino Hydroxybenzoyl Hexyl Benzoate, Bis-Ethylhexyloxyphenol, Methoxyphenyl Triazine, Alcohol, Acrylates Copolymer, Butyloctyl Salicylate, C12-15 Alkyl Benzoate, Ethylhexyl Triazone, Niacinamide, Phenethyl Benzoate, Panax Ginseng Berry Extract, Panax Ginseng Extract, Panax Ginseng Leaf\/stem Extract, Silica, Methylpropanediol, Olea Europaea (Olive) Fruit Oil, Amyris Balsamifera Bark Oil, Angelica Archangelica Root Oil, Citrus Aurantium, Amara (Bitter Orange) Leaf\/twig Oil, Ferula Galbaniflua (Galbanum) Resin Oil, Jasminum Officinale (Jasmine) Oil, Panax Ginseng Root, Extract, Isoamyl P-methoxycinnamate, Polysilicone-15, Polymethylsilsesquioxane, 1,2-Hexanediol, Dibutyl Lauroyl Glutamide, Pentylene Glycol, Dibutyl Ethylhexanoyl Glutamide, Ammonium Acryloyldimethyltaurate\/vp Copolymer, Sodium Acrylates Crosspolymer-2, Sodium Polyacryloyldimethyl Taurate, C30-45 Alkyldimethylsilyl Polypropylsilsesquioxane, Hydroxyacetophenone, Adenosine, Glycerin, Butylene Glycol, Ethyl Hexanediol, Tocopherol, Ethylhexylglycerin, Xanthan Gum, Disodium Edta.<\/p>\n","protected":false},"excerpt":{"rendered":"<p>Description The Beauty of Joseon Ginseng Moist Sun Serum SPF 50+ est un s\u00e9rum incontournable qui forme la combinaison id\u00e9ale entre les coups de soleil et les soins de la peau. La cr\u00e8me solaire a la texture d\u2019un s\u00e9rum, qui procure un fini rafra\u00eechissant et hydratant. Ce s\u00e9rum est enrichi en Ginseng, l\u2019ingr\u00e9dient pr\u00e9f\u00e9r\u00e9 de [&hellip;]<\/p>\n","protected":false},"featured_media":3553,"comment_status":"open","ping_status":"closed","template":"","meta":{"content-type":"","_uag_custom_page_level_css":""},"pwb-brand":[],"product_brand":[],"product_cat":[354,334,340,323],"product_tag":[],"class_list":{"0":"post-3554","1":"product","2":"type-product","3":"status-publish","4":"has-post-thumbnail","6":"product_cat-beauty-of-joseon","7":"product_cat-produits-coreens","8":"product_cat-protection-solaire","9":"product_cat-skincare","11":"first","12":"instock","13":"sale","14":"shipping-taxable","15":"purchasable","16":"product-type-simple"},"aioseo_notices":[],"uagb_featured_image_src":{"full":["https:\/\/wavexia.com\/wp-content\/uploads\/2025\/10\/800x2_77b07c2c-49f9-44a2-b6d5-5a83bba42b7c-1.webp",800,800,false],"thumbnail":["https:\/\/wavexia.com\/wp-content\/uploads\/2025\/10\/800x2_77b07c2c-49f9-44a2-b6d5-5a83bba42b7c-1-150x150.webp",150,150,true],"medium":["https:\/\/wavexia.com\/wp-content\/uploads\/2025\/10\/800x2_77b07c2c-49f9-44a2-b6d5-5a83bba42b7c-1-300x300.webp",300,300,true],"medium_large":["https:\/\/wavexia.com\/wp-content\/uploads\/2025\/10\/800x2_77b07c2c-49f9-44a2-b6d5-5a83bba42b7c-1-768x768.webp",768,768,true],"large":["https:\/\/wavexia.com\/wp-content\/uploads\/2025\/10\/800x2_77b07c2c-49f9-44a2-b6d5-5a83bba42b7c-1.webp",800,800,false],"1536x1536":["https:\/\/wavexia.com\/wp-content\/uploads\/2025\/10\/800x2_77b07c2c-49f9-44a2-b6d5-5a83bba42b7c-1.webp",800,800,false],"2048x2048":["https:\/\/wavexia.com\/wp-content\/uploads\/2025\/10\/800x2_77b07c2c-49f9-44a2-b6d5-5a83bba42b7c-1.webp",800,800,false],"woocommerce_archive_thumbnail":["https:\/\/wavexia.com\/wp-content\/uploads\/2025\/10\/800x2_77b07c2c-49f9-44a2-b6d5-5a83bba42b7c-1-300x300.webp",300,300,true],"woocommerce_thumbnail":["https:\/\/wavexia.com\/wp-content\/uploads\/2025\/10\/800x2_77b07c2c-49f9-44a2-b6d5-5a83bba42b7c-1-300x300.webp",300,300,true],"woocommerce_single":["https:\/\/wavexia.com\/wp-content\/uploads\/2025\/10\/800x2_77b07c2c-49f9-44a2-b6d5-5a83bba42b7c-1-600x600.webp",600,600,true],"woocommerce_gallery_thumbnail":["https:\/\/wavexia.com\/wp-content\/uploads\/2025\/10\/800x2_77b07c2c-49f9-44a2-b6d5-5a83bba42b7c-1-100x100.webp",100,100,true]},"uagb_author_info":{"display_name":"zineddine.ayoub98@gmail.com","author_link":"https:\/\/wavexia.com\/?author=0"},"uagb_comment_info":0,"uagb_excerpt":"Description The Beauty of Joseon Ginseng Moist Sun Serum SPF 50+ est un s\u00e9rum incontournable qui forme la combinaison id\u00e9ale entre les coups de soleil et les soins de la peau. La cr\u00e8me solaire a la texture d\u2019un s\u00e9rum, qui procure un fini rafra\u00eechissant et hydratant. Ce s\u00e9rum est enrichi en Ginseng, l\u2019ingr\u00e9dient pr\u00e9f\u00e9r\u00e9 de&hellip;","brands":[],"_links":{"self":[{"href":"https:\/\/wavexia.com\/index.php?rest_route=\/wp\/v2\/product\/3554","targetHints":{"allow":["GET"]}}],"collection":[{"href":"https:\/\/wavexia.com\/index.php?rest_route=\/wp\/v2\/product"}],"about":[{"href":"https:\/\/wavexia.com\/index.php?rest_route=\/wp\/v2\/types\/product"}],"replies":[{"embeddable":true,"href":"https:\/\/wavexia.com\/index.php?rest_route=%2Fwp%2Fv2%2Fcomments&post=3554"}],"wp:featuredmedia":[{"embeddable":true,"href":"https:\/\/wavexia.com\/index.php?rest_route=\/wp\/v2\/media\/3553"}],"wp:attachment":[{"href":"https:\/\/wavexia.com\/index.php?rest_route=%2Fwp%2Fv2%2Fmedia&parent=3554"}],"wp:term":[{"taxonomy":"pwb-brand","embeddable":true,"href":"https:\/\/wavexia.com\/index.php?rest_route=%2Fwp%2Fv2%2Fpwb-brand&post=3554"},{"taxonomy":"product_brand","embeddable":true,"href":"https:\/\/wavexia.com\/index.php?rest_route=%2Fwp%2Fv2%2Fproduct_brand&post=3554"},{"taxonomy":"product_cat","embeddable":true,"href":"https:\/\/wavexia.com\/index.php?rest_route=%2Fwp%2Fv2%2Fproduct_cat&post=3554"},{"taxonomy":"product_tag","embeddable":true,"href":"https:\/\/wavexia.com\/index.php?rest_route=%2Fwp%2Fv2%2Fproduct_tag&post=3554"}],"curies":[{"name":"wp","href":"https:\/\/api.w.org\/{rel}","templated":true}]}}