{"id":3537,"date":"2025-10-19T08:53:53","date_gmt":"2025-10-19T08:53:53","guid":{"rendered":"https:\/\/wavexia.com\/product\/anua-heartleaf-pore-control-cleansing-oil-mild-200ml\/"},"modified":"2026-03-10T07:30:55","modified_gmt":"2026-03-10T07:30:55","slug":"anua-heartleaf-pore-control-cleansing-oil-mild-200ml","status":"publish","type":"product","link":"https:\/\/wavexia.com\/?product=anua-heartleaf-pore-control-cleansing-oil-mild-200ml","title":{"rendered":"Anua \u2013 HEARTLEAF PORE CONTROL CLEANSING OIL MILD 200ml"},"content":{"rendered":"<h2>Description<\/h2>\n<p>L\u2019Anua Heartleaf Pore Control Cleansing Oil Mild est une formule sans parfum con\u00e7ue pour nettoyer en profondeur et apaiser la peau irrit\u00e9e. Enrichie en extrait de Heartleaf, cette huile nettoyante douce \u00e9limine efficacement le SPF, le maquillage, la salet\u00e9 et l\u2019exc\u00e8s de s\u00e9bum tout en apaisant votre teint.<\/p>\n<p>L\u2019huile de feuille de romarin ajoute des bienfaits anti-inflammatoires pour r\u00e9guler le s\u00e9bum, et l\u2019huile de graines de tournesol aide \u00e0 garder votre peau hydrat\u00e9e et nourrie sans la d\u00e9pouiller de ses huiles naturelles. Adapt\u00e9e aux peaux sensibles, cette huile nettoyante l\u00e9g\u00e8re ne laisse aucun r\u00e9sidu gras et offre un fini rafra\u00eechissant pour un teint parfaitement propre et \u00e9quilibr\u00e9.<\/p>\n<p><strong>Cette huile d\u00e9maquillante :<\/strong><\/p>\n<ul>\n<li>sans parfum<\/li>\n<li>\u00e9limine le SPF, le maquillage, la salet\u00e9 et l\u2019exc\u00e8s de s\u00e9bum<\/li>\n<li>apaise la peau<\/li>\n<li>hydrate<\/li>\n<li>convient \u00e0 tous les types de peau<\/li>\n<li>sans cruaut\u00e9<\/li>\n<\/ul>\n<p><strong>Comment utiliser:<\/strong><\/p>\n<ul>\n<li>Assurez-vous que votre visage et votre cou sont mouill\u00e9s.<\/li>\n<li>Appliquez 1 ou 2 pompes de mousse sur le bout des doigts et \u00e9talez-la sur votre visage et votre cou tout en massant.<\/li>\n<li>Massez la mousse jusqu\u2019\u00e0 ce que toutes les salet\u00e9s soient \u00e9limin\u00e9es.<\/li>\n<li>Rincez \u00e0 l\u2019eau ti\u00e8de et s\u00e9chez votre peau avec une serviette propre.<\/li>\n<\/ul>\n<p><strong>Ingredi\u00ebnten:<br \/><\/strong>Ethylhexyl Stearate, Sorbeth-30 Tetraoleate, Cetyl Ethylhexanoate, Caprylic\/capric Triglyceride, Triethylhexanoin, Isododecane, Water, Rosmarinus Officinalis Leaf Oil, Sorbitan Sesquioleate, Tocopherol, Helianthus Annuus Seed Oil, Houttuynia Cordata Extract<\/p>\n","protected":false},"excerpt":{"rendered":"<p>Description L\u2019Anua Heartleaf Pore Control Cleansing Oil Mild est une formule sans parfum con\u00e7ue pour nettoyer en profondeur et apaiser la peau irrit\u00e9e. Enrichie en extrait de Heartleaf, cette huile nettoyante douce \u00e9limine efficacement le SPF, le maquillage, la salet\u00e9 et l\u2019exc\u00e8s de s\u00e9bum tout en apaisant votre teint. L\u2019huile de feuille de romarin ajoute [&hellip;]<\/p>\n","protected":false},"featured_media":3536,"comment_status":"open","ping_status":"closed","template":"","meta":{"content-type":"","_uag_custom_page_level_css":""},"pwb-brand":[],"product_brand":[],"product_cat":[344,327,367,325,334,323],"product_tag":[],"class_list":{"0":"post-3537","1":"product","2":"type-product","3":"status-publish","4":"has-post-thumbnail","6":"product_cat-anua","7":"product_cat-hmizat","8":"product_cat-huile-baume-nettoyante","9":"product_cat-marques","10":"product_cat-produits-coreens","11":"product_cat-skincare","13":"first","14":"instock","15":"sale","16":"shipping-taxable","17":"purchasable","18":"product-type-simple"},"aioseo_notices":[],"uagb_featured_image_src":{"full":["https:\/\/wavexia.com\/wp-content\/uploads\/2025\/10\/Product-page-sizes_4241509d-c1a4-4b69-ade8-cfd0b8a5e13e.webp",800,800,false],"thumbnail":["https:\/\/wavexia.com\/wp-content\/uploads\/2025\/10\/Product-page-sizes_4241509d-c1a4-4b69-ade8-cfd0b8a5e13e-150x150.webp",150,150,true],"medium":["https:\/\/wavexia.com\/wp-content\/uploads\/2025\/10\/Product-page-sizes_4241509d-c1a4-4b69-ade8-cfd0b8a5e13e-300x300.webp",300,300,true],"medium_large":["https:\/\/wavexia.com\/wp-content\/uploads\/2025\/10\/Product-page-sizes_4241509d-c1a4-4b69-ade8-cfd0b8a5e13e-768x768.webp",768,768,true],"large":["https:\/\/wavexia.com\/wp-content\/uploads\/2025\/10\/Product-page-sizes_4241509d-c1a4-4b69-ade8-cfd0b8a5e13e.webp",800,800,false],"1536x1536":["https:\/\/wavexia.com\/wp-content\/uploads\/2025\/10\/Product-page-sizes_4241509d-c1a4-4b69-ade8-cfd0b8a5e13e.webp",800,800,false],"2048x2048":["https:\/\/wavexia.com\/wp-content\/uploads\/2025\/10\/Product-page-sizes_4241509d-c1a4-4b69-ade8-cfd0b8a5e13e.webp",800,800,false],"woocommerce_archive_thumbnail":["https:\/\/wavexia.com\/wp-content\/uploads\/2025\/10\/Product-page-sizes_4241509d-c1a4-4b69-ade8-cfd0b8a5e13e-300x300.webp",300,300,true],"woocommerce_thumbnail":["https:\/\/wavexia.com\/wp-content\/uploads\/2025\/10\/Product-page-sizes_4241509d-c1a4-4b69-ade8-cfd0b8a5e13e-300x300.webp",300,300,true],"woocommerce_single":["https:\/\/wavexia.com\/wp-content\/uploads\/2025\/10\/Product-page-sizes_4241509d-c1a4-4b69-ade8-cfd0b8a5e13e-600x600.webp",600,600,true],"woocommerce_gallery_thumbnail":["https:\/\/wavexia.com\/wp-content\/uploads\/2025\/10\/Product-page-sizes_4241509d-c1a4-4b69-ade8-cfd0b8a5e13e-100x100.webp",100,100,true]},"uagb_author_info":{"display_name":"zineddine.ayoub98@gmail.com","author_link":"https:\/\/wavexia.com\/?author=0"},"uagb_comment_info":0,"uagb_excerpt":"Description L\u2019Anua Heartleaf Pore Control Cleansing Oil Mild est une formule sans parfum con\u00e7ue pour nettoyer en profondeur et apaiser la peau irrit\u00e9e. Enrichie en extrait de Heartleaf, cette huile nettoyante douce \u00e9limine efficacement le SPF, le maquillage, la salet\u00e9 et l\u2019exc\u00e8s de s\u00e9bum tout en apaisant votre teint. L\u2019huile de feuille de romarin ajoute&hellip;","brands":[],"_links":{"self":[{"href":"https:\/\/wavexia.com\/index.php?rest_route=\/wp\/v2\/product\/3537","targetHints":{"allow":["GET"]}}],"collection":[{"href":"https:\/\/wavexia.com\/index.php?rest_route=\/wp\/v2\/product"}],"about":[{"href":"https:\/\/wavexia.com\/index.php?rest_route=\/wp\/v2\/types\/product"}],"replies":[{"embeddable":true,"href":"https:\/\/wavexia.com\/index.php?rest_route=%2Fwp%2Fv2%2Fcomments&post=3537"}],"wp:featuredmedia":[{"embeddable":true,"href":"https:\/\/wavexia.com\/index.php?rest_route=\/wp\/v2\/media\/3536"}],"wp:attachment":[{"href":"https:\/\/wavexia.com\/index.php?rest_route=%2Fwp%2Fv2%2Fmedia&parent=3537"}],"wp:term":[{"taxonomy":"pwb-brand","embeddable":true,"href":"https:\/\/wavexia.com\/index.php?rest_route=%2Fwp%2Fv2%2Fpwb-brand&post=3537"},{"taxonomy":"product_brand","embeddable":true,"href":"https:\/\/wavexia.com\/index.php?rest_route=%2Fwp%2Fv2%2Fproduct_brand&post=3537"},{"taxonomy":"product_cat","embeddable":true,"href":"https:\/\/wavexia.com\/index.php?rest_route=%2Fwp%2Fv2%2Fproduct_cat&post=3537"},{"taxonomy":"product_tag","embeddable":true,"href":"https:\/\/wavexia.com\/index.php?rest_route=%2Fwp%2Fv2%2Fproduct_tag&post=3537"}],"curies":[{"name":"wp","href":"https:\/\/api.w.org\/{rel}","templated":true}]}}