{"id":3535,"date":"2025-10-19T08:53:52","date_gmt":"2025-10-19T08:53:52","guid":{"rendered":"https:\/\/wavexia.com\/product\/anua-peach-70-niacinamide-serum-30ml\/"},"modified":"2026-03-10T07:30:55","modified_gmt":"2026-03-10T07:30:55","slug":"anua-peach-70-niacinamide-serum-30ml","status":"publish","type":"product","link":"https:\/\/wavexia.com\/?product=anua-peach-70-niacinamide-serum-30ml","title":{"rendered":"Anua \u2013 Peach 70% Niacinamide Serum 30ml"},"content":{"rendered":"<h2>Description<\/h2>\n<p>Le Anua Peach 70% Niacinamide Serum est un s\u00e9rum puissant con\u00e7u pour am\u00e9liorer la peau. Le s\u00e9rum est infus\u00e9 \u00e0 70 % de niacinamide qui combat le vieillissement cutan\u00e9, r\u00e9gule la production de s\u00e9bum, renforce et a un effet anti-inflammatoire.<\/p>\n<p>Le s\u00e9rum est formul\u00e9 pour offrir \u00e0 la peau un teint \u00e9clatant, hydrat\u00e9 et uniforme. En plus du pouvoir du Niacinamide, ce produit contient \u00e9galement du salicylate pour exfolier la peau en douceur. Brille en 3..2..1..<\/p>\n<p><strong>Ce s\u00e9rum :<\/strong><\/p>\n<ul>\n<li>hydratant<\/li>\n<li>renforce la peau<\/li>\n<li>a un effet anti-inflammatoire<\/li>\n<li>aide \u00e0 obtenir un teint radieux et uniforme<\/li>\n<li>exfoliation douce<\/li>\n<li>favorise le renouvellement de la peau<\/li>\n<li>sans cruaut\u00e9<\/li>\n<li>v\u00e9g\u00e9talien<\/li>\n<\/ul>\n<p><strong>Comment utiliser:<\/strong><\/p>\n<ul>\n<li>Vous pouvez appliquer le s\u00e9rum sur une peau&nbsp;<a title=\"nettoy\u00e9\" href=\"https:\/\/www.boozyshop.nl\/skincare\/skincare-routine\/1-cleansers\/\">nettoy\u00e9e<\/a>&nbsp;le matin ou le soir.<\/li>\n<li>Appliquez le s\u00e9rum avant d\u2019appliquer d\u2019autres s\u00e9rums ou cr\u00e8mes hydratantes.<\/li>\n<\/ul>\n<p><strong>Ingr\u00e9dients:<\/strong><br \/>Extrait de fruit de Prunus Persica (p\u00eache) (70,2 %), glyc\u00e9rine, niacinamide, butyl\u00e8ne glycol, succinate de di\u00e9thoxy\u00e9thyle, eau, 1,2-hexanediol, ferment de lactobacille, hyaluronate de sodium, extrait de ferment de Sphingomonas, alpha-arbutine, extrait de fleur de Melia Azadirachta, Ocimum. Extrait de feuille de Sanctum, extrait de feuille de Melia Azadirachta, huile de graines de Carthamus Tinctorius (carthame), huile de graines de Salvia Hispanica, extrait de racine de Curcuma Longa (curcuma), extrait de Corallina Officinalis, acide hyaluronique hydrolys\u00e9, extrait de feuille de Chamaecyparis Obtusa, extrait de fleur de Prunus Persica (p\u00eache). , Huile de graines de Camellia Sinensis, Extrait de ferment de levure, Extrait de Centella Asiatica, Extrait de feuille d\u2019Artemisia Princeps, Candida Bombicola\/\u200bGlucose\/\u200bFerment de colza m\u00e9thylique, Pentyl\u00e8ne glycol, Laurate de polyglyc\u00e9ryl-10, Salicylate de b\u00e9ta\u00efne, Phytate de sodium, Cellulose, Caprylique\/\u200bCaprique Triglyc\u00e9ride, l\u00e9cithine hydrog\u00e9n\u00e9e, panth\u00e9nol, acide polyglutamique, acide linol\u00e9ique, acide linol\u00e9nique, polyglyc\u00e9ryl-10 ol\u00e9ate, palmitate de saccharose, cyanocobalamine, acide 3-O-\u00e9thyl ascorbique, c\u00e9ramide NP, asiaticoside, acide mad\u00e9cassique, acide asiatique, gomme xanthane, parfum<\/p>\n","protected":false},"excerpt":{"rendered":"<p>Description Le Anua Peach 70% Niacinamide Serum est un s\u00e9rum puissant con\u00e7u pour am\u00e9liorer la peau. Le s\u00e9rum est infus\u00e9 \u00e0 70 % de niacinamide qui combat le vieillissement cutan\u00e9, r\u00e9gule la production de s\u00e9bum, renforce et a un effet anti-inflammatoire. Le s\u00e9rum est formul\u00e9 pour offrir \u00e0 la peau un teint \u00e9clatant, hydrat\u00e9 et [&hellip;]<\/p>\n","protected":false},"featured_media":2227,"comment_status":"open","ping_status":"closed","template":"","meta":{"content-type":"","_uag_custom_page_level_css":""},"pwb-brand":[],"product_brand":[],"product_cat":[344,327,334,338],"product_tag":[],"class_list":{"0":"post-3535","1":"product","2":"type-product","3":"status-publish","4":"has-post-thumbnail","6":"product_cat-anua","7":"product_cat-hmizat","8":"product_cat-produits-coreens","9":"product_cat-serum-ampoule","11":"first","12":"instock","13":"sale","14":"shipping-taxable","15":"purchasable","16":"product-type-simple"},"aioseo_notices":[],"uagb_featured_image_src":{"full":["https:\/\/wavexia.com\/wp-content\/uploads\/2025\/10\/41UsAM1r9bL._AC_SL1000_.jpg",654,721,false],"thumbnail":["https:\/\/wavexia.com\/wp-content\/uploads\/2025\/10\/41UsAM1r9bL._AC_SL1000_-150x150.jpg",150,150,true],"medium":["https:\/\/wavexia.com\/wp-content\/uploads\/2025\/10\/41UsAM1r9bL._AC_SL1000_-272x300.jpg",272,300,true],"medium_large":["https:\/\/wavexia.com\/wp-content\/uploads\/2025\/10\/41UsAM1r9bL._AC_SL1000_.jpg",654,721,false],"large":["https:\/\/wavexia.com\/wp-content\/uploads\/2025\/10\/41UsAM1r9bL._AC_SL1000_.jpg",654,721,false],"1536x1536":["https:\/\/wavexia.com\/wp-content\/uploads\/2025\/10\/41UsAM1r9bL._AC_SL1000_.jpg",654,721,false],"2048x2048":["https:\/\/wavexia.com\/wp-content\/uploads\/2025\/10\/41UsAM1r9bL._AC_SL1000_.jpg",654,721,false],"woocommerce_archive_thumbnail":["https:\/\/wavexia.com\/wp-content\/uploads\/2025\/10\/41UsAM1r9bL._AC_SL1000_-300x331.jpg",300,331,true],"woocommerce_thumbnail":["https:\/\/wavexia.com\/wp-content\/uploads\/2025\/10\/41UsAM1r9bL._AC_SL1000_-300x300.jpg",300,300,true],"woocommerce_single":["https:\/\/wavexia.com\/wp-content\/uploads\/2025\/10\/41UsAM1r9bL._AC_SL1000_-600x661.jpg",600,661,true],"woocommerce_gallery_thumbnail":["https:\/\/wavexia.com\/wp-content\/uploads\/2025\/10\/41UsAM1r9bL._AC_SL1000_-100x100.jpg",100,100,true]},"uagb_author_info":{"display_name":"zineddine.ayoub98@gmail.com","author_link":"https:\/\/wavexia.com\/?author=0"},"uagb_comment_info":0,"uagb_excerpt":"Description Le Anua Peach 70% Niacinamide Serum est un s\u00e9rum puissant con\u00e7u pour am\u00e9liorer la peau. Le s\u00e9rum est infus\u00e9 \u00e0 70 % de niacinamide qui combat le vieillissement cutan\u00e9, r\u00e9gule la production de s\u00e9bum, renforce et a un effet anti-inflammatoire. Le s\u00e9rum est formul\u00e9 pour offrir \u00e0 la peau un teint \u00e9clatant, hydrat\u00e9 et&hellip;","brands":[],"_links":{"self":[{"href":"https:\/\/wavexia.com\/index.php?rest_route=\/wp\/v2\/product\/3535","targetHints":{"allow":["GET"]}}],"collection":[{"href":"https:\/\/wavexia.com\/index.php?rest_route=\/wp\/v2\/product"}],"about":[{"href":"https:\/\/wavexia.com\/index.php?rest_route=\/wp\/v2\/types\/product"}],"replies":[{"embeddable":true,"href":"https:\/\/wavexia.com\/index.php?rest_route=%2Fwp%2Fv2%2Fcomments&post=3535"}],"wp:featuredmedia":[{"embeddable":true,"href":"https:\/\/wavexia.com\/index.php?rest_route=\/wp\/v2\/media\/2227"}],"wp:attachment":[{"href":"https:\/\/wavexia.com\/index.php?rest_route=%2Fwp%2Fv2%2Fmedia&parent=3535"}],"wp:term":[{"taxonomy":"pwb-brand","embeddable":true,"href":"https:\/\/wavexia.com\/index.php?rest_route=%2Fwp%2Fv2%2Fpwb-brand&post=3535"},{"taxonomy":"product_brand","embeddable":true,"href":"https:\/\/wavexia.com\/index.php?rest_route=%2Fwp%2Fv2%2Fproduct_brand&post=3535"},{"taxonomy":"product_cat","embeddable":true,"href":"https:\/\/wavexia.com\/index.php?rest_route=%2Fwp%2Fv2%2Fproduct_cat&post=3535"},{"taxonomy":"product_tag","embeddable":true,"href":"https:\/\/wavexia.com\/index.php?rest_route=%2Fwp%2Fv2%2Fproduct_tag&post=3535"}],"curies":[{"name":"wp","href":"https:\/\/api.w.org\/{rel}","templated":true}]}}