{"id":3509,"date":"2025-10-19T08:53:38","date_gmt":"2025-10-19T08:53:38","guid":{"rendered":"https:\/\/wavexia.com\/product\/the-ordinary-salicylic-acid-2-exfoliating-blemish-solution-30ml\/"},"modified":"2026-03-10T07:30:55","modified_gmt":"2026-03-10T07:30:55","slug":"the-ordinary-salicylic-acid-2-exfoliating-blemish-solution-30ml","status":"publish","type":"product","link":"https:\/\/wavexia.com\/?product=the-ordinary-salicylic-acid-2-exfoliating-blemish-solution-30ml","title":{"rendered":"The Ordinary Salicylic Acid 2% Exfoliating Blemish Solution \u2013 30ml"},"content":{"rendered":"<h2>Description<\/h2>\n<p>Dans une \u00e9tude d\u2019efficacit\u00e9 clinique sur 29 sujets, appliqu\u00e9e une fois par jour le soir pendant 6 semaines :<\/p>\n<p>-Formul\u00e9 pour les peaux \u00e0 tendance acn\u00e9ique*<\/p>\n<p>-Pour le traitement de l\u2019acn\u00e9*<\/p>\n<p>-Aide \u00e0 \u00e9liminer les imperfections de l\u2019acn\u00e9 et permet \u00e0 la peau de gu\u00e9rir*<\/p>\n<p>-Convient pour une utilisation chez les adolescents souffrant d\u2019acn\u00e9 l\u00e9g\u00e8re \u00e0 mod\u00e9r\u00e9e<\/p>\n<p><strong>Type de peau :<\/strong>&nbsp;Normale, mixte et grasse<\/p>\n<p><strong>Probl\u00e8mes de peau :<\/strong>&nbsp;Acn\u00e9 et imperfections<\/p>\n<p><strong>Formulation:<\/strong>&nbsp;S\u00e9rum l\u00e9ger<\/p>\n<p><strong>Ingr\u00e9dients vedettes :<\/strong><\/p>\n<p>\u2013 Acide salicylique 2 % : Exfolie, lisse et d\u00e9congestionne visiblement les pores.<\/p>\n<p><strong>Informations ingr\u00e9dients :<\/strong>&nbsp;Sans parab\u00e8nes, formald\u00e9hydes, agents lib\u00e9rant des formald\u00e9hydes, phtalates, huile min\u00e9rale, palmitate de r\u00e9tinyle, oxybenzone, goudron de houille, hydroquinone, sulfates SLS et SLES, triclocarban, triclosan et contient moins d\u2019un pour cent de parfum synth\u00e9tique. Il est \u00e9galement v\u00e9g\u00e9talien, sans gluten et sans cruaut\u00e9.<\/p>\n<p><strong>Ce que vous devez aussi savoir :<\/strong>&nbsp;Fabriqu\u00e9 avec une forte concentration d\u2019acide salicylique, ce s\u00e9rum aqueux offre une exfoliation de surface, encourageant l\u2019\u00e9limination naturelle des peaux mortes. Il est \u00e9galement lipophile (soluble dans l\u2019huile), ce qui signifie qu\u2019il peut p\u00e9n\u00e9trer dans les pores pour r\u00e9duire l\u2019apparence de l\u2019acn\u00e9<\/p>\n","protected":false},"excerpt":{"rendered":"<p>Description Dans une \u00e9tude d\u2019efficacit\u00e9 clinique sur 29 sujets, appliqu\u00e9e une fois par jour le soir pendant 6 semaines : -Formul\u00e9 pour les peaux \u00e0 tendance acn\u00e9ique* -Pour le traitement de l\u2019acn\u00e9* -Aide \u00e0 \u00e9liminer les imperfections de l\u2019acn\u00e9 et permet \u00e0 la peau de gu\u00e9rir* -Convient pour une utilisation chez les adolescents souffrant d\u2019acn\u00e9 [&hellip;]<\/p>\n","protected":false},"featured_media":3508,"comment_status":"open","ping_status":"closed","template":"","meta":{"content-type":"","_uag_custom_page_level_css":""},"pwb-brand":[],"product_brand":[],"product_cat":[327,329,338,356],"product_tag":[],"class_list":{"0":"post-3509","1":"product","2":"type-product","3":"status-publish","4":"has-post-thumbnail","6":"product_cat-hmizat","7":"product_cat-produits-americains","8":"product_cat-serum-ampoule","9":"product_cat-the-ordinary","11":"first","12":"instock","13":"sale","14":"shipping-taxable","15":"purchasable","16":"product-type-simple"},"aioseo_notices":[],"uagb_featured_image_src":{"full":["https:\/\/wavexia.com\/wp-content\/uploads\/2025\/10\/rdn-salicylic-acid-2pct-solution-otc-1.webp",713,713,false],"thumbnail":["https:\/\/wavexia.com\/wp-content\/uploads\/2025\/10\/rdn-salicylic-acid-2pct-solution-otc-1-150x150.webp",150,150,true],"medium":["https:\/\/wavexia.com\/wp-content\/uploads\/2025\/10\/rdn-salicylic-acid-2pct-solution-otc-1-300x300.webp",300,300,true],"medium_large":["https:\/\/wavexia.com\/wp-content\/uploads\/2025\/10\/rdn-salicylic-acid-2pct-solution-otc-1.webp",713,713,false],"large":["https:\/\/wavexia.com\/wp-content\/uploads\/2025\/10\/rdn-salicylic-acid-2pct-solution-otc-1.webp",713,713,false],"1536x1536":["https:\/\/wavexia.com\/wp-content\/uploads\/2025\/10\/rdn-salicylic-acid-2pct-solution-otc-1.webp",713,713,false],"2048x2048":["https:\/\/wavexia.com\/wp-content\/uploads\/2025\/10\/rdn-salicylic-acid-2pct-solution-otc-1.webp",713,713,false],"woocommerce_archive_thumbnail":["https:\/\/wavexia.com\/wp-content\/uploads\/2025\/10\/rdn-salicylic-acid-2pct-solution-otc-1-300x300.webp",300,300,true],"woocommerce_thumbnail":["https:\/\/wavexia.com\/wp-content\/uploads\/2025\/10\/rdn-salicylic-acid-2pct-solution-otc-1-300x300.webp",300,300,true],"woocommerce_single":["https:\/\/wavexia.com\/wp-content\/uploads\/2025\/10\/rdn-salicylic-acid-2pct-solution-otc-1-600x600.webp",600,600,true],"woocommerce_gallery_thumbnail":["https:\/\/wavexia.com\/wp-content\/uploads\/2025\/10\/rdn-salicylic-acid-2pct-solution-otc-1-100x100.webp",100,100,true]},"uagb_author_info":{"display_name":"zineddine.ayoub98@gmail.com","author_link":"https:\/\/wavexia.com\/?author=0"},"uagb_comment_info":0,"uagb_excerpt":"Description Dans une \u00e9tude d\u2019efficacit\u00e9 clinique sur 29 sujets, appliqu\u00e9e une fois par jour le soir pendant 6 semaines : -Formul\u00e9 pour les peaux \u00e0 tendance acn\u00e9ique* -Pour le traitement de l\u2019acn\u00e9* -Aide \u00e0 \u00e9liminer les imperfections de l\u2019acn\u00e9 et permet \u00e0 la peau de gu\u00e9rir* -Convient pour une utilisation chez les adolescents souffrant d\u2019acn\u00e9&hellip;","brands":[],"_links":{"self":[{"href":"https:\/\/wavexia.com\/index.php?rest_route=\/wp\/v2\/product\/3509","targetHints":{"allow":["GET"]}}],"collection":[{"href":"https:\/\/wavexia.com\/index.php?rest_route=\/wp\/v2\/product"}],"about":[{"href":"https:\/\/wavexia.com\/index.php?rest_route=\/wp\/v2\/types\/product"}],"replies":[{"embeddable":true,"href":"https:\/\/wavexia.com\/index.php?rest_route=%2Fwp%2Fv2%2Fcomments&post=3509"}],"wp:featuredmedia":[{"embeddable":true,"href":"https:\/\/wavexia.com\/index.php?rest_route=\/wp\/v2\/media\/3508"}],"wp:attachment":[{"href":"https:\/\/wavexia.com\/index.php?rest_route=%2Fwp%2Fv2%2Fmedia&parent=3509"}],"wp:term":[{"taxonomy":"pwb-brand","embeddable":true,"href":"https:\/\/wavexia.com\/index.php?rest_route=%2Fwp%2Fv2%2Fpwb-brand&post=3509"},{"taxonomy":"product_brand","embeddable":true,"href":"https:\/\/wavexia.com\/index.php?rest_route=%2Fwp%2Fv2%2Fproduct_brand&post=3509"},{"taxonomy":"product_cat","embeddable":true,"href":"https:\/\/wavexia.com\/index.php?rest_route=%2Fwp%2Fv2%2Fproduct_cat&post=3509"},{"taxonomy":"product_tag","embeddable":true,"href":"https:\/\/wavexia.com\/index.php?rest_route=%2Fwp%2Fv2%2Fproduct_tag&post=3509"}],"curies":[{"name":"wp","href":"https:\/\/api.w.org\/{rel}","templated":true}]}}