{"id":3499,"date":"2025-10-19T08:53:33","date_gmt":"2025-10-19T08:53:33","guid":{"rendered":"https:\/\/wavexia.com\/product\/axis-y-artichoke-intensive-skin-barrier-ampoule-30ml\/"},"modified":"2026-03-10T07:30:55","modified_gmt":"2026-03-10T07:30:55","slug":"axis-y-artichoke-intensive-skin-barrier-ampoule-30ml","status":"publish","type":"product","link":"https:\/\/wavexia.com\/?product=axis-y-artichoke-intensive-skin-barrier-ampoule-30ml","title":{"rendered":"AXIS-Y \u2013 Artichoke Intensive Skin Barrier Ampoule 30ml"},"content":{"rendered":"<h2>Description<\/h2>\n<div class=\"block-content_MQDxpg \" data-index=\"6\">\n<div class=\"tabs-inner\">\n<p>Le AXIS-Y Artichoke Intensive Skin Barrier Ampoule est un incontournable pour les peaux \u00e0 tendance acn\u00e9ique ! L\u2019ampoule est remplie d\u2019ingr\u00e9dients nourrissants, mais ne se sent pas lourde ou collante sur la peau, ce qui la rend id\u00e9ale pour les peaux grasses !<\/p>\n<p>La formule contient un ingr\u00e9dient cl\u00e9, l\u2019artichaut. Cet ingr\u00e9dient aide la peau \u00e0 retenir l\u2019humidit\u00e9 et renforce la peau pour pr\u00e9venir les pores dilat\u00e9s, les rendant moins visibles. Ce soin est \u00e9galement enrichi de divers ingr\u00e9dients \u00e9claircissants qui aident \u00e0 r\u00e9duire l\u2019acn\u00e9, les cicatrices et l\u2019hyperpigmentation !<\/p>\n<p><strong>Cette ampoule :<\/strong><\/p>\n<ul>\n<li>pour les peaux \u00e0 tendance acn\u00e9ique<\/li>\n<li>pour peau grasse<\/li>\n<li>nourrissant pour la peau<\/li>\n<li>ne se sent pas gras ou lourd<\/li>\n<li>contient de l\u2019artichaut<\/li>\n<li>emp\u00eache les pores grossiers<\/li>\n<li>sans cruaut\u00e9<\/li>\n<li>sans parfum<\/li>\n<li>v\u00e9g\u00e9talien<\/li>\n<\/ul>\n<\/div>\n<div class=\"block-content_dExAQg tab-closed hidden\" data-index=\"5\">\n<div class=\"tabs-inner\">\n<p><strong>Ingr\u00e9dients:<br \/><\/strong>Water, Aloe Barbadensis Leaf Water, Butylene Glycol, Sodium Hyaluronate, Centella Asiatica Extract, Glycerin, Betaine, Glycyrrhiza Glabra (Licorice) Root Extract, Alcohol, Cynara Scolymus (Artichoke) Extract, Sorbitol, Sorbitan Sesquioleate, Hieracium Pilosella Extract, Rheum Palmatum Root Extract, Althaea Rosea Flower Extract, Aloe Barbadensis Leaf Extract, Dimethyl Sulfone, Chlorphenesin, Xantham Gum, PEG-60 Hydrogenated Castor Oil, Ethylhexylglycerin, Polyglutamic Acid, Beta-Glucan, Arginine, Linum Usitatissimum (Linseed) Seed Extract, Hibiscus Esculentus Fruit Extract , Aloe Barbadensis Leaf Juice, Arctium Lappa Root Extract, Hibiscus Mutabilis Flower Extract, Corchorus Olitorius Leaf Extract, Allantoin, Carbomer, Adenosine, Melaleuca Alternifolia (Tea Tree) Leaf Oil<\/p>\n<\/div>\n<\/div>\n<div class=\"block-content_XgHTde tab-closed hidden\" data-index=\"4\">\n<div class=\"tabs-inner\">\n<div>\n<p><strong>Comment utiliser:<\/strong><\/p>\n<ul>\n<li>Assurez-vous d\u2019avoir une peau propre avant d\u2019appliquer l\u2019ampoule.<\/li>\n<li>Appliquez 2 \u00e0 3 gouttes d\u2019ampoule sur le bout de vos doigts et massez l\u2019essence sur votre peau.<\/li>\n<li>Terminer avec une cr\u00e8me hydratante.<\/li>\n<\/ul>\n<\/div>\n<\/div>\n<\/div>\n<\/div>\n","protected":false},"excerpt":{"rendered":"<p>Description Le AXIS-Y Artichoke Intensive Skin Barrier Ampoule est un incontournable pour les peaux \u00e0 tendance acn\u00e9ique ! L\u2019ampoule est remplie d\u2019ingr\u00e9dients nourrissants, mais ne se sent pas lourde ou collante sur la peau, ce qui la rend id\u00e9ale pour les peaux grasses ! La formule contient un ingr\u00e9dient cl\u00e9, l\u2019artichaut. Cet ingr\u00e9dient aide la [&hellip;]<\/p>\n","protected":false},"featured_media":3498,"comment_status":"open","ping_status":"closed","template":"","meta":{"content-type":"","_uag_custom_page_level_css":""},"pwb-brand":[],"product_brand":[],"product_cat":[363,327,334,338],"product_tag":[],"class_list":{"0":"post-3499","1":"product","2":"type-product","3":"status-publish","4":"has-post-thumbnail","6":"product_cat-axis-y","7":"product_cat-hmizat","8":"product_cat-produits-coreens","9":"product_cat-serum-ampoule","11":"first","12":"instock","13":"sale","14":"shipping-taxable","15":"purchasable","16":"product-type-simple"},"aioseo_notices":[],"uagb_featured_image_src":{"full":["https:\/\/wavexia.com\/wp-content\/uploads\/2025\/10\/Product-page-sizes_57be673d-8b06-489e-aa0f-8a8e7a7f94b9.webp",800,800,false],"thumbnail":["https:\/\/wavexia.com\/wp-content\/uploads\/2025\/10\/Product-page-sizes_57be673d-8b06-489e-aa0f-8a8e7a7f94b9-150x150.webp",150,150,true],"medium":["https:\/\/wavexia.com\/wp-content\/uploads\/2025\/10\/Product-page-sizes_57be673d-8b06-489e-aa0f-8a8e7a7f94b9-300x300.webp",300,300,true],"medium_large":["https:\/\/wavexia.com\/wp-content\/uploads\/2025\/10\/Product-page-sizes_57be673d-8b06-489e-aa0f-8a8e7a7f94b9-768x768.webp",768,768,true],"large":["https:\/\/wavexia.com\/wp-content\/uploads\/2025\/10\/Product-page-sizes_57be673d-8b06-489e-aa0f-8a8e7a7f94b9.webp",800,800,false],"1536x1536":["https:\/\/wavexia.com\/wp-content\/uploads\/2025\/10\/Product-page-sizes_57be673d-8b06-489e-aa0f-8a8e7a7f94b9.webp",800,800,false],"2048x2048":["https:\/\/wavexia.com\/wp-content\/uploads\/2025\/10\/Product-page-sizes_57be673d-8b06-489e-aa0f-8a8e7a7f94b9.webp",800,800,false],"woocommerce_archive_thumbnail":["https:\/\/wavexia.com\/wp-content\/uploads\/2025\/10\/Product-page-sizes_57be673d-8b06-489e-aa0f-8a8e7a7f94b9-300x300.webp",300,300,true],"woocommerce_thumbnail":["https:\/\/wavexia.com\/wp-content\/uploads\/2025\/10\/Product-page-sizes_57be673d-8b06-489e-aa0f-8a8e7a7f94b9-300x300.webp",300,300,true],"woocommerce_single":["https:\/\/wavexia.com\/wp-content\/uploads\/2025\/10\/Product-page-sizes_57be673d-8b06-489e-aa0f-8a8e7a7f94b9-600x600.webp",600,600,true],"woocommerce_gallery_thumbnail":["https:\/\/wavexia.com\/wp-content\/uploads\/2025\/10\/Product-page-sizes_57be673d-8b06-489e-aa0f-8a8e7a7f94b9-100x100.webp",100,100,true]},"uagb_author_info":{"display_name":"zineddine.ayoub98@gmail.com","author_link":"https:\/\/wavexia.com\/?author=0"},"uagb_comment_info":0,"uagb_excerpt":"Description Le AXIS-Y Artichoke Intensive Skin Barrier Ampoule est un incontournable pour les peaux \u00e0 tendance acn\u00e9ique ! L\u2019ampoule est remplie d\u2019ingr\u00e9dients nourrissants, mais ne se sent pas lourde ou collante sur la peau, ce qui la rend id\u00e9ale pour les peaux grasses ! La formule contient un ingr\u00e9dient cl\u00e9, l\u2019artichaut. Cet ingr\u00e9dient aide la&hellip;","brands":[],"_links":{"self":[{"href":"https:\/\/wavexia.com\/index.php?rest_route=\/wp\/v2\/product\/3499","targetHints":{"allow":["GET"]}}],"collection":[{"href":"https:\/\/wavexia.com\/index.php?rest_route=\/wp\/v2\/product"}],"about":[{"href":"https:\/\/wavexia.com\/index.php?rest_route=\/wp\/v2\/types\/product"}],"replies":[{"embeddable":true,"href":"https:\/\/wavexia.com\/index.php?rest_route=%2Fwp%2Fv2%2Fcomments&post=3499"}],"wp:featuredmedia":[{"embeddable":true,"href":"https:\/\/wavexia.com\/index.php?rest_route=\/wp\/v2\/media\/3498"}],"wp:attachment":[{"href":"https:\/\/wavexia.com\/index.php?rest_route=%2Fwp%2Fv2%2Fmedia&parent=3499"}],"wp:term":[{"taxonomy":"pwb-brand","embeddable":true,"href":"https:\/\/wavexia.com\/index.php?rest_route=%2Fwp%2Fv2%2Fpwb-brand&post=3499"},{"taxonomy":"product_brand","embeddable":true,"href":"https:\/\/wavexia.com\/index.php?rest_route=%2Fwp%2Fv2%2Fproduct_brand&post=3499"},{"taxonomy":"product_cat","embeddable":true,"href":"https:\/\/wavexia.com\/index.php?rest_route=%2Fwp%2Fv2%2Fproduct_cat&post=3499"},{"taxonomy":"product_tag","embeddable":true,"href":"https:\/\/wavexia.com\/index.php?rest_route=%2Fwp%2Fv2%2Fproduct_tag&post=3499"}],"curies":[{"name":"wp","href":"https:\/\/api.w.org\/{rel}","templated":true}]}}