{"id":3489,"date":"2025-10-19T08:53:26","date_gmt":"2025-10-19T08:53:26","guid":{"rendered":"https:\/\/wavexia.com\/product\/cosrx-aloe-soothing-sun-cream-spf-50-50ml\/"},"modified":"2026-03-10T07:30:55","modified_gmt":"2026-03-10T07:30:55","slug":"cosrx-aloe-soothing-sun-cream-spf-50-50ml","status":"publish","type":"product","link":"https:\/\/wavexia.com\/?product=cosrx-aloe-soothing-sun-cream-spf-50-50ml","title":{"rendered":"COSRX \u2013 Aloe Soothing Sun Cream SPF 50- 50ml"},"content":{"rendered":"<h2>Description<\/h2>\n<p>COSRX Aloe Soothing Sun Cream est un \u00e9cran solaire facteur 50 et prot\u00e8ge contre les rayons UVA et UVB. De plus, cette cr\u00e8me maintient la teneur en humidit\u00e9. Gr\u00e2ce aux extraits d\u2019Aloe Vera contenus dans cette cr\u00e8me, votre peau est intens\u00e9ment hydrat\u00e9e. La formule est l\u00e9g\u00e8re et ne colle pas \u00e0 la peau. La cr\u00e8me convient \u00e0 tous les types de peau, y compris les peaux sensibles.<\/p>\n<p><strong>Cet \u00e9cran solaire:<\/strong><\/p>\n<ul>\n<li>facteur 50<\/li>\n<li>hydrate la peau<\/li>\n<li>contient des extraits d\u2019Aloe Vera<\/li>\n<li>convient \u00e0 tous les types de peau<\/li>\n<li>aussi pour les peaux sensibles<\/li>\n<\/ul>\n<p><strong>Comment utiliser:<\/strong><\/p>\n<ul>\n<li>Appliquez cet \u00e9cran solaire comme derni\u00e8re \u00e9tape de votre routine de soin.<\/li>\n<li>Appliquez la cr\u00e8me au moins 30 minutes avant de sortir au soleil.<\/li>\n<li>R\u00e9p\u00e9tez tout au long de la journ\u00e9e si n\u00e9cessaire.<\/li>\n<\/ul>\n<p><strong>Ingr\u00e9dients:<\/strong><br \/>Water, Ethylhexyl Meth- oxycinnamate, Glycerin, Propylene Glycol, Cyclopentasiloxane, Phenyl- benzimidazole Sulfonic Acid, Bis-Et- hylhexyloxyphenol Methoxyphenyl Triazine, Dicaprylyl Carbonatej Isoa- myl p-Methoxycinnamate, Potassiu- m Cetyl Phosphate, Alcohol, Dimeth- icone, Butylene Glycol, Glyceryl Ste- arate, Titanium Dioxide, Cl 4-22 Alc- ohols, Polymethyl Methacryjate, Ce- tearyl Alcohol, PEG-IOO Stearatey Tr- iethanolamine, Silica, Sodium xide, Dimethicone\/\/inyl Dimethicone Crosspolymer, Cl 2-20 Alkyl Glucos- ide, Aluminum Hydroxide, Stearic A- Cid, Fragrance, Caprylyl Glycoll enoxyethanol, Acrylates\/C1040 Aik- Yl Acrylate Crosspolymery Aloe orescens Leaf Extract(l 100 ppm)j Dipotassium Glycyrrhizate, Carbo- mer, Xanthan Gum, Limonene, Toco- pheryl Acetate, Disodium EDTA, HeF Yl Cinnamal, Linalool, Benzyl Salicy- late, Geraniol, Benzyl Alcohol Citr- onellol, Benzyl Benzoate, Citral.<\/p>\n","protected":false},"excerpt":{"rendered":"<p>Description COSRX Aloe Soothing Sun Cream est un \u00e9cran solaire facteur 50 et prot\u00e8ge contre les rayons UVA et UVB. De plus, cette cr\u00e8me maintient la teneur en humidit\u00e9. Gr\u00e2ce aux extraits d\u2019Aloe Vera contenus dans cette cr\u00e8me, votre peau est intens\u00e9ment hydrat\u00e9e. La formule est l\u00e9g\u00e8re et ne colle pas \u00e0 la peau. La [&hellip;]<\/p>\n","protected":false},"featured_media":3488,"comment_status":"open","ping_status":"closed","template":"","meta":{"content-type":"","_uag_custom_page_level_css":""},"pwb-brand":[],"product_brand":[],"product_cat":[347,327,334,340],"product_tag":[],"class_list":{"0":"post-3489","1":"product","2":"type-product","3":"status-publish","4":"has-post-thumbnail","6":"product_cat-cosrx","7":"product_cat-hmizat","8":"product_cat-produits-coreens","9":"product_cat-protection-solaire","11":"first","12":"instock","13":"sale","14":"shipping-taxable","15":"purchasable","16":"product-type-simple"},"aioseo_notices":[],"uagb_featured_image_src":{"full":["https:\/\/wavexia.com\/wp-content\/uploads\/2025\/10\/019000000017.webp",800,800,false],"thumbnail":["https:\/\/wavexia.com\/wp-content\/uploads\/2025\/10\/019000000017-150x150.webp",150,150,true],"medium":["https:\/\/wavexia.com\/wp-content\/uploads\/2025\/10\/019000000017-300x300.webp",300,300,true],"medium_large":["https:\/\/wavexia.com\/wp-content\/uploads\/2025\/10\/019000000017-768x768.webp",768,768,true],"large":["https:\/\/wavexia.com\/wp-content\/uploads\/2025\/10\/019000000017.webp",800,800,false],"1536x1536":["https:\/\/wavexia.com\/wp-content\/uploads\/2025\/10\/019000000017.webp",800,800,false],"2048x2048":["https:\/\/wavexia.com\/wp-content\/uploads\/2025\/10\/019000000017.webp",800,800,false],"woocommerce_archive_thumbnail":["https:\/\/wavexia.com\/wp-content\/uploads\/2025\/10\/019000000017-300x300.webp",300,300,true],"woocommerce_thumbnail":["https:\/\/wavexia.com\/wp-content\/uploads\/2025\/10\/019000000017-300x300.webp",300,300,true],"woocommerce_single":["https:\/\/wavexia.com\/wp-content\/uploads\/2025\/10\/019000000017-600x600.webp",600,600,true],"woocommerce_gallery_thumbnail":["https:\/\/wavexia.com\/wp-content\/uploads\/2025\/10\/019000000017-100x100.webp",100,100,true]},"uagb_author_info":{"display_name":"zineddine.ayoub98@gmail.com","author_link":"https:\/\/wavexia.com\/?author=0"},"uagb_comment_info":0,"uagb_excerpt":"Description COSRX Aloe Soothing Sun Cream est un \u00e9cran solaire facteur 50 et prot\u00e8ge contre les rayons UVA et UVB. De plus, cette cr\u00e8me maintient la teneur en humidit\u00e9. Gr\u00e2ce aux extraits d\u2019Aloe Vera contenus dans cette cr\u00e8me, votre peau est intens\u00e9ment hydrat\u00e9e. La formule est l\u00e9g\u00e8re et ne colle pas \u00e0 la peau. La&hellip;","brands":[],"_links":{"self":[{"href":"https:\/\/wavexia.com\/index.php?rest_route=\/wp\/v2\/product\/3489","targetHints":{"allow":["GET"]}}],"collection":[{"href":"https:\/\/wavexia.com\/index.php?rest_route=\/wp\/v2\/product"}],"about":[{"href":"https:\/\/wavexia.com\/index.php?rest_route=\/wp\/v2\/types\/product"}],"replies":[{"embeddable":true,"href":"https:\/\/wavexia.com\/index.php?rest_route=%2Fwp%2Fv2%2Fcomments&post=3489"}],"wp:featuredmedia":[{"embeddable":true,"href":"https:\/\/wavexia.com\/index.php?rest_route=\/wp\/v2\/media\/3488"}],"wp:attachment":[{"href":"https:\/\/wavexia.com\/index.php?rest_route=%2Fwp%2Fv2%2Fmedia&parent=3489"}],"wp:term":[{"taxonomy":"pwb-brand","embeddable":true,"href":"https:\/\/wavexia.com\/index.php?rest_route=%2Fwp%2Fv2%2Fpwb-brand&post=3489"},{"taxonomy":"product_brand","embeddable":true,"href":"https:\/\/wavexia.com\/index.php?rest_route=%2Fwp%2Fv2%2Fproduct_brand&post=3489"},{"taxonomy":"product_cat","embeddable":true,"href":"https:\/\/wavexia.com\/index.php?rest_route=%2Fwp%2Fv2%2Fproduct_cat&post=3489"},{"taxonomy":"product_tag","embeddable":true,"href":"https:\/\/wavexia.com\/index.php?rest_route=%2Fwp%2Fv2%2Fproduct_tag&post=3489"}],"curies":[{"name":"wp","href":"https:\/\/api.w.org\/{rel}","templated":true}]}}