{"id":3475,"date":"2025-10-19T08:53:18","date_gmt":"2025-10-19T08:53:18","guid":{"rendered":"https:\/\/wavexia.com\/product\/1-cosrx-the-6-peptide-skin-booster-serum-100ml\/"},"modified":"2026-03-10T07:30:55","modified_gmt":"2026-03-10T07:30:55","slug":"1-cosrx-the-6-peptide-skin-booster-serum-100ml","status":"publish","type":"product","link":"https:\/\/wavexia.com\/?product=1-cosrx-the-6-peptide-skin-booster-serum-100ml","title":{"rendered":"1 Cosrx \u2013 The 6 Peptide Skin Booster Serum 100ml"},"content":{"rendered":"<h2>Description<\/h2>\n<p>Le COSRX The 6 Peptide Skin Booster Serum est un joli s\u00e9rum qui am\u00e9liore l\u2019\u00e9tat g\u00e9n\u00e9ral de votre peau. Avec ce s\u00e9rum, vous cr\u00e9ez un teint doux et uniforme et laissez-le \u00eatre ce que vous voulez. C\u2019est un v\u00e9ritable incontournable dans toute r\u00e9serve de soins de la peau !<\/p>\n<p>La formule est enrichie de pas moins de 6 peptides puissants qui optimisent l\u2019\u00e9tat g\u00e9n\u00e9ral de votre peau. Avec ce s\u00e9rum, vous minimisez visiblement les pores dilat\u00e9s et l\u2019exc\u00e8s de s\u00e9bum et renforcez \u00e9galement la peau. Cela r\u00e9duira efficacement les rides et ridules, pour un teint uniforme et soyeux. De plus, ce s\u00e9rum contient de l\u2019Acide Hyaluronique, qui hydrate intens\u00e9ment votre peau.<\/p>\n<p>De plus, ce s\u00e9rum ne laisse pas de couche collante sur votre peau et gr\u00e2ce \u00e0 sa formule l\u00e9g\u00e8re, le s\u00e9rum p\u00e9n\u00e8tre \u00e9galement plus rapidement. Le s\u00e9rum convient \u00e0 tous les types de peau, y compris les peaux sensibles.<\/p>\n<p><strong>Ce s\u00e9rum :<\/strong><\/p>\n<ul>\n<li>bon s\u00e9rum<\/li>\n<li>am\u00e9liore l\u2019ensemble de l\u2019\u00e9tat de la peau<\/li>\n<li>enrichi de 6 peptides puissants<\/li>\n<li>hydrate intens\u00e9ment<\/li>\n<li>minimise les pores dilat\u00e9s et l\u2019exc\u00e8s de s\u00e9bum<\/li>\n<li>renforce la peau<\/li>\n<li>procure un teint uniforme et doux<\/li>\n<li>ne semble pas collant<\/li>\n<li>poids l\u00e9ger<\/li>\n<li>absorbe rapidement<\/li>\n<li>sans parfum<\/li>\n<li>sans cruaut\u00e9<\/li>\n<\/ul>\n<p><strong>Comment utiliser:<\/strong><\/p>\n<ul>\n<li>Appliquer sur une peau propre et s\u00e8che.<\/li>\n<li>Utilisez-le comme premi\u00e8re \u00e9tape de votre routine de soins de la peau apr\u00e8s avoir nettoy\u00e9 votre peau.<\/li>\n<li>Massez le s\u00e9rum uniform\u00e9ment sur l\u2019ensemble de votre visage.<\/li>\n<li>Laissez le s\u00e9rum absorber.<\/li>\n<\/ul>\n<p><strong>Ingr\u00e9dients:<\/strong><br \/>Water, Dipropylene Glycol, Glycerin, Pentylene Glycol, 1,2-hexanediol, Niacinamide, Acetyl Hexapeptide-8, Copper Tripeptide-1, Sh-polypeptide-121, Dipeptide Diaminobutyroyl Benzylamide Diacetate, Oligopeptide-68, Palmitoyl Tripeptide-8, Allantoin, Sodium Hyaluronate, Acetyl Glucosamine, Serine, Alanine, Glycine,<br \/>Threonine, Arginine, Proline, Betaine, Sodium Pca, Sodium Lactate, Pca, Glutamic Acid, Lysine Hcl, Tocopherol, Dextran, Glycine Soja (Soybean)<br \/>Oil, Hydrogenated Lecithin, Ammonium Acryloyldimethyltaurate\/vp Copolymer, Polyacrylate Crosspolymer-6, Butylene Glycol, Xanthan Gum, Ethylhexylglycerin, Adenosine, Polyquaternium-51, Disodium Edta, Citric Acid, Caprylyl Glycol, T-butyl Alcohol, Potassium Sorbate, Sodium Oleate.<\/p>\n","protected":false},"excerpt":{"rendered":"<p>Description Le COSRX The 6 Peptide Skin Booster Serum est un joli s\u00e9rum qui am\u00e9liore l\u2019\u00e9tat g\u00e9n\u00e9ral de votre peau. Avec ce s\u00e9rum, vous cr\u00e9ez un teint doux et uniforme et laissez-le \u00eatre ce que vous voulez. C\u2019est un v\u00e9ritable incontournable dans toute r\u00e9serve de soins de la peau ! La formule est enrichie de [&hellip;]<\/p>\n","protected":false},"featured_media":3474,"comment_status":"open","ping_status":"closed","template":"","meta":{"content-type":"","_uag_custom_page_level_css":""},"pwb-brand":[],"product_brand":[],"product_cat":[347,339,334,338],"product_tag":[],"class_list":{"0":"post-3475","1":"product","2":"type-product","3":"status-publish","4":"has-post-thumbnail","6":"product_cat-cosrx","7":"product_cat-meilleures-ventes","8":"product_cat-produits-coreens","9":"product_cat-serum-ampoule","11":"first","12":"instock","13":"sale","14":"shipping-taxable","15":"purchasable","16":"product-type-simple"},"aioseo_notices":[],"uagb_featured_image_src":{"full":["https:\/\/wavexia.com\/wp-content\/uploads\/2025\/10\/Product-page-sizes_14539e91-5da0-4b20-af02-5bdf0cb33bb3.webp",800,800,false],"thumbnail":["https:\/\/wavexia.com\/wp-content\/uploads\/2025\/10\/Product-page-sizes_14539e91-5da0-4b20-af02-5bdf0cb33bb3-150x150.webp",150,150,true],"medium":["https:\/\/wavexia.com\/wp-content\/uploads\/2025\/10\/Product-page-sizes_14539e91-5da0-4b20-af02-5bdf0cb33bb3-300x300.webp",300,300,true],"medium_large":["https:\/\/wavexia.com\/wp-content\/uploads\/2025\/10\/Product-page-sizes_14539e91-5da0-4b20-af02-5bdf0cb33bb3-768x768.webp",768,768,true],"large":["https:\/\/wavexia.com\/wp-content\/uploads\/2025\/10\/Product-page-sizes_14539e91-5da0-4b20-af02-5bdf0cb33bb3.webp",800,800,false],"1536x1536":["https:\/\/wavexia.com\/wp-content\/uploads\/2025\/10\/Product-page-sizes_14539e91-5da0-4b20-af02-5bdf0cb33bb3.webp",800,800,false],"2048x2048":["https:\/\/wavexia.com\/wp-content\/uploads\/2025\/10\/Product-page-sizes_14539e91-5da0-4b20-af02-5bdf0cb33bb3.webp",800,800,false],"woocommerce_archive_thumbnail":["https:\/\/wavexia.com\/wp-content\/uploads\/2025\/10\/Product-page-sizes_14539e91-5da0-4b20-af02-5bdf0cb33bb3-300x300.webp",300,300,true],"woocommerce_thumbnail":["https:\/\/wavexia.com\/wp-content\/uploads\/2025\/10\/Product-page-sizes_14539e91-5da0-4b20-af02-5bdf0cb33bb3-300x300.webp",300,300,true],"woocommerce_single":["https:\/\/wavexia.com\/wp-content\/uploads\/2025\/10\/Product-page-sizes_14539e91-5da0-4b20-af02-5bdf0cb33bb3-600x600.webp",600,600,true],"woocommerce_gallery_thumbnail":["https:\/\/wavexia.com\/wp-content\/uploads\/2025\/10\/Product-page-sizes_14539e91-5da0-4b20-af02-5bdf0cb33bb3-100x100.webp",100,100,true]},"uagb_author_info":{"display_name":"zineddine.ayoub98@gmail.com","author_link":"https:\/\/wavexia.com\/?author=0"},"uagb_comment_info":0,"uagb_excerpt":"Description Le COSRX The 6 Peptide Skin Booster Serum est un joli s\u00e9rum qui am\u00e9liore l\u2019\u00e9tat g\u00e9n\u00e9ral de votre peau. Avec ce s\u00e9rum, vous cr\u00e9ez un teint doux et uniforme et laissez-le \u00eatre ce que vous voulez. C\u2019est un v\u00e9ritable incontournable dans toute r\u00e9serve de soins de la peau ! La formule est enrichie de&hellip;","brands":[],"_links":{"self":[{"href":"https:\/\/wavexia.com\/index.php?rest_route=\/wp\/v2\/product\/3475","targetHints":{"allow":["GET"]}}],"collection":[{"href":"https:\/\/wavexia.com\/index.php?rest_route=\/wp\/v2\/product"}],"about":[{"href":"https:\/\/wavexia.com\/index.php?rest_route=\/wp\/v2\/types\/product"}],"replies":[{"embeddable":true,"href":"https:\/\/wavexia.com\/index.php?rest_route=%2Fwp%2Fv2%2Fcomments&post=3475"}],"wp:featuredmedia":[{"embeddable":true,"href":"https:\/\/wavexia.com\/index.php?rest_route=\/wp\/v2\/media\/3474"}],"wp:attachment":[{"href":"https:\/\/wavexia.com\/index.php?rest_route=%2Fwp%2Fv2%2Fmedia&parent=3475"}],"wp:term":[{"taxonomy":"pwb-brand","embeddable":true,"href":"https:\/\/wavexia.com\/index.php?rest_route=%2Fwp%2Fv2%2Fpwb-brand&post=3475"},{"taxonomy":"product_brand","embeddable":true,"href":"https:\/\/wavexia.com\/index.php?rest_route=%2Fwp%2Fv2%2Fproduct_brand&post=3475"},{"taxonomy":"product_cat","embeddable":true,"href":"https:\/\/wavexia.com\/index.php?rest_route=%2Fwp%2Fv2%2Fproduct_cat&post=3475"},{"taxonomy":"product_tag","embeddable":true,"href":"https:\/\/wavexia.com\/index.php?rest_route=%2Fwp%2Fv2%2Fproduct_tag&post=3475"}],"curies":[{"name":"wp","href":"https:\/\/api.w.org\/{rel}","templated":true}]}}