{"id":3455,"date":"2025-10-18T22:16:07","date_gmt":"2025-10-18T22:16:07","guid":{"rendered":"https:\/\/wavexia.com\/product\/erborian-bb-creme-au-ginseng-clair-spf20\/"},"modified":"2026-03-10T07:30:55","modified_gmt":"2026-03-10T07:30:55","slug":"erborian-bb-creme-au-ginseng-clair-spf20","status":"publish","type":"product","link":"https:\/\/wavexia.com\/?product=erborian-bb-creme-au-ginseng-clair-spf20","title":{"rendered":"erborian BB Cr\u00e8me au Ginseng \u2013 Clair SPF20"},"content":{"rendered":"<h2>Description<\/h2>\n<p><strong>LA BB CR\u00c8ME ERBORIAN : L\u2019ICONIQUE EFFET \u00ab PEAU DE B\u00c9B\u00c9 \u00bb<\/strong><\/p>\n<p>La cr\u00e8me teint\u00e9e qui sublime votre peau gr\u00e2ce \u00e0 son action mi-teint mi-soin, pour un effet \u00ab peau de b\u00e9b\u00e9 \u00bb instantan\u00e9.<br \/>Sa couvrance modulable et sa texture l\u00e9g\u00e8re permettent de parfaire et unifier le teint, sans effet de mati\u00e8re. Sa formule, au complexe au Ginseng Blanc, actif cor\u00e9en reconnu pour ses propri\u00e9t\u00e9s lissantes, prend soin de votre peau au quotidien.<\/p>\n<p>BB CR\u00c8ME se fond sur votre peau pour :<\/p>\n<p><strong>1. Unifier et parfaire le teint<br \/>2. Camoufler les petites imperfections<br \/>3. Affiner visiblement le grain de peau<br \/>4. Hydrater, pour une peau plus \u00ab rebondie \u00bb<br \/>5. Donner un fini velout\u00e9 et non gras<\/strong><\/p>\n<p>Son petit plus ? Gr\u00e2ce \u00e0 sa protection UV SPF 20, votre peau est prot\u00e9g\u00e9e des effets n\u00e9fastes du soleil.<\/p>\n<p>Pigments 100% min\u00e9raux. Test\u00e9 sous contr\u00f4le dermatologique. Non com\u00e9dog\u00e8ne. Formule vegan*.<\/p>\n<p>Nouvelle formule : composition am\u00e9lior\u00e9e, r\u00e9sultat et fini iconiques inchang\u00e9s<\/p>\n<p>* \u00ab Formul\u00e9e sans aucun ingr\u00e9dients d\u2019origine animale y compris les produits de la ruche. \u00bb<\/p>\n","protected":false},"excerpt":{"rendered":"<p>Description LA BB CR\u00c8ME ERBORIAN : L\u2019ICONIQUE EFFET \u00ab PEAU DE B\u00c9B\u00c9 \u00bb La cr\u00e8me teint\u00e9e qui sublime votre peau gr\u00e2ce \u00e0 son action mi-teint mi-soin, pour un effet \u00ab peau de b\u00e9b\u00e9 \u00bb instantan\u00e9.Sa couvrance modulable et sa texture l\u00e9g\u00e8re permettent de parfaire et unifier le teint, sans effet de mati\u00e8re. Sa formule, au [&hellip;]<\/p>\n","protected":false},"featured_media":3454,"comment_status":"open","ping_status":"closed","template":"","meta":{"content-type":"","_uag_custom_page_level_css":""},"pwb-brand":[],"product_brand":[],"product_cat":[409,327,360],"product_tag":[],"class_list":{"0":"post-3455","1":"product","2":"type-product","3":"status-publish","4":"has-post-thumbnail","6":"product_cat-erborian","7":"product_cat-hmizat","8":"product_cat-maquillage","10":"first","11":"instock","12":"sale","13":"shipping-taxable","14":"purchasable","15":"product-type-simple"},"aioseo_notices":[],"uagb_featured_image_src":{"full":["https:\/\/wavexia.com\/wp-content\/uploads\/2025\/10\/6AA10383.webp",1200,1200,false],"thumbnail":["https:\/\/wavexia.com\/wp-content\/uploads\/2025\/10\/6AA10383-150x150.webp",150,150,true],"medium":["https:\/\/wavexia.com\/wp-content\/uploads\/2025\/10\/6AA10383-300x300.webp",300,300,true],"medium_large":["https:\/\/wavexia.com\/wp-content\/uploads\/2025\/10\/6AA10383-768x768.webp",768,768,true],"large":["https:\/\/wavexia.com\/wp-content\/uploads\/2025\/10\/6AA10383-1024x1024.webp",1024,1024,true],"1536x1536":["https:\/\/wavexia.com\/wp-content\/uploads\/2025\/10\/6AA10383.webp",1200,1200,false],"2048x2048":["https:\/\/wavexia.com\/wp-content\/uploads\/2025\/10\/6AA10383.webp",1200,1200,false],"woocommerce_archive_thumbnail":["https:\/\/wavexia.com\/wp-content\/uploads\/2025\/10\/6AA10383-300x300.webp",300,300,true],"woocommerce_thumbnail":["https:\/\/wavexia.com\/wp-content\/uploads\/2025\/10\/6AA10383-300x300.webp",300,300,true],"woocommerce_single":["https:\/\/wavexia.com\/wp-content\/uploads\/2025\/10\/6AA10383-600x600.webp",600,600,true],"woocommerce_gallery_thumbnail":["https:\/\/wavexia.com\/wp-content\/uploads\/2025\/10\/6AA10383-100x100.webp",100,100,true]},"uagb_author_info":{"display_name":"zineddine.ayoub98@gmail.com","author_link":"https:\/\/wavexia.com\/?author=0"},"uagb_comment_info":0,"uagb_excerpt":"Description LA BB CR\u00c8ME ERBORIAN : L\u2019ICONIQUE EFFET \u00ab PEAU DE B\u00c9B\u00c9 \u00bb La cr\u00e8me teint\u00e9e qui sublime votre peau gr\u00e2ce \u00e0 son action mi-teint mi-soin, pour un effet \u00ab peau de b\u00e9b\u00e9 \u00bb instantan\u00e9.Sa couvrance modulable et sa texture l\u00e9g\u00e8re permettent de parfaire et unifier le teint, sans effet de mati\u00e8re. Sa formule, au&hellip;","brands":[],"_links":{"self":[{"href":"https:\/\/wavexia.com\/index.php?rest_route=\/wp\/v2\/product\/3455","targetHints":{"allow":["GET"]}}],"collection":[{"href":"https:\/\/wavexia.com\/index.php?rest_route=\/wp\/v2\/product"}],"about":[{"href":"https:\/\/wavexia.com\/index.php?rest_route=\/wp\/v2\/types\/product"}],"replies":[{"embeddable":true,"href":"https:\/\/wavexia.com\/index.php?rest_route=%2Fwp%2Fv2%2Fcomments&post=3455"}],"wp:featuredmedia":[{"embeddable":true,"href":"https:\/\/wavexia.com\/index.php?rest_route=\/wp\/v2\/media\/3454"}],"wp:attachment":[{"href":"https:\/\/wavexia.com\/index.php?rest_route=%2Fwp%2Fv2%2Fmedia&parent=3455"}],"wp:term":[{"taxonomy":"pwb-brand","embeddable":true,"href":"https:\/\/wavexia.com\/index.php?rest_route=%2Fwp%2Fv2%2Fpwb-brand&post=3455"},{"taxonomy":"product_brand","embeddable":true,"href":"https:\/\/wavexia.com\/index.php?rest_route=%2Fwp%2Fv2%2Fproduct_brand&post=3455"},{"taxonomy":"product_cat","embeddable":true,"href":"https:\/\/wavexia.com\/index.php?rest_route=%2Fwp%2Fv2%2Fproduct_cat&post=3455"},{"taxonomy":"product_tag","embeddable":true,"href":"https:\/\/wavexia.com\/index.php?rest_route=%2Fwp%2Fv2%2Fproduct_tag&post=3455"}],"curies":[{"name":"wp","href":"https:\/\/api.w.org\/{rel}","templated":true}]}}