{"id":3425,"date":"2025-10-18T22:15:39","date_gmt":"2025-10-18T22:15:39","guid":{"rendered":"https:\/\/wavexia.com\/product\/skin1004-madagascar-centella-probio-cica-intensive-ampoul-50ml\/"},"modified":"2026-03-10T07:30:54","modified_gmt":"2026-03-10T07:30:54","slug":"skin1004-madagascar-centella-probio-cica-intensive-ampoul-50ml","status":"publish","type":"product","link":"https:\/\/wavexia.com\/?product=skin1004-madagascar-centella-probio-cica-intensive-ampoul-50ml","title":{"rendered":"Skin1004-Madagascar Centella Probio-Cica Intensive Ampoul\u2013 50ml"},"content":{"rendered":"<h2>Description<\/h2>\n<p>&nbsp;<\/p>\n<p>SKIN1004 Madagascar Centella Probio-Cica Intensive Ampoule est une ampoule puissante qui procure une hydratation en profondeur et un fini soyeux sans laisser de sensation grasse. Enrichi en extrait de centella asiatica et en probio-cica v\u00e9g\u00e9talien, il agit efficacement ensemble pour apaiser et restaurer la barri\u00e8re cutan\u00e9e.<\/p>\n<p>L\u2019extrait de centella asiatica, aux propri\u00e9t\u00e9s cicatrisantes et anti-inflammatoires, stimule la production naturelle d\u2019acide hyaluronique et agit comme un puissant antioxydant. L\u2019allanto\u00efne naturelle, d\u00e9riv\u00e9e de la consoude, adoucit et prot\u00e8ge la peau gr\u00e2ce \u00e0 ses pouvoirs cicatrisants. Le panth\u00e9nol, une provitamine aux propri\u00e9t\u00e9s hydratantes, pr\u00e9vient les irritations et offre une protection anti-inflammatoire.<\/p>\n<p>Cette ampoule est non seulement un miracle hydratant, mais aussi une force r\u00e9paratrice pour les peaux fragilis\u00e9es et sensibles. Oubliez la perte d\u2019hydratation et retrouvez un teint radieux avec l\u2019ampoule intensive Skin1004 Madagascar Centella Probio-Cica. D\u00e9couvrez les secrets d\u2019une barri\u00e8re cutan\u00e9e hydrat\u00e9e et apais\u00e9e, et offrez \u00e0 votre peau le soin qu\u2019elle m\u00e9rite.<\/p>\n<p><strong>Cette ampoule :<\/strong><\/p>\n<ul>\n<li>hydratation profonde<\/li>\n<li>enrichi en extrait de centella asiatica<\/li>\n<li>apaise et restaure<\/li>\n<li>anti-inflammatoire<\/li>\n<li>stimule la production d\u2019acide hyaluronique<\/li>\n<li>id\u00e9al pour les peaux fragilis\u00e9es et sensibles<\/li>\n<li>sans parfum<\/li>\n<li>v\u00e9g\u00e9talien<\/li>\n<li>sans cruaut\u00e9<\/li>\n<\/ul>\n<p><strong>Comment utiliser:<\/strong><\/p>\n<ul>\n<li>Prenez quelques gouttes d\u2019ampoule sur le bout de vos doigts et massez-la sur votre peau.<\/li>\n<li>Laissez l\u2019ampoule absorber bri\u00e8vement avant de poursuivre votre routine.<\/li>\n<\/ul>\n<p><strong>Ingr\u00e9dients:<\/strong><br \/>Water (Aqua), Butylene Glycol, Glycerin, Propanediol, Caprylic\/Capric Triglyceride, Niacinamide, 1,2-Hexanediol, Dipropylene Glycol, Centella Asiatica Extract, Polyglyceryl-3 Dis-tearate, Acrylates\/C10-30 Alkyl Acrylate Crosspolymer, C14-22 Alcohols, Arginine, Hydrogenated Lecithin, Hydroxystearic Acid, Betaine, Panthenol, Allantoin, Ethylhexylglycerin, Hydroxyethyl Acrylate\/Sodium Acryloyldimethyl Taurate Copolymer, Adenosine, Glyceryl Stearate Citrate, Sodium Polyacrylate, C12-20 Alkyl Glucoside, Cetearyl Alcohol, Xanthan Gum, Macadamia Ternifo-lia Seed Oil, Sodium Hyaluronate, Sodium Phytate, Stearic Acid, Ceramide NP, Sorbitan Isostearate, Glyceryl Acrylate\/Acrylic Acid Copolymer, Lactobacillus Ferment, Polyglyceryl-10 Myristate, Madecassic Acid, Asiaticoside, Phytosphingosine, Asiatic Acid, Sucrose Distearate, Polyglutamic Acid, Lauric Acid, Phytosterols<\/p>\n<p>&nbsp;<\/p>\n","protected":false},"excerpt":{"rendered":"<p>Description &nbsp; SKIN1004 Madagascar Centella Probio-Cica Intensive Ampoule est une ampoule puissante qui procure une hydratation en profondeur et un fini soyeux sans laisser de sensation grasse. Enrichi en extrait de centella asiatica et en probio-cica v\u00e9g\u00e9talien, il agit efficacement ensemble pour apaiser et restaurer la barri\u00e8re cutan\u00e9e. L\u2019extrait de centella asiatica, aux propri\u00e9t\u00e9s cicatrisantes [&hellip;]<\/p>\n","protected":false},"featured_media":3424,"comment_status":"open","ping_status":"closed","template":"","meta":{"content-type":"","_uag_custom_page_level_css":""},"pwb-brand":[],"product_brand":[],"product_cat":[327,334,338,350],"product_tag":[],"class_list":{"0":"post-3425","1":"product","2":"type-product","3":"status-publish","4":"has-post-thumbnail","6":"product_cat-hmizat","7":"product_cat-produits-coreens","8":"product_cat-serum-ampoule","9":"product_cat-skin1004","11":"first","12":"instock","13":"sale","14":"shipping-taxable","15":"purchasable","16":"product-type-simple"},"aioseo_notices":[],"uagb_featured_image_src":{"full":["https:\/\/wavexia.com\/wp-content\/uploads\/2025\/10\/Product-page-sizes_39449427-fac1-489b-b9e3-ede6bab35d9d.webp",800,800,false],"thumbnail":["https:\/\/wavexia.com\/wp-content\/uploads\/2025\/10\/Product-page-sizes_39449427-fac1-489b-b9e3-ede6bab35d9d-150x150.webp",150,150,true],"medium":["https:\/\/wavexia.com\/wp-content\/uploads\/2025\/10\/Product-page-sizes_39449427-fac1-489b-b9e3-ede6bab35d9d-300x300.webp",300,300,true],"medium_large":["https:\/\/wavexia.com\/wp-content\/uploads\/2025\/10\/Product-page-sizes_39449427-fac1-489b-b9e3-ede6bab35d9d-768x768.webp",768,768,true],"large":["https:\/\/wavexia.com\/wp-content\/uploads\/2025\/10\/Product-page-sizes_39449427-fac1-489b-b9e3-ede6bab35d9d.webp",800,800,false],"1536x1536":["https:\/\/wavexia.com\/wp-content\/uploads\/2025\/10\/Product-page-sizes_39449427-fac1-489b-b9e3-ede6bab35d9d.webp",800,800,false],"2048x2048":["https:\/\/wavexia.com\/wp-content\/uploads\/2025\/10\/Product-page-sizes_39449427-fac1-489b-b9e3-ede6bab35d9d.webp",800,800,false],"woocommerce_archive_thumbnail":["https:\/\/wavexia.com\/wp-content\/uploads\/2025\/10\/Product-page-sizes_39449427-fac1-489b-b9e3-ede6bab35d9d-300x300.webp",300,300,true],"woocommerce_thumbnail":["https:\/\/wavexia.com\/wp-content\/uploads\/2025\/10\/Product-page-sizes_39449427-fac1-489b-b9e3-ede6bab35d9d-300x300.webp",300,300,true],"woocommerce_single":["https:\/\/wavexia.com\/wp-content\/uploads\/2025\/10\/Product-page-sizes_39449427-fac1-489b-b9e3-ede6bab35d9d-600x600.webp",600,600,true],"woocommerce_gallery_thumbnail":["https:\/\/wavexia.com\/wp-content\/uploads\/2025\/10\/Product-page-sizes_39449427-fac1-489b-b9e3-ede6bab35d9d-100x100.webp",100,100,true]},"uagb_author_info":{"display_name":"zineddine.ayoub98@gmail.com","author_link":"https:\/\/wavexia.com\/?author=0"},"uagb_comment_info":0,"uagb_excerpt":"Description &nbsp; SKIN1004 Madagascar Centella Probio-Cica Intensive Ampoule est une ampoule puissante qui procure une hydratation en profondeur et un fini soyeux sans laisser de sensation grasse. Enrichi en extrait de centella asiatica et en probio-cica v\u00e9g\u00e9talien, il agit efficacement ensemble pour apaiser et restaurer la barri\u00e8re cutan\u00e9e. L\u2019extrait de centella asiatica, aux propri\u00e9t\u00e9s cicatrisantes&hellip;","brands":[],"_links":{"self":[{"href":"https:\/\/wavexia.com\/index.php?rest_route=\/wp\/v2\/product\/3425","targetHints":{"allow":["GET"]}}],"collection":[{"href":"https:\/\/wavexia.com\/index.php?rest_route=\/wp\/v2\/product"}],"about":[{"href":"https:\/\/wavexia.com\/index.php?rest_route=\/wp\/v2\/types\/product"}],"replies":[{"embeddable":true,"href":"https:\/\/wavexia.com\/index.php?rest_route=%2Fwp%2Fv2%2Fcomments&post=3425"}],"wp:featuredmedia":[{"embeddable":true,"href":"https:\/\/wavexia.com\/index.php?rest_route=\/wp\/v2\/media\/3424"}],"wp:attachment":[{"href":"https:\/\/wavexia.com\/index.php?rest_route=%2Fwp%2Fv2%2Fmedia&parent=3425"}],"wp:term":[{"taxonomy":"pwb-brand","embeddable":true,"href":"https:\/\/wavexia.com\/index.php?rest_route=%2Fwp%2Fv2%2Fpwb-brand&post=3425"},{"taxonomy":"product_brand","embeddable":true,"href":"https:\/\/wavexia.com\/index.php?rest_route=%2Fwp%2Fv2%2Fproduct_brand&post=3425"},{"taxonomy":"product_cat","embeddable":true,"href":"https:\/\/wavexia.com\/index.php?rest_route=%2Fwp%2Fv2%2Fproduct_cat&post=3425"},{"taxonomy":"product_tag","embeddable":true,"href":"https:\/\/wavexia.com\/index.php?rest_route=%2Fwp%2Fv2%2Fproduct_tag&post=3425"}],"curies":[{"name":"wp","href":"https:\/\/api.w.org\/{rel}","templated":true}]}}