{"id":3403,"date":"2025-10-18T22:15:22","date_gmt":"2025-10-18T22:15:22","guid":{"rendered":"https:\/\/wavexia.com\/product\/snow-white-spot-gel-secret-key-65g\/"},"modified":"2026-03-10T07:30:54","modified_gmt":"2026-03-10T07:30:54","slug":"snow-white-spot-gel-secret-key-65g","status":"publish","type":"product","link":"https:\/\/wavexia.com\/?product=snow-white-spot-gel-secret-key-65g","title":{"rendered":"SNOW WHITE SPOT GEL SECRET KEY 65G"},"content":{"rendered":"<h2>Description<\/h2>\n<p>Le&nbsp;<strong>Snow White Spot Gel de Secret Key<\/strong>&nbsp;est la solution id\u00e9ale pour celles et ceux qui recherchent un teint unifi\u00e9 et lumineux. Ce gel cibl\u00e9 offre une action blanchissante intense et s\u2019adresse aux zones de peau ayant tendance \u00e0 devenir plus fonc\u00e9es, comme le visage, les aisselles, les coudes, et autres zones sujettes \u00e0 des frottements. Gr\u00e2ce \u00e0 sa formule enrichie en niacinamide, un actif r\u00e9put\u00e9 pour ses propri\u00e9t\u00e9s \u00e9claircissantes, le Snow White Spot Gel aide \u00e0 r\u00e9duire efficacement les taches et les imperfections pigmentaires tout en r\u00e9gulant la production de m\u00e9lanine, responsable de l\u2019hyperpigmentation.<\/p>\n<p>La texture l\u00e9g\u00e8re et hydratante de ce gel permet une absorption rapide, laissant la peau douce et hydrat\u00e9e sans r\u00e9sidu collant. Son application est pratique et discr\u00e8te, sans n\u00e9cessiter de rin\u00e7age, ce qui en fait un parfait alli\u00e9 pour les soins de jour comme de nuit. En quelques applications, la peau retrouve un \u00e9clat naturel, et les zones trait\u00e9es deviennent visiblement plus uniformes et lumineuses. Le Snow White Spot Gel s\u2019int\u00e8gre facilement dans votre routine de soins quotidienne pour des r\u00e9sultats progressifs et durables.<\/p>\n<p>Les Bienfaits du Snow White Spot Gel<br \/>\u00c9claircissement cibl\u00e9 : La niacinamide agit directement sur les zones sombres pour une peau plus uniforme.<br \/>Action hydratante : La texture gel assure une hydratation l\u00e9g\u00e8re et non grasse.<br \/>Pratique et rapide : Absorption rapide, parfait pour une utilisation quotidienne sans rin\u00e7age.<br \/>Convient \u00e0 plusieurs zones : Id\u00e9al pour les aisselles, les coudes, le visage, et autres zones sujettes aux frottements.<\/p>\n<p><strong>Conseils d\u2019Utilisation :<\/strong><\/p>\n<p>Sur une peau propre et s\u00e8che, appliquez une petite quantit\u00e9 de gel sur la zone souhait\u00e9e.<\/p>\n","protected":false},"excerpt":{"rendered":"<p>Description Le&nbsp;Snow White Spot Gel de Secret Key&nbsp;est la solution id\u00e9ale pour celles et ceux qui recherchent un teint unifi\u00e9 et lumineux. Ce gel cibl\u00e9 offre une action blanchissante intense et s\u2019adresse aux zones de peau ayant tendance \u00e0 devenir plus fonc\u00e9es, comme le visage, les aisselles, les coudes, et autres zones sujettes \u00e0 des [&hellip;]<\/p>\n","protected":false},"featured_media":3402,"comment_status":"open","ping_status":"closed","template":"","meta":{"content-type":"","_uag_custom_page_level_css":""},"pwb-brand":[],"product_brand":[],"product_cat":[322,327,339,334,408],"product_tag":[],"class_list":{"0":"post-3403","1":"product","2":"type-product","3":"status-publish","4":"has-post-thumbnail","6":"product_cat-corps-bain","7":"product_cat-hmizat","8":"product_cat-meilleures-ventes","9":"product_cat-produits-coreens","10":"product_cat-snow-white","12":"first","13":"instock","14":"sale","15":"shipping-taxable","16":"purchasable","17":"product-type-simple"},"aioseo_notices":[],"uagb_featured_image_src":{"full":["https:\/\/wavexia.com\/wp-content\/uploads\/2025\/10\/s-l1600-_10.webp",1600,1600,false],"thumbnail":["https:\/\/wavexia.com\/wp-content\/uploads\/2025\/10\/s-l1600-_10-150x150.webp",150,150,true],"medium":["https:\/\/wavexia.com\/wp-content\/uploads\/2025\/10\/s-l1600-_10-300x300.webp",300,300,true],"medium_large":["https:\/\/wavexia.com\/wp-content\/uploads\/2025\/10\/s-l1600-_10-768x768.webp",768,768,true],"large":["https:\/\/wavexia.com\/wp-content\/uploads\/2025\/10\/s-l1600-_10-1024x1024.webp",1024,1024,true],"1536x1536":["https:\/\/wavexia.com\/wp-content\/uploads\/2025\/10\/s-l1600-_10-1536x1536.webp",1536,1536,true],"2048x2048":["https:\/\/wavexia.com\/wp-content\/uploads\/2025\/10\/s-l1600-_10.webp",1600,1600,false],"woocommerce_archive_thumbnail":["https:\/\/wavexia.com\/wp-content\/uploads\/2025\/10\/s-l1600-_10-300x300.webp",300,300,true],"woocommerce_thumbnail":["https:\/\/wavexia.com\/wp-content\/uploads\/2025\/10\/s-l1600-_10-300x300.webp",300,300,true],"woocommerce_single":["https:\/\/wavexia.com\/wp-content\/uploads\/2025\/10\/s-l1600-_10-600x600.webp",600,600,true],"woocommerce_gallery_thumbnail":["https:\/\/wavexia.com\/wp-content\/uploads\/2025\/10\/s-l1600-_10-100x100.webp",100,100,true]},"uagb_author_info":{"display_name":"zineddine.ayoub98@gmail.com","author_link":"https:\/\/wavexia.com\/?author=0"},"uagb_comment_info":0,"uagb_excerpt":"Description Le&nbsp;Snow White Spot Gel de Secret Key&nbsp;est la solution id\u00e9ale pour celles et ceux qui recherchent un teint unifi\u00e9 et lumineux. Ce gel cibl\u00e9 offre une action blanchissante intense et s\u2019adresse aux zones de peau ayant tendance \u00e0 devenir plus fonc\u00e9es, comme le visage, les aisselles, les coudes, et autres zones sujettes \u00e0 des&hellip;","brands":[],"_links":{"self":[{"href":"https:\/\/wavexia.com\/index.php?rest_route=\/wp\/v2\/product\/3403","targetHints":{"allow":["GET"]}}],"collection":[{"href":"https:\/\/wavexia.com\/index.php?rest_route=\/wp\/v2\/product"}],"about":[{"href":"https:\/\/wavexia.com\/index.php?rest_route=\/wp\/v2\/types\/product"}],"replies":[{"embeddable":true,"href":"https:\/\/wavexia.com\/index.php?rest_route=%2Fwp%2Fv2%2Fcomments&post=3403"}],"wp:featuredmedia":[{"embeddable":true,"href":"https:\/\/wavexia.com\/index.php?rest_route=\/wp\/v2\/media\/3402"}],"wp:attachment":[{"href":"https:\/\/wavexia.com\/index.php?rest_route=%2Fwp%2Fv2%2Fmedia&parent=3403"}],"wp:term":[{"taxonomy":"pwb-brand","embeddable":true,"href":"https:\/\/wavexia.com\/index.php?rest_route=%2Fwp%2Fv2%2Fpwb-brand&post=3403"},{"taxonomy":"product_brand","embeddable":true,"href":"https:\/\/wavexia.com\/index.php?rest_route=%2Fwp%2Fv2%2Fproduct_brand&post=3403"},{"taxonomy":"product_cat","embeddable":true,"href":"https:\/\/wavexia.com\/index.php?rest_route=%2Fwp%2Fv2%2Fproduct_cat&post=3403"},{"taxonomy":"product_tag","embeddable":true,"href":"https:\/\/wavexia.com\/index.php?rest_route=%2Fwp%2Fv2%2Fproduct_tag&post=3403"}],"curies":[{"name":"wp","href":"https:\/\/api.w.org\/{rel}","templated":true}]}}