{"id":3382,"date":"2025-10-18T22:15:10","date_gmt":"2025-10-18T22:15:10","guid":{"rendered":"https:\/\/wavexia.com\/product\/etude-house-my-lash-serum-18g\/"},"modified":"2026-03-10T07:30:54","modified_gmt":"2026-03-10T07:30:54","slug":"etude-house-my-lash-serum-18g","status":"publish","type":"product","link":"https:\/\/wavexia.com\/?product=etude-house-my-lash-serum-18g","title":{"rendered":"Etude House My Lash Serum 18g"},"content":{"rendered":"<h2>Description<\/h2>\n<p>Le Etude House My Lash Serum est un s\u00e9rum qui rend vos cils plus longs, plus \u00e9pais et plus volumineux pendant que vous dormez ! La formule nourrissante et fortifiante contient des ingr\u00e9dients nourrissants tels que le ginseng et l\u2019aloe vera.<\/p>\n<p>Ce s\u00e9rum renforcera vos cils de la racine, les rendant moins susceptibles de tomber. Appliquez le s\u00e9rum avec le spoolie inclus sur vos cils la nuit pour en prendre soin !<\/p>\n<p>Des cils plus volumineux et plus forts sans une visite au salon de beaut\u00e9, qui ne voudrait pas cela&nbsp;?<\/p>\n<p><strong>Ce s\u00e9rum :<\/strong><\/p>\n<ul>\n<li>adapt\u00e9 aux cils<\/li>\n<li>rend les cils plus longs, plus \u00e9pais et plus volumineux<\/li>\n<li>contient de l\u2019aloe vera et du ginseng pour une alimentation intense<\/li>\n<li>renforce vos cils<\/li>\n<li>applicateur \u00e0 bobine<\/li>\n<li>emballage mignon<\/li>\n<li>sans parfum<\/li>\n<li>sans cruaut\u00e9<\/li>\n<li>v\u00e9g\u00e9talien<\/li>\n<\/ul>\n<p><strong>Comment utiliser:<\/strong><\/p>\n<ul>\n<li>Nettoyez la peau autour des yeux et assurez-vous qu\u2019il ne reste aucun maquillage. S\u00e9chez ensuite soigneusement la peau.<\/li>\n<li>Appliquez une fine couche de s\u00e9rum sur les cils.<\/li>\n<li>Laissez agir le s\u00e9rum pendant la nuit.<\/li>\n<\/ul>\n<p><strong>Ingr\u00e9dients:<br \/><\/strong>Water (Aqua), Butylene Glycol, ethanol, glycerin, phenoxy ethanol, polyacrylic acid, tromethamine, PEG -32, PEG -6, disodium dithiol dit, dangyak extract, carbonate, biotin, sodium hyaluronidase, Maltodextrin, ginseng extract, ethylhexyl glycerin , iris extract, aloe vera leaf extract, yellow No. 4<\/p>\n","protected":false},"excerpt":{"rendered":"<p>Description Le Etude House My Lash Serum est un s\u00e9rum qui rend vos cils plus longs, plus \u00e9pais et plus volumineux pendant que vous dormez ! La formule nourrissante et fortifiante contient des ingr\u00e9dients nourrissants tels que le ginseng et l\u2019aloe vera. Ce s\u00e9rum renforcera vos cils de la racine, les rendant moins susceptibles de [&hellip;]<\/p>\n","protected":false},"featured_media":3381,"comment_status":"open","ping_status":"closed","template":"","meta":{"content-type":"","_uag_custom_page_level_css":""},"pwb-brand":[],"product_brand":[],"product_cat":[406,327,407],"product_tag":[],"class_list":{"0":"post-3382","1":"product","2":"type-product","3":"status-publish","4":"has-post-thumbnail","6":"product_cat-etude","7":"product_cat-hmizat","8":"product_cat-soin-des-cils-et-sourcils","10":"first","11":"instock","12":"sale","13":"shipping-taxable","14":"purchasable","15":"product-type-simple"},"aioseo_notices":[],"uagb_featured_image_src":{"full":["https:\/\/wavexia.com\/wp-content\/uploads\/2025\/10\/et03_1.webp",451,451,false],"thumbnail":["https:\/\/wavexia.com\/wp-content\/uploads\/2025\/10\/et03_1-150x150.webp",150,150,true],"medium":["https:\/\/wavexia.com\/wp-content\/uploads\/2025\/10\/et03_1-300x300.webp",300,300,true],"medium_large":["https:\/\/wavexia.com\/wp-content\/uploads\/2025\/10\/et03_1.webp",451,451,false],"large":["https:\/\/wavexia.com\/wp-content\/uploads\/2025\/10\/et03_1.webp",451,451,false],"1536x1536":["https:\/\/wavexia.com\/wp-content\/uploads\/2025\/10\/et03_1.webp",451,451,false],"2048x2048":["https:\/\/wavexia.com\/wp-content\/uploads\/2025\/10\/et03_1.webp",451,451,false],"woocommerce_archive_thumbnail":["https:\/\/wavexia.com\/wp-content\/uploads\/2025\/10\/et03_1-300x300.webp",300,300,true],"woocommerce_thumbnail":["https:\/\/wavexia.com\/wp-content\/uploads\/2025\/10\/et03_1-300x300.webp",300,300,true],"woocommerce_single":["https:\/\/wavexia.com\/wp-content\/uploads\/2025\/10\/et03_1.webp",451,451,false],"woocommerce_gallery_thumbnail":["https:\/\/wavexia.com\/wp-content\/uploads\/2025\/10\/et03_1-100x100.webp",100,100,true]},"uagb_author_info":{"display_name":"zineddine.ayoub98@gmail.com","author_link":"https:\/\/wavexia.com\/?author=0"},"uagb_comment_info":0,"uagb_excerpt":"Description Le Etude House My Lash Serum est un s\u00e9rum qui rend vos cils plus longs, plus \u00e9pais et plus volumineux pendant que vous dormez ! La formule nourrissante et fortifiante contient des ingr\u00e9dients nourrissants tels que le ginseng et l\u2019aloe vera. Ce s\u00e9rum renforcera vos cils de la racine, les rendant moins susceptibles de&hellip;","brands":[],"_links":{"self":[{"href":"https:\/\/wavexia.com\/index.php?rest_route=\/wp\/v2\/product\/3382","targetHints":{"allow":["GET"]}}],"collection":[{"href":"https:\/\/wavexia.com\/index.php?rest_route=\/wp\/v2\/product"}],"about":[{"href":"https:\/\/wavexia.com\/index.php?rest_route=\/wp\/v2\/types\/product"}],"replies":[{"embeddable":true,"href":"https:\/\/wavexia.com\/index.php?rest_route=%2Fwp%2Fv2%2Fcomments&post=3382"}],"wp:featuredmedia":[{"embeddable":true,"href":"https:\/\/wavexia.com\/index.php?rest_route=\/wp\/v2\/media\/3381"}],"wp:attachment":[{"href":"https:\/\/wavexia.com\/index.php?rest_route=%2Fwp%2Fv2%2Fmedia&parent=3382"}],"wp:term":[{"taxonomy":"pwb-brand","embeddable":true,"href":"https:\/\/wavexia.com\/index.php?rest_route=%2Fwp%2Fv2%2Fpwb-brand&post=3382"},{"taxonomy":"product_brand","embeddable":true,"href":"https:\/\/wavexia.com\/index.php?rest_route=%2Fwp%2Fv2%2Fproduct_brand&post=3382"},{"taxonomy":"product_cat","embeddable":true,"href":"https:\/\/wavexia.com\/index.php?rest_route=%2Fwp%2Fv2%2Fproduct_cat&post=3382"},{"taxonomy":"product_tag","embeddable":true,"href":"https:\/\/wavexia.com\/index.php?rest_route=%2Fwp%2Fv2%2Fproduct_tag&post=3382"}],"curies":[{"name":"wp","href":"https:\/\/api.w.org\/{rel}","templated":true}]}}