{"id":3375,"date":"2025-10-18T22:15:06","date_gmt":"2025-10-18T22:15:06","guid":{"rendered":"https:\/\/wavexia.com\/product\/mixsoon-bean-cream-50ml\/"},"modified":"2026-03-10T07:30:54","modified_gmt":"2026-03-10T07:30:54","slug":"mixsoon-bean-cream-50ml","status":"publish","type":"product","link":"https:\/\/wavexia.com\/?product=mixsoon-bean-cream-50ml","title":{"rendered":"MIXSOON Bean Cream 50ml"},"content":{"rendered":"<h2>Description<\/h2>\n<p>La Bean Cream MIXSOON est une cr\u00e8me intens\u00e9ment hydratante infus\u00e9e de haricot, de poire et de grenade qui nourrit, hydrate et conditionne la peau pour lui donner une apparence souple et satin\u00e9e. Elle est gorg\u00e9e d\u2019acides amin\u00e9s essentiels\u2026<\/p>\n<p>La Bean Cream MIXSOON est une cr\u00e8me intens\u00e9ment hydratante infus\u00e9e de haricot, de poire et de grenade qui nourrit, hydrate et conditionne la peau pour lui donner une apparence souple et satin\u00e9e. Elle est gorg\u00e9e d\u2019acides amin\u00e9s essentiels pour hydrater intens\u00e9ment la peau d\u00e9shydrat\u00e9e et am\u00e9liorer la texture de la peau. L\u2019extrait de ferment de haricot contenu dans la formule offre un soin intensif des pores en exfoliant en douceur pour lisser la texture de la peau pour un teint plus uniforme et plus doux.<\/p>\n<p><strong>Conseils d\u2019utilisation :<\/strong><\/p>\n<ul>\n<li>Apr\u00e8s avoir nettoy\u00e9 ta peau, lors de la derni\u00e8re \u00e9tape de ta routine beaut\u00e9, \u00e9tale uniform\u00e9ment sur ton visage et tapote l\u00e9g\u00e8rement sur pour une meilleure absorption.<\/li>\n<\/ul>\n<p><strong>Ingr\u00e9dients :<\/strong><\/p>\n<p>Eau, Glyc\u00e9rine, Triglyc\u00e9ride Caprylique\/Caprique, Polyisobut\u00e8ne Hydrog\u00e9n\u00e9, Dist\u00e9arate de Polyglyc\u00e9ryl-3, Citrate de St\u00e9arate de Glyc\u00e9ryle, Coco-Glyc\u00e9rides Hydrog\u00e9n\u00e9s, Huile de Graines de Limnanthes Alba, Butyl\u00e8ne Glycol, Malate de Diisost\u00e9aryle, Vinyl Dim\u00e9thicone, Extrait de Ferment de Lactobacillus\/Soja, Extrait de Ferment de Fruit de Lactobacillus\/Punica Granatum, Filtrat de Ferment de Graines d\u2019Orge\/Saccharomyces, Filtrat de Ferment de Jus de Poire de Lactobacillus, Panth\u00e9nol, Dipotassium Glycyrrhizate, L\u00e9cithine Hydrog\u00e9n\u00e9e, Extrait de Fleur de Melia Azadirachta, Extrait de Fruit de Coccinia Indica, \u00c9thylhexylglyc\u00e9rine, Huile de Fruit de Citrus Aurantium Bergamia, Huile de Lavandula Angustifolia, Huile de Fleur d\u2019Anthemis Nobilis, Acide St\u00e9arique, Acide Palmitique, Acide Ol\u00e9ique, Alcool C\u00e9t\u00e9arylique, Copolym\u00e8re d\u2019Acrylate d\u2019Hydroxy\u00e9thyle\/Taurate de Sodium, St\u00e9arate de Glyc\u00e9ryle, Hydroxyac\u00e9toph\u00e9none, Isost\u00e9arate de Sorbitane, Carbom\u00e8re, Trom\u00e9thamine, Propanediol, Ad\u00e9nosine, Disodium EDTA, Polyacrylate de Sodium.<\/p>\n","protected":false},"excerpt":{"rendered":"<p>Description La Bean Cream MIXSOON est une cr\u00e8me intens\u00e9ment hydratante infus\u00e9e de haricot, de poire et de grenade qui nourrit, hydrate et conditionne la peau pour lui donner une apparence souple et satin\u00e9e. Elle est gorg\u00e9e d\u2019acides amin\u00e9s essentiels\u2026 La Bean Cream MIXSOON est une cr\u00e8me intens\u00e9ment hydratante infus\u00e9e de haricot, de poire et de [&hellip;]<\/p>\n","protected":false},"featured_media":3374,"comment_status":"open","ping_status":"closed","template":"","meta":{"content-type":"","_uag_custom_page_level_css":""},"pwb-brand":[],"product_brand":[],"product_cat":[324,327,335,334],"product_tag":[],"class_list":{"0":"post-3375","1":"product","2":"type-product","3":"status-publish","4":"has-post-thumbnail","6":"product_cat-creme","7":"product_cat-hmizat","8":"product_cat-mixsoon","9":"product_cat-produits-coreens","11":"first","12":"instock","13":"sale","14":"shipping-taxable","15":"purchasable","16":"product-type-simple"},"aioseo_notices":[],"uagb_featured_image_src":{"full":["https:\/\/wavexia.com\/wp-content\/uploads\/2025\/10\/Product-page-sizes_e9156b47-eb0e-4f24-945b-57a42fcad7c6.webp",800,800,false],"thumbnail":["https:\/\/wavexia.com\/wp-content\/uploads\/2025\/10\/Product-page-sizes_e9156b47-eb0e-4f24-945b-57a42fcad7c6-150x150.webp",150,150,true],"medium":["https:\/\/wavexia.com\/wp-content\/uploads\/2025\/10\/Product-page-sizes_e9156b47-eb0e-4f24-945b-57a42fcad7c6-300x300.webp",300,300,true],"medium_large":["https:\/\/wavexia.com\/wp-content\/uploads\/2025\/10\/Product-page-sizes_e9156b47-eb0e-4f24-945b-57a42fcad7c6-768x768.webp",768,768,true],"large":["https:\/\/wavexia.com\/wp-content\/uploads\/2025\/10\/Product-page-sizes_e9156b47-eb0e-4f24-945b-57a42fcad7c6.webp",800,800,false],"1536x1536":["https:\/\/wavexia.com\/wp-content\/uploads\/2025\/10\/Product-page-sizes_e9156b47-eb0e-4f24-945b-57a42fcad7c6.webp",800,800,false],"2048x2048":["https:\/\/wavexia.com\/wp-content\/uploads\/2025\/10\/Product-page-sizes_e9156b47-eb0e-4f24-945b-57a42fcad7c6.webp",800,800,false],"woocommerce_archive_thumbnail":["https:\/\/wavexia.com\/wp-content\/uploads\/2025\/10\/Product-page-sizes_e9156b47-eb0e-4f24-945b-57a42fcad7c6-300x300.webp",300,300,true],"woocommerce_thumbnail":["https:\/\/wavexia.com\/wp-content\/uploads\/2025\/10\/Product-page-sizes_e9156b47-eb0e-4f24-945b-57a42fcad7c6-300x300.webp",300,300,true],"woocommerce_single":["https:\/\/wavexia.com\/wp-content\/uploads\/2025\/10\/Product-page-sizes_e9156b47-eb0e-4f24-945b-57a42fcad7c6-600x600.webp",600,600,true],"woocommerce_gallery_thumbnail":["https:\/\/wavexia.com\/wp-content\/uploads\/2025\/10\/Product-page-sizes_e9156b47-eb0e-4f24-945b-57a42fcad7c6-100x100.webp",100,100,true]},"uagb_author_info":{"display_name":"zineddine.ayoub98@gmail.com","author_link":"https:\/\/wavexia.com\/?author=0"},"uagb_comment_info":0,"uagb_excerpt":"Description La Bean Cream MIXSOON est une cr\u00e8me intens\u00e9ment hydratante infus\u00e9e de haricot, de poire et de grenade qui nourrit, hydrate et conditionne la peau pour lui donner une apparence souple et satin\u00e9e. Elle est gorg\u00e9e d\u2019acides amin\u00e9s essentiels\u2026 La Bean Cream MIXSOON est une cr\u00e8me intens\u00e9ment hydratante infus\u00e9e de haricot, de poire et de&hellip;","brands":[],"_links":{"self":[{"href":"https:\/\/wavexia.com\/index.php?rest_route=\/wp\/v2\/product\/3375","targetHints":{"allow":["GET"]}}],"collection":[{"href":"https:\/\/wavexia.com\/index.php?rest_route=\/wp\/v2\/product"}],"about":[{"href":"https:\/\/wavexia.com\/index.php?rest_route=\/wp\/v2\/types\/product"}],"replies":[{"embeddable":true,"href":"https:\/\/wavexia.com\/index.php?rest_route=%2Fwp%2Fv2%2Fcomments&post=3375"}],"wp:featuredmedia":[{"embeddable":true,"href":"https:\/\/wavexia.com\/index.php?rest_route=\/wp\/v2\/media\/3374"}],"wp:attachment":[{"href":"https:\/\/wavexia.com\/index.php?rest_route=%2Fwp%2Fv2%2Fmedia&parent=3375"}],"wp:term":[{"taxonomy":"pwb-brand","embeddable":true,"href":"https:\/\/wavexia.com\/index.php?rest_route=%2Fwp%2Fv2%2Fpwb-brand&post=3375"},{"taxonomy":"product_brand","embeddable":true,"href":"https:\/\/wavexia.com\/index.php?rest_route=%2Fwp%2Fv2%2Fproduct_brand&post=3375"},{"taxonomy":"product_cat","embeddable":true,"href":"https:\/\/wavexia.com\/index.php?rest_route=%2Fwp%2Fv2%2Fproduct_cat&post=3375"},{"taxonomy":"product_tag","embeddable":true,"href":"https:\/\/wavexia.com\/index.php?rest_route=%2Fwp%2Fv2%2Fproduct_tag&post=3375"}],"curies":[{"name":"wp","href":"https:\/\/api.w.org\/{rel}","templated":true}]}}