{"id":3328,"date":"2025-10-18T22:14:31","date_gmt":"2025-10-18T22:14:31","guid":{"rendered":"https:\/\/wavexia.com\/product\/laura-mercier-translucent-loose-setting-powder-20g\/"},"modified":"2026-03-10T07:30:54","modified_gmt":"2026-03-10T07:30:54","slug":"laura-mercier-translucent-loose-setting-powder-20g","status":"publish","type":"product","link":"https:\/\/wavexia.com\/?product=laura-mercier-translucent-loose-setting-powder-20g","title":{"rendered":"LAURA MERCIER Translucent Loose Setting Powder 20G"},"content":{"rendered":"<h2>Description<\/h2>\n<p>L\u2019iconique poudre fixatrice Laura Mercier est extr\u00eamement l\u00e9g\u00e8re, transparente et soyeuse. Elle est formul\u00e9e \u00e0 base du talc fran\u00e7ais le plus fin et d\u2019un ingr\u00e9dient r\u00e9flecteur de lumi\u00e8re unique qui floute l\u2019apparence des ridules et des imperfections.<\/p>\n<p>Cette formule sans flash-back est parfaite pour les photos et cr\u00e9e un effet soft-focus pour estomper subtilement l\u2019apparence des ridules et des imperfections.<\/p>\n<p>Ses points forts:<br \/>\u2013 Fixe le maquillage pour une tenue prolong\u00e9e<br \/>\u2013 Garantit que le maquillage tient jusqu\u2019\u00e0 16 heures, en doublant la tenue du fond de teint<br \/>\u2013 Absorbe l\u2019exc\u00e8s de s\u00e9bum et contr\u00f4le de mani\u00e8re visible son apparence, imm\u00e9diatement et toute la journ\u00e9e<br \/>\u2013 Camoufle les ridules gr\u00e2ce \u00e0 sa formule l\u00e9g\u00e8re et imperceptible sur la peau<br \/>\u2013 Apporte une couvrance tout en transparence et permet une application plus uniforme de la poudre bronzante, du blush et de l\u2019illuminateur<br \/>\u2013 S\u2019adapte \u00e0 tous les types de peaux, m\u00eame les peaux sensibles<br \/>-Non com\u00e9dog\u00e8ne<\/p>\n<p>INGREDIENT<\/p>\n<p>TALC, MAGNESIUM MYRISTATE, NYLON-12, CAPRYLIC\/CAPRIC TRIGLYCERIDE, ETHYLHEXYLPALMITATE, ZEA MAYS (CORN) STARCH, SODIUM DEHYDROACETATE, METHYLPARABEN, LAUROYL LYSINE, PROPYLPARABEN, POLYMETHYL METHACRYLATE, BUTYLPARABEN, ASCORBYL PALMITATE, GLYCINE SOJA (SOYBEAN) OIL, TOCOPHEROL, METHICONE. MAY CONTAIN: ULTRAMARINES (CL 77007), IRON OXIDES (CL 77491, CL 77492, CL 77499).TALC, MAGNESIUM MYRISTATE, NYLON-12, CAPRYLIC\/CAPRIC TRIGLYCERIDE, ETHYLHEXYLPALMITATE, ZEA MAYS (CORN) STARCH, SODIUM DEHYDROACETATE, METHYLPARABEN, LAUROYL LYSINE, PROPYLPARABEN, POLYMETHYL METHACRYLATE, BUTYLPARABEN, ASCORBYL PALMITATE, GLYCINE SOJA (SOYBEAN) OIL, TOCOPHEROL, METHICONE. MAY CONTAIN: ULTRAMARINES (CL 77007), IRON OXIDES (CL 77491, CL 77492, CL 77499).<\/p>\n","protected":false},"excerpt":{"rendered":"<p>Description L\u2019iconique poudre fixatrice Laura Mercier est extr\u00eamement l\u00e9g\u00e8re, transparente et soyeuse. Elle est formul\u00e9e \u00e0 base du talc fran\u00e7ais le plus fin et d\u2019un ingr\u00e9dient r\u00e9flecteur de lumi\u00e8re unique qui floute l\u2019apparence des ridules et des imperfections. Cette formule sans flash-back est parfaite pour les photos et cr\u00e9e un effet soft-focus pour estomper subtilement [&hellip;]<\/p>\n","protected":false},"featured_media":3327,"comment_status":"open","ping_status":"closed","template":"","meta":{"content-type":"","_uag_custom_page_level_css":""},"pwb-brand":[],"product_brand":[],"product_cat":[327,404,360],"product_tag":[],"class_list":{"0":"post-3328","1":"product","2":"type-product","3":"status-publish","4":"has-post-thumbnail","6":"product_cat-hmizat","7":"product_cat-laura-mercier","8":"product_cat-maquillage","10":"first","11":"instock","12":"sale","13":"shipping-taxable","14":"purchasable","15":"product-type-simple"},"aioseo_notices":[],"uagb_featured_image_src":{"full":["https:\/\/wavexia.com\/wp-content\/uploads\/2025\/10\/UK200036836-LAURA_MERC.webp",1750,1750,false],"thumbnail":["https:\/\/wavexia.com\/wp-content\/uploads\/2025\/10\/UK200036836-LAURA_MERC-150x150.webp",150,150,true],"medium":["https:\/\/wavexia.com\/wp-content\/uploads\/2025\/10\/UK200036836-LAURA_MERC-300x300.webp",300,300,true],"medium_large":["https:\/\/wavexia.com\/wp-content\/uploads\/2025\/10\/UK200036836-LAURA_MERC-768x768.webp",768,768,true],"large":["https:\/\/wavexia.com\/wp-content\/uploads\/2025\/10\/UK200036836-LAURA_MERC-1024x1024.webp",1024,1024,true],"1536x1536":["https:\/\/wavexia.com\/wp-content\/uploads\/2025\/10\/UK200036836-LAURA_MERC-1536x1536.webp",1536,1536,true],"2048x2048":["https:\/\/wavexia.com\/wp-content\/uploads\/2025\/10\/UK200036836-LAURA_MERC.webp",1750,1750,false],"woocommerce_archive_thumbnail":["https:\/\/wavexia.com\/wp-content\/uploads\/2025\/10\/UK200036836-LAURA_MERC-300x300.webp",300,300,true],"woocommerce_thumbnail":["https:\/\/wavexia.com\/wp-content\/uploads\/2025\/10\/UK200036836-LAURA_MERC-300x300.webp",300,300,true],"woocommerce_single":["https:\/\/wavexia.com\/wp-content\/uploads\/2025\/10\/UK200036836-LAURA_MERC-600x600.webp",600,600,true],"woocommerce_gallery_thumbnail":["https:\/\/wavexia.com\/wp-content\/uploads\/2025\/10\/UK200036836-LAURA_MERC-100x100.webp",100,100,true]},"uagb_author_info":{"display_name":"zineddine.ayoub98@gmail.com","author_link":"https:\/\/wavexia.com\/?author=0"},"uagb_comment_info":0,"uagb_excerpt":"Description L\u2019iconique poudre fixatrice Laura Mercier est extr\u00eamement l\u00e9g\u00e8re, transparente et soyeuse. Elle est formul\u00e9e \u00e0 base du talc fran\u00e7ais le plus fin et d\u2019un ingr\u00e9dient r\u00e9flecteur de lumi\u00e8re unique qui floute l\u2019apparence des ridules et des imperfections. Cette formule sans flash-back est parfaite pour les photos et cr\u00e9e un effet soft-focus pour estomper subtilement&hellip;","brands":[],"_links":{"self":[{"href":"https:\/\/wavexia.com\/index.php?rest_route=\/wp\/v2\/product\/3328","targetHints":{"allow":["GET"]}}],"collection":[{"href":"https:\/\/wavexia.com\/index.php?rest_route=\/wp\/v2\/product"}],"about":[{"href":"https:\/\/wavexia.com\/index.php?rest_route=\/wp\/v2\/types\/product"}],"replies":[{"embeddable":true,"href":"https:\/\/wavexia.com\/index.php?rest_route=%2Fwp%2Fv2%2Fcomments&post=3328"}],"wp:featuredmedia":[{"embeddable":true,"href":"https:\/\/wavexia.com\/index.php?rest_route=\/wp\/v2\/media\/3327"}],"wp:attachment":[{"href":"https:\/\/wavexia.com\/index.php?rest_route=%2Fwp%2Fv2%2Fmedia&parent=3328"}],"wp:term":[{"taxonomy":"pwb-brand","embeddable":true,"href":"https:\/\/wavexia.com\/index.php?rest_route=%2Fwp%2Fv2%2Fpwb-brand&post=3328"},{"taxonomy":"product_brand","embeddable":true,"href":"https:\/\/wavexia.com\/index.php?rest_route=%2Fwp%2Fv2%2Fproduct_brand&post=3328"},{"taxonomy":"product_cat","embeddable":true,"href":"https:\/\/wavexia.com\/index.php?rest_route=%2Fwp%2Fv2%2Fproduct_cat&post=3328"},{"taxonomy":"product_tag","embeddable":true,"href":"https:\/\/wavexia.com\/index.php?rest_route=%2Fwp%2Fv2%2Fproduct_tag&post=3328"}],"curies":[{"name":"wp","href":"https:\/\/api.w.org\/{rel}","templated":true}]}}