{"id":3297,"date":"2025-10-18T22:14:05","date_gmt":"2025-10-18T22:14:05","guid":{"rendered":"https:\/\/wavexia.com\/product\/numbuzin-no-5-vitamin-glutathione-dark-spot-laser-50ml\/"},"modified":"2026-03-10T07:30:54","modified_gmt":"2026-03-10T07:30:54","slug":"numbuzin-no-5-vitamin-glutathione-dark-spot-laser-50ml","status":"publish","type":"product","link":"https:\/\/wavexia.com\/?product=numbuzin-no-5-vitamin-glutathione-dark-spot-laser-50ml","title":{"rendered":"Numbuzin No.5+ Vitamin Glutathione Dark Spot Laser 50ml"},"content":{"rendered":"<h2>Description<\/h2>\n<p>Un hydratant \u00e9claircissant revitalisant qui estompe les taches et unifie visiblement le teint de la peau en r\u00e9duisant l\u2019accumulation excessive de m\u00e9lanine sans traitement au laser.&nbsp;<strong>La cr\u00e8me laser Numbuzin No. 5+ Vitamin Glutathion Dark Spot<\/strong>&nbsp;offre un traitement \u00e9claircissant intense et soutient une barri\u00e8re cutan\u00e9e saine pour un teint \u00e9clatant.<\/p>\n<p>Formul\u00e9 avec du glutathion et de la L-cyst\u00e9ine, de la c\u00e9ramide, du panth\u00e9nol et du b\u00eata-sitost\u00e9rol.&nbsp;Il aide \u00e0 inhiber les effets de la m\u00e9lanine avec la m\u00e9lasse et les effets synergiques du glutathion et de la L-cyst\u00e9ine pour r\u00e9duire l\u2019apparence des taches brunes. 8 facteurs de croissance aident \u00e0 la cicatrisation de la peau endommag\u00e9e et peuvent aider \u00e0 uniformiser l\u2019hyperpigmentation cutan\u00e9e.&nbsp;Des ingr\u00e9dients b\u00e9n\u00e9fiques pour la peau, notamment des c\u00e9ramides, du Pantenol et du b\u00eata-sitost\u00e9rol, aident \u00e0 restaurer une barri\u00e8re cutan\u00e9e saine pour une peau \u00e9clatante.<\/p>\n<p>Sans cruaut\u00e9 envers les animaux et formul\u00e9 sans parfum artificiel ni huiles essentielles.<\/p>\n<p><strong>Fabriqu\u00e9 en Cor\u00e9e<\/strong><\/p>\n<p><strong>Mode d\u2019emploi :<\/strong><\/p>\n<p>\u00c0 l\u2019\u00e9tape de l\u2019hydratation de la routine de soin, appliquez une couche ad\u00e9quate et lissez-la pour permettre l\u2019absorption. Vous pouvez \u00e9galement appliquer une couche \u00e9paisse et l\u2019utiliser comme sac de couchage. Convient pour \u00eatre utilis\u00e9 quotidiennement, matin et soir.<\/p>\n<p><strong>Ingr\u00e9dients:<\/strong><\/p>\n<p>Eau, dipropyl\u00e8ne glycol, glyc\u00e9rine, niacinamide, octyldod\u00e9canol, huile de graines d\u2019Helianthus Annuus (tournesol), butyl\u00e8ne glycol, tr\u00e9halose, pentyl\u00e8ne glycol, 1,2-hexanediol, extrait de feuille d\u2019Eriobotrya Japonica, extrait de racine de Coptis Japonica, extrait de Mentha Viridis (menthe verte), hyaluronate de sodium, extrait de Theobroma Cacao (cacao), extrait de feuille de Centella Asiatica, huile de noyau d\u2019Argania Spinosa, huile de graines de Sesamum Indicum (s\u00e9same), chitosane, extrait de fruit de Serenoa Serrulata, Caprylyl Methicone, Panth\u00e9nol, polym\u00e9thylsilsesquioxane, propanediol, copolym\u00e8re d\u2019acrylate d\u2019hydroxy\u00e9thyle\/acryloyldim\u00e9thyl taurate de sodium, olivate de c\u00e9t\u00e9aryle, polyglyc\u00e9ryl-10 b\u00e9henate\/eicosadioate, copolym\u00e8re d\u2019acryloyldim\u00e9thyltaurate d\u2019ammonium, olivate de sorbitan, acrylates\/polym\u00e8re crois\u00e9 d\u2019acrylate d\u2019alkyle en C10-30, trom\u00e9thamine, \u00e9thylhexylglyc\u00e9rine, isost\u00e9arate de sorbitan, ad\u00e9nosine, acide palmitique, l\u00e9cithine hydrog\u00e9n\u00e9e, glutathion, phosphatidylcholine, laurate de polyglyc\u00e9ryl-10, thiodipropionate de dilauryle, Penta\u00e9rythrityl t\u00e9tra-di-t-butyle hydroxyhydrocinnamate, phytate de sodium, allanto\u00efne, mad\u00e9cassoside, l\u00e9cithine, cellulose, phosphate de sodium, acide polyglutamique, dextrine, asiaticoside, cyst\u00e9ine, tocoph\u00e9rol, acide 3-O-\u00e9thyl ascorbique, arbutine, bisabolol, sh-oligopeptide-1, sh-oligopeptide-2, sh-Polypeptide-1, sh-Polypeptide-10, sh-Polypeptide-11, sh-Polypeptide-3, sh-Polypeptide-59, sh-Polypeptide-9, Cholest\u00e9rol, Acide ascorbique, B\u00eata-Sitost\u00e9rol, Ascorbyl Glucoside, C\u00e9ramide NP, Gomme xanthane, C12-16 Alcool.<\/p>\n","protected":false},"excerpt":{"rendered":"<p>Description Un hydratant \u00e9claircissant revitalisant qui estompe les taches et unifie visiblement le teint de la peau en r\u00e9duisant l\u2019accumulation excessive de m\u00e9lanine sans traitement au laser.&nbsp;La cr\u00e8me laser Numbuzin No. 5+ Vitamin Glutathion Dark Spot&nbsp;offre un traitement \u00e9claircissant intense et soutient une barri\u00e8re cutan\u00e9e saine pour un teint \u00e9clatant. Formul\u00e9 avec du glutathion et [&hellip;]<\/p>\n","protected":false},"featured_media":3296,"comment_status":"open","ping_status":"closed","template":"","meta":{"content-type":"","_uag_custom_page_level_css":""},"pwb-brand":[],"product_brand":[],"product_cat":[324,327,328,346,334],"product_tag":[],"class_list":{"0":"post-3297","1":"product","2":"type-product","3":"status-publish","4":"has-post-thumbnail","6":"product_cat-creme","7":"product_cat-hmizat","8":"product_cat-nouveautes","9":"product_cat-numbuzin","10":"product_cat-produits-coreens","12":"first","13":"instock","14":"sale","15":"shipping-taxable","16":"purchasable","17":"product-type-simple"},"aioseo_notices":[],"uagb_featured_image_src":{"full":["https:\/\/wavexia.com\/wp-content\/uploads\/2025\/10\/NUMBUZIN-No.5-Vitamin-Glutathione-Dark-Spot-Laser-Cream-Nudie-Glow-Australia_800x.webp",800,800,false],"thumbnail":["https:\/\/wavexia.com\/wp-content\/uploads\/2025\/10\/NUMBUZIN-No.5-Vitamin-Glutathione-Dark-Spot-Laser-Cream-Nudie-Glow-Australia_800x-150x150.webp",150,150,true],"medium":["https:\/\/wavexia.com\/wp-content\/uploads\/2025\/10\/NUMBUZIN-No.5-Vitamin-Glutathione-Dark-Spot-Laser-Cream-Nudie-Glow-Australia_800x-300x300.webp",300,300,true],"medium_large":["https:\/\/wavexia.com\/wp-content\/uploads\/2025\/10\/NUMBUZIN-No.5-Vitamin-Glutathione-Dark-Spot-Laser-Cream-Nudie-Glow-Australia_800x-768x768.webp",768,768,true],"large":["https:\/\/wavexia.com\/wp-content\/uploads\/2025\/10\/NUMBUZIN-No.5-Vitamin-Glutathione-Dark-Spot-Laser-Cream-Nudie-Glow-Australia_800x.webp",800,800,false],"1536x1536":["https:\/\/wavexia.com\/wp-content\/uploads\/2025\/10\/NUMBUZIN-No.5-Vitamin-Glutathione-Dark-Spot-Laser-Cream-Nudie-Glow-Australia_800x.webp",800,800,false],"2048x2048":["https:\/\/wavexia.com\/wp-content\/uploads\/2025\/10\/NUMBUZIN-No.5-Vitamin-Glutathione-Dark-Spot-Laser-Cream-Nudie-Glow-Australia_800x.webp",800,800,false],"woocommerce_archive_thumbnail":["https:\/\/wavexia.com\/wp-content\/uploads\/2025\/10\/NUMBUZIN-No.5-Vitamin-Glutathione-Dark-Spot-Laser-Cream-Nudie-Glow-Australia_800x-300x300.webp",300,300,true],"woocommerce_thumbnail":["https:\/\/wavexia.com\/wp-content\/uploads\/2025\/10\/NUMBUZIN-No.5-Vitamin-Glutathione-Dark-Spot-Laser-Cream-Nudie-Glow-Australia_800x-300x300.webp",300,300,true],"woocommerce_single":["https:\/\/wavexia.com\/wp-content\/uploads\/2025\/10\/NUMBUZIN-No.5-Vitamin-Glutathione-Dark-Spot-Laser-Cream-Nudie-Glow-Australia_800x-600x600.webp",600,600,true],"woocommerce_gallery_thumbnail":["https:\/\/wavexia.com\/wp-content\/uploads\/2025\/10\/NUMBUZIN-No.5-Vitamin-Glutathione-Dark-Spot-Laser-Cream-Nudie-Glow-Australia_800x-100x100.webp",100,100,true]},"uagb_author_info":{"display_name":"zineddine.ayoub98@gmail.com","author_link":"https:\/\/wavexia.com\/?author=0"},"uagb_comment_info":0,"uagb_excerpt":"Description Un hydratant \u00e9claircissant revitalisant qui estompe les taches et unifie visiblement le teint de la peau en r\u00e9duisant l\u2019accumulation excessive de m\u00e9lanine sans traitement au laser.&nbsp;La cr\u00e8me laser Numbuzin No. 5+ Vitamin Glutathion Dark Spot&nbsp;offre un traitement \u00e9claircissant intense et soutient une barri\u00e8re cutan\u00e9e saine pour un teint \u00e9clatant. Formul\u00e9 avec du glutathion et&hellip;","brands":[],"_links":{"self":[{"href":"https:\/\/wavexia.com\/index.php?rest_route=\/wp\/v2\/product\/3297","targetHints":{"allow":["GET"]}}],"collection":[{"href":"https:\/\/wavexia.com\/index.php?rest_route=\/wp\/v2\/product"}],"about":[{"href":"https:\/\/wavexia.com\/index.php?rest_route=\/wp\/v2\/types\/product"}],"replies":[{"embeddable":true,"href":"https:\/\/wavexia.com\/index.php?rest_route=%2Fwp%2Fv2%2Fcomments&post=3297"}],"wp:featuredmedia":[{"embeddable":true,"href":"https:\/\/wavexia.com\/index.php?rest_route=\/wp\/v2\/media\/3296"}],"wp:attachment":[{"href":"https:\/\/wavexia.com\/index.php?rest_route=%2Fwp%2Fv2%2Fmedia&parent=3297"}],"wp:term":[{"taxonomy":"pwb-brand","embeddable":true,"href":"https:\/\/wavexia.com\/index.php?rest_route=%2Fwp%2Fv2%2Fpwb-brand&post=3297"},{"taxonomy":"product_brand","embeddable":true,"href":"https:\/\/wavexia.com\/index.php?rest_route=%2Fwp%2Fv2%2Fproduct_brand&post=3297"},{"taxonomy":"product_cat","embeddable":true,"href":"https:\/\/wavexia.com\/index.php?rest_route=%2Fwp%2Fv2%2Fproduct_cat&post=3297"},{"taxonomy":"product_tag","embeddable":true,"href":"https:\/\/wavexia.com\/index.php?rest_route=%2Fwp%2Fv2%2Fproduct_tag&post=3297"}],"curies":[{"name":"wp","href":"https:\/\/api.w.org\/{rel}","templated":true}]}}