{"id":3283,"date":"2025-10-18T22:13:54","date_gmt":"2025-10-18T22:13:54","guid":{"rendered":"https:\/\/wavexia.com\/product\/dr-althea-vita-glow-mask-1pc\/"},"modified":"2026-03-10T07:30:54","modified_gmt":"2026-03-10T07:30:54","slug":"dr-althea-vita-glow-mask-1pc","status":"publish","type":"product","link":"https:\/\/wavexia.com\/?product=dr-althea-vita-glow-mask-1pc","title":{"rendered":"Dr.Althea Vita Glow Mask 1pc"},"content":{"rendered":"<h2>Description<\/h2>\n<p>Am\u00e9liore sans effort votre teint. Ce masque en tissu est enrichi d\u2019extraits puissants comme le fruit d\u2019Hippophae Rhamnoides, la prune de Kakadu et le Myrciaria Dubia. Con\u00e7u pour unifier le teint et am\u00e9liorer l\u2019\u00e9lasticit\u00e9 de la peau, il laisse votre teint visiblement \u00e9clatant et rafra\u00eechi.<\/p>\n<div class=\"pro_infor_content_style\">Vita Glow Mask est un masque en tissu \u00e0 base de plantes con\u00e7u pour un teint ros\u00e9.<\/p>\n<div class=\"pro_infor_content_style\">Fabriqu\u00e9 \u00e0 partir d\u2019un tissu 100&nbsp;% Lyocell, il est fin mais r\u00e9sistant, se d\u00e9pliant sans effort pour une absorption optimale de l\u2019essence.<\/div>\n<div class=\"pro_infor_content_style\">Une technique de repassage unique minimise le boulochage du tissu, assurant une application en douceur sans irritation de la peau.<\/div>\n<div class=\"pro_infor_content_style\">Enrichi d\u2019extraits de plantes riches en vitamine C et de niacinamide, le s\u00e9rum favorise l\u2019\u00e9clat de la peau et r\u00e9duit l\u2019hyperpigmentation.<\/div>\n<div class=\"pro_infor_content_style\">Le masque contient \u00e9galement des ingr\u00e9dients hydratants comme l\u2019allanto\u00efne, cr\u00e9ant une barri\u00e8re revitalisante pour une hydratation en profondeur et un teint nourri.<\/div>\n<div><\/div>\n<p><strong><span class=\"summary__title\"><span class=\"accordion__title\">Mode d\u2019emploi<\/span><\/span><\/strong><\/p>\n<div class=\"accordion__content custom__liquid-template--22730809246008__main rte\">\n<p><span class=\"metafield-multi_line_text_field\">Nettoyez votre visage et appliquez un tonique.<br \/>Placez le masque uniform\u00e9ment sur votre visage, en \u00e9vitant les yeux et les l\u00e8vres.<br \/>Laissez-le agir pendant 10 \u00e0 15 minutes.<br \/>Retirez le masque et tapotez doucement l\u2019essence restante sur votre peau.<\/span><\/p>\n<p>&nbsp;<\/p>\n<\/div>\n<p><strong><span class=\"summary__title\"><span class=\"accordion__title\">Ingr\u00e9dient<\/span><\/span><\/strong><\/p>\n<div class=\"accordion__content custom__liquid-template--16719878094988__main rte\">\n<p>Eau, glyc\u00e9rine, butyl\u00e8ne glycol, niacinamide, m\u00e9thyl gluceth-20, dipropyl\u00e8ne glycol, 1,2-hexanediol, polyglyc\u00e9ryl-10 laurate, hydroxyac\u00e9toph\u00e9none, succinate de di\u00e9thoxy\u00e9thyle, arginine, carbom\u00e8re, extrait de racine de Coptis Japonica, \u00e9thylhexylglyc\u00e9rine, EDTA disodique, allanto\u00efne, extrait de fruit de Citrus Junos, huile de fleur de Michelia Alba, extrait de fruit d\u2019Hippophae Rhamnoides, extrait de fruit de Terminalia Ferdinandiana, extrait de fruit de Myrciaria Dubia, linalol<\/p>\n<\/div>\n<\/div>\n","protected":false},"excerpt":{"rendered":"<p>Description Am\u00e9liore sans effort votre teint. Ce masque en tissu est enrichi d\u2019extraits puissants comme le fruit d\u2019Hippophae Rhamnoides, la prune de Kakadu et le Myrciaria Dubia. Con\u00e7u pour unifier le teint et am\u00e9liorer l\u2019\u00e9lasticit\u00e9 de la peau, il laisse votre teint visiblement \u00e9clatant et rafra\u00eechi. Vita Glow Mask est un masque en tissu \u00e0 [&hellip;]<\/p>\n","protected":false},"featured_media":3282,"comment_status":"open","ping_status":"closed","template":"","meta":{"content-type":"","_uag_custom_page_level_css":""},"pwb-brand":[],"product_brand":[],"product_cat":[366,327,343,328,334],"product_tag":[],"class_list":{"0":"post-3283","1":"product","2":"type-product","3":"status-publish","4":"has-post-thumbnail","6":"product_cat-dr-althea","7":"product_cat-hmizat","8":"product_cat-masque","9":"product_cat-nouveautes","10":"product_cat-produits-coreens","12":"first","13":"instock","14":"sale","15":"shipping-taxable","16":"purchasable","17":"product-type-simple"},"aioseo_notices":[],"uagb_featured_image_src":{"full":["https:\/\/wavexia.com\/wp-content\/uploads\/2025\/10\/Dr-Althea-Vita-Glow-Mask-1024x1024.jpg.webp",1024,1024,false],"thumbnail":["https:\/\/wavexia.com\/wp-content\/uploads\/2025\/10\/Dr-Althea-Vita-Glow-Mask-1024x1024.jpg-150x150.webp",150,150,true],"medium":["https:\/\/wavexia.com\/wp-content\/uploads\/2025\/10\/Dr-Althea-Vita-Glow-Mask-1024x1024.jpg-300x300.webp",300,300,true],"medium_large":["https:\/\/wavexia.com\/wp-content\/uploads\/2025\/10\/Dr-Althea-Vita-Glow-Mask-1024x1024.jpg-768x768.webp",768,768,true],"large":["https:\/\/wavexia.com\/wp-content\/uploads\/2025\/10\/Dr-Althea-Vita-Glow-Mask-1024x1024.jpg.webp",1024,1024,false],"1536x1536":["https:\/\/wavexia.com\/wp-content\/uploads\/2025\/10\/Dr-Althea-Vita-Glow-Mask-1024x1024.jpg.webp",1024,1024,false],"2048x2048":["https:\/\/wavexia.com\/wp-content\/uploads\/2025\/10\/Dr-Althea-Vita-Glow-Mask-1024x1024.jpg.webp",1024,1024,false],"woocommerce_archive_thumbnail":["https:\/\/wavexia.com\/wp-content\/uploads\/2025\/10\/Dr-Althea-Vita-Glow-Mask-1024x1024.jpg-300x300.webp",300,300,true],"woocommerce_thumbnail":["https:\/\/wavexia.com\/wp-content\/uploads\/2025\/10\/Dr-Althea-Vita-Glow-Mask-1024x1024.jpg-300x300.webp",300,300,true],"woocommerce_single":["https:\/\/wavexia.com\/wp-content\/uploads\/2025\/10\/Dr-Althea-Vita-Glow-Mask-1024x1024.jpg-600x600.webp",600,600,true],"woocommerce_gallery_thumbnail":["https:\/\/wavexia.com\/wp-content\/uploads\/2025\/10\/Dr-Althea-Vita-Glow-Mask-1024x1024.jpg-100x100.webp",100,100,true]},"uagb_author_info":{"display_name":"zineddine.ayoub98@gmail.com","author_link":"https:\/\/wavexia.com\/?author=0"},"uagb_comment_info":0,"uagb_excerpt":"Description Am\u00e9liore sans effort votre teint. Ce masque en tissu est enrichi d\u2019extraits puissants comme le fruit d\u2019Hippophae Rhamnoides, la prune de Kakadu et le Myrciaria Dubia. Con\u00e7u pour unifier le teint et am\u00e9liorer l\u2019\u00e9lasticit\u00e9 de la peau, il laisse votre teint visiblement \u00e9clatant et rafra\u00eechi. Vita Glow Mask est un masque en tissu \u00e0&hellip;","brands":[],"_links":{"self":[{"href":"https:\/\/wavexia.com\/index.php?rest_route=\/wp\/v2\/product\/3283","targetHints":{"allow":["GET"]}}],"collection":[{"href":"https:\/\/wavexia.com\/index.php?rest_route=\/wp\/v2\/product"}],"about":[{"href":"https:\/\/wavexia.com\/index.php?rest_route=\/wp\/v2\/types\/product"}],"replies":[{"embeddable":true,"href":"https:\/\/wavexia.com\/index.php?rest_route=%2Fwp%2Fv2%2Fcomments&post=3283"}],"wp:featuredmedia":[{"embeddable":true,"href":"https:\/\/wavexia.com\/index.php?rest_route=\/wp\/v2\/media\/3282"}],"wp:attachment":[{"href":"https:\/\/wavexia.com\/index.php?rest_route=%2Fwp%2Fv2%2Fmedia&parent=3283"}],"wp:term":[{"taxonomy":"pwb-brand","embeddable":true,"href":"https:\/\/wavexia.com\/index.php?rest_route=%2Fwp%2Fv2%2Fpwb-brand&post=3283"},{"taxonomy":"product_brand","embeddable":true,"href":"https:\/\/wavexia.com\/index.php?rest_route=%2Fwp%2Fv2%2Fproduct_brand&post=3283"},{"taxonomy":"product_cat","embeddable":true,"href":"https:\/\/wavexia.com\/index.php?rest_route=%2Fwp%2Fv2%2Fproduct_cat&post=3283"},{"taxonomy":"product_tag","embeddable":true,"href":"https:\/\/wavexia.com\/index.php?rest_route=%2Fwp%2Fv2%2Fproduct_tag&post=3283"}],"curies":[{"name":"wp","href":"https:\/\/api.w.org\/{rel}","templated":true}]}}