{"id":3258,"date":"2025-10-18T22:13:35","date_gmt":"2025-10-18T22:13:35","guid":{"rendered":"https:\/\/wavexia.com\/product\/celimax-derma-nature-glutathione-creme-tone-up-longlasting-35-ml\/"},"modified":"2026-03-10T07:30:54","modified_gmt":"2026-03-10T07:30:54","slug":"celimax-derma-nature-glutathione-creme-tone-up-longlasting-35-ml","status":"publish","type":"product","link":"https:\/\/wavexia.com\/?product=celimax-derma-nature-glutathione-creme-tone-up-longlasting-35-ml","title":{"rendered":"Celimax Derma Nature Glutathione Cr\u00e8me Tone-Up longlasting 35 ml"},"content":{"rendered":"<h2>Description<\/h2>\n<p><span>C\u2019est une cr\u00e8me tonifiante qui laisse la peau \u00e9clatante gr\u00e2ce \u00e0 sa concoction d\u2019ingr\u00e9dients \u00e9claircissants et hydratants.<\/span><\/p>\n<ul>\n<li>Minimise la surproduction de m\u00e9lanine pour r\u00e9duire l\u2019apparence de la pigmentation et \u00e9claircit le teint de la peau avec du glutathion et de la niacinamide.<\/li>\n<li>L\u2019ingr\u00e9dient de riz ferment\u00e9 am\u00e9liore la consistance et l\u2019adh\u00e9rence pour prolonger l\u2019effet \u00e9claircissant de la cr\u00e8me.<\/li>\n<li>Pr\u00e9serve l\u2019hydratation et booste l\u2019hydratation gr\u00e2ce au beurre de karit\u00e9, \u00e0 l\u2019acide hyaluronique et au c\u00e9ramide NP.<\/li>\n<\/ul>\n<p>Le cr\u00e9meux et doux se r\u00e9pand rapidement sur la peau, la laissant souple et \u00e9clatante. Cette cr\u00e8me tonique multi-usages peut servir de base de maquillage, m\u00e9lang\u00e9e \u00e0 votre fond de teint pr\u00e9f\u00e9r\u00e9 ou comme cr\u00e8me \u00e9claircissante pour votre corps. Convient \u00e0 tous les types de peau.<\/p>\n<p><strong>Mode d\u2019emploi :<\/strong><\/p>\n<p>\u00c0 la derni\u00e8re \u00e9tape de la routine de soin, appliquez une quantit\u00e9 mod\u00e9r\u00e9e sur l\u2019ensemble du visage et lissez doucement pour permettre l\u2019absorption.<\/p>\n<p><strong>Ingr\u00e9dients:<\/strong><\/p>\n<p>Eau, m\u00e9thylpropanediol, glyc\u00e9rine, b\u00eata-glucane, dim\u00e9thicone, dioxyde de titane, niacinamide, cyclopentasiloxane, b\u00e9ta\u00efne, polyglyc\u00e9rine-3, extrait de feuille d\u2019Eclipta Prostrata, extrait de Laminaria Japonica, 1,2-hexanediol, copolym\u00e8re d\u2019acrylate de sodium\/acryloyldim\u00e9thyl taurate de sodium, polyacrylate de sodium, st\u00e9arate d\u2019\u00e9thylhexyle, isohexad\u00e9cane, panth\u00e9nol, dim\u00e9thiconol, hydroxyac\u00e9toph\u00e9none, butyl\u00e8ne glycol, polysorbate 80, extrait de centella asiatica, extrait de fruit de ficus carica (figue), parfum, glutathion, Extrait de racine de Glycyrrhiza glabra (r\u00e9glisse), ferment de lactobacille\/riz, ol\u00e9ate de sorbitan, tri\u00e9thoxycaprylylsilane, trideceth-6, l\u00e9cithine hydrog\u00e9n\u00e9e, fructo-oligosaccharides, polyisobutene hydrog\u00e9n\u00e9, squalane, edta disodique, huile de noyau d\u2019Argania spinosa, isononanoate d\u2019isonononyle, st\u00e9arate de polyglyc\u00e9ryl-10, extrait de graines d\u2019Amaranthus Caudatus, beurre de Butyrospermum Parkii (karit\u00e9), alcool c\u00e9t\u00e9arylique, extrait de racine de Panax ginseng, dipolyhydroxyst\u00e9arate de polyglyc\u00e9ryl-2, acide st\u00e9arique, racine d\u2019Ulmus Davidiana Extrait, acide hyaluronique hydrolys\u00e9, inuline lauryl carbamate, carbom\u00e8re, poudre de perle, c\u00e9ramide np, polysorbate 20, st\u00e9aroyl glutamate disodique, palmitoyl pentapeptide-4<\/p>\n","protected":false},"excerpt":{"rendered":"<p>Description C\u2019est une cr\u00e8me tonifiante qui laisse la peau \u00e9clatante gr\u00e2ce \u00e0 sa concoction d\u2019ingr\u00e9dients \u00e9claircissants et hydratants. Minimise la surproduction de m\u00e9lanine pour r\u00e9duire l\u2019apparence de la pigmentation et \u00e9claircit le teint de la peau avec du glutathion et de la niacinamide. L\u2019ingr\u00e9dient de riz ferment\u00e9 am\u00e9liore la consistance et l\u2019adh\u00e9rence pour prolonger l\u2019effet [&hellip;]<\/p>\n","protected":false},"featured_media":3257,"comment_status":"open","ping_status":"closed","template":"","meta":{"content-type":"","_uag_custom_page_level_css":""},"pwb-brand":[],"product_brand":[],"product_cat":[333,324,327,328,334],"product_tag":[],"class_list":{"0":"post-3258","1":"product","2":"type-product","3":"status-publish","4":"has-post-thumbnail","6":"product_cat-celimax","7":"product_cat-creme","8":"product_cat-hmizat","9":"product_cat-nouveautes","10":"product_cat-produits-coreens","12":"first","13":"instock","14":"sale","15":"shipping-taxable","16":"purchasable","17":"product-type-simple"},"aioseo_notices":[],"uagb_featured_image_src":{"full":["https:\/\/wavexia.com\/wp-content\/uploads\/2025\/10\/8809626564000.webp",1080,1080,false],"thumbnail":["https:\/\/wavexia.com\/wp-content\/uploads\/2025\/10\/8809626564000-150x150.webp",150,150,true],"medium":["https:\/\/wavexia.com\/wp-content\/uploads\/2025\/10\/8809626564000-300x300.webp",300,300,true],"medium_large":["https:\/\/wavexia.com\/wp-content\/uploads\/2025\/10\/8809626564000-768x768.webp",768,768,true],"large":["https:\/\/wavexia.com\/wp-content\/uploads\/2025\/10\/8809626564000-1024x1024.webp",1024,1024,true],"1536x1536":["https:\/\/wavexia.com\/wp-content\/uploads\/2025\/10\/8809626564000.webp",1080,1080,false],"2048x2048":["https:\/\/wavexia.com\/wp-content\/uploads\/2025\/10\/8809626564000.webp",1080,1080,false],"woocommerce_archive_thumbnail":["https:\/\/wavexia.com\/wp-content\/uploads\/2025\/10\/8809626564000-300x300.webp",300,300,true],"woocommerce_thumbnail":["https:\/\/wavexia.com\/wp-content\/uploads\/2025\/10\/8809626564000-300x300.webp",300,300,true],"woocommerce_single":["https:\/\/wavexia.com\/wp-content\/uploads\/2025\/10\/8809626564000-600x600.webp",600,600,true],"woocommerce_gallery_thumbnail":["https:\/\/wavexia.com\/wp-content\/uploads\/2025\/10\/8809626564000-100x100.webp",100,100,true]},"uagb_author_info":{"display_name":"zineddine.ayoub98@gmail.com","author_link":"https:\/\/wavexia.com\/?author=0"},"uagb_comment_info":0,"uagb_excerpt":"Description C\u2019est une cr\u00e8me tonifiante qui laisse la peau \u00e9clatante gr\u00e2ce \u00e0 sa concoction d\u2019ingr\u00e9dients \u00e9claircissants et hydratants. Minimise la surproduction de m\u00e9lanine pour r\u00e9duire l\u2019apparence de la pigmentation et \u00e9claircit le teint de la peau avec du glutathion et de la niacinamide. L\u2019ingr\u00e9dient de riz ferment\u00e9 am\u00e9liore la consistance et l\u2019adh\u00e9rence pour prolonger l\u2019effet&hellip;","brands":[],"_links":{"self":[{"href":"https:\/\/wavexia.com\/index.php?rest_route=\/wp\/v2\/product\/3258","targetHints":{"allow":["GET"]}}],"collection":[{"href":"https:\/\/wavexia.com\/index.php?rest_route=\/wp\/v2\/product"}],"about":[{"href":"https:\/\/wavexia.com\/index.php?rest_route=\/wp\/v2\/types\/product"}],"replies":[{"embeddable":true,"href":"https:\/\/wavexia.com\/index.php?rest_route=%2Fwp%2Fv2%2Fcomments&post=3258"}],"wp:featuredmedia":[{"embeddable":true,"href":"https:\/\/wavexia.com\/index.php?rest_route=\/wp\/v2\/media\/3257"}],"wp:attachment":[{"href":"https:\/\/wavexia.com\/index.php?rest_route=%2Fwp%2Fv2%2Fmedia&parent=3258"}],"wp:term":[{"taxonomy":"pwb-brand","embeddable":true,"href":"https:\/\/wavexia.com\/index.php?rest_route=%2Fwp%2Fv2%2Fpwb-brand&post=3258"},{"taxonomy":"product_brand","embeddable":true,"href":"https:\/\/wavexia.com\/index.php?rest_route=%2Fwp%2Fv2%2Fproduct_brand&post=3258"},{"taxonomy":"product_cat","embeddable":true,"href":"https:\/\/wavexia.com\/index.php?rest_route=%2Fwp%2Fv2%2Fproduct_cat&post=3258"},{"taxonomy":"product_tag","embeddable":true,"href":"https:\/\/wavexia.com\/index.php?rest_route=%2Fwp%2Fv2%2Fproduct_tag&post=3258"}],"curies":[{"name":"wp","href":"https:\/\/api.w.org\/{rel}","templated":true}]}}