{"id":3231,"date":"2025-10-18T22:13:14","date_gmt":"2025-10-18T22:13:14","guid":{"rendered":"https:\/\/wavexia.com\/product\/dr-althea-green-relief-amino-gel-cleanser-100ml\/"},"modified":"2026-03-10T07:30:53","modified_gmt":"2026-03-10T07:30:53","slug":"dr-althea-green-relief-amino-gel-cleanser-100ml","status":"publish","type":"product","link":"https:\/\/wavexia.com\/?product=dr-althea-green-relief-amino-gel-cleanser-100ml","title":{"rendered":"Dr. Althea Green Relief Amino Gel Cleanser 100ml"},"content":{"rendered":"<h2>Description<\/h2>\n<p>Le gel nettoyant Dr. Althea Green Relief Amino est une solution nettoyante douce mais puissante con\u00e7ue pour purifier et hydrater votre peau en profondeur. Formul\u00e9 avec un pH l\u00e9g\u00e8rement acide, ce nettoyant de type gel pr\u00e9sente de fines bulles plus petites que vos pores, assurant une \u00e9limination compl\u00e8te de la salet\u00e9, du s\u00e9bum et des impuret\u00e9s sans \u00e9liminer l\u2019humidit\u00e9.<\/p>\n<p>Enrichi en acide hyaluronique, en jus de Betula platyphylla japonica et en b\u00e9ta\u00efne, il maintient votre peau hydrat\u00e9e et \u00e9quilibr\u00e9e apr\u00e8s chaque lavage. Infus\u00e9 de tensioactifs \u00e0 base de plantes, il offre un nettoyage en douceur id\u00e9al pour tous les types de peau, y compris les peaux sensibles. Ce nettoyant v\u00e9g\u00e9talien et hypoallerg\u00e9nique offre un moyen rafra\u00eechissant et efficace de maintenir un teint clair et sain, ce qui le rend parfait pour un usage quotidien.<\/p>\n<p><strong>Recommand\u00e9 pour :&nbsp;<\/strong>Tous types de peaux.<\/p>\n<p><strong>Mode d\u2019emploi :<\/strong><\/p>\n<ul>\n<li>Mouillez le visage, versez une petite quantit\u00e9 de produit sur votre paume.<\/li>\n<li>Faites-le mousser avec de l\u2019eau, massez doucement sur votre visage en mouvements circulaires.<\/li>\n<li>Rincez abondamment \u00e0 l\u2019eau ti\u00e8de.<\/li>\n<\/ul>\n<p><strong>Ingr\u00e9dients:<\/strong><\/p>\n<p>Eau, glyc\u00e9rine, cocoyl alaninate de sodium, cocoamphodiac\u00e9tate disodique, sodium m\u00e9thyl cocoyl taurate, acrylates\/polym\u00e8re crois\u00e9 d\u2019alkyl acrylate C10-30, jus de Betula Platyphylla Japonica, chlorure de sodium, b\u00e9ta\u00efne, lauryl hydroxysultaine, 1,2-hexanediol, caprylyl glycol, coco-glucoside, coco-glycinate de potassium, acide citrique, cocoyl is\u00e9thionate de sodium, phytate de sodium, huile de fruit de Citrus Aurantium Bergamia, triglyc\u00e9ride caprylique\/caprique, limon\u00e8ne, huile de Salvia scl\u00e9are, linalol, dextrine, butyl\u00e8ne glycol, L\u00e9cithine hydrog\u00e9n\u00e9e, extrait de fruit de Gardenia Florida, hexyl\u00e8ne glycol, extrait d\u2019\u00e9corce de Quillaja Saponaria, c\u00e9ramide, caprylate de glyc\u00e9ryle, extrait de Cynanchi Radix, \u00e9thylhexylglyc\u00e9rine, extrait de fleur d\u2019Althaea Rosea, acide hyaluronique hydrolys\u00e9, maltodextrine, extrait de fruit de Persea Gratissima, extrait de Houttuynia Cordata, propanediol, extrait de racine de Cichorium Intybus, extrait de feuille de Chamaecyparis Obtusa, extrait de Morinda Citrifolia, extrait de feuille de Cryptomeria Japonica, extrait de feuille de Nelumbo Nucifera, Saccharomyces Ferment, extrait de feuille de Cynara Scolymus<\/p>\n","protected":false},"excerpt":{"rendered":"<p>Description Le gel nettoyant Dr. Althea Green Relief Amino est une solution nettoyante douce mais puissante con\u00e7ue pour purifier et hydrater votre peau en profondeur. Formul\u00e9 avec un pH l\u00e9g\u00e8rement acide, ce nettoyant de type gel pr\u00e9sente de fines bulles plus petites que vos pores, assurant une \u00e9limination compl\u00e8te de la salet\u00e9, du s\u00e9bum et [&hellip;]<\/p>\n","protected":false},"featured_media":3230,"comment_status":"open","ping_status":"closed","template":"","meta":{"content-type":"","_uag_custom_page_level_css":""},"pwb-brand":[],"product_brand":[],"product_cat":[366,327,336,328,334],"product_tag":[],"class_list":{"0":"post-3231","1":"product","2":"type-product","3":"status-publish","4":"has-post-thumbnail","6":"product_cat-dr-althea","7":"product_cat-hmizat","8":"product_cat-nettoyant","9":"product_cat-nouveautes","10":"product_cat-produits-coreens","12":"first","13":"instock","14":"sale","15":"shipping-taxable","16":"purchasable","17":"product-type-simple"},"aioseo_notices":[],"uagb_featured_image_src":{"full":["https:\/\/wavexia.com\/wp-content\/uploads\/2025\/10\/Omc1UgMqrcVlUE9EIRelINyizUfJuuODfk2RKxyJcQFY6Rz0qgIll8JnAkGlD9kn5uXIa0DkDZieY1VX7UghDqWf4H19nhK67IHS.jpg",800,800,false],"thumbnail":["https:\/\/wavexia.com\/wp-content\/uploads\/2025\/10\/Omc1UgMqrcVlUE9EIRelINyizUfJuuODfk2RKxyJcQFY6Rz0qgIll8JnAkGlD9kn5uXIa0DkDZieY1VX7UghDqWf4H19nhK67IHS-150x150.jpg",150,150,true],"medium":["https:\/\/wavexia.com\/wp-content\/uploads\/2025\/10\/Omc1UgMqrcVlUE9EIRelINyizUfJuuODfk2RKxyJcQFY6Rz0qgIll8JnAkGlD9kn5uXIa0DkDZieY1VX7UghDqWf4H19nhK67IHS-300x300.jpg",300,300,true],"medium_large":["https:\/\/wavexia.com\/wp-content\/uploads\/2025\/10\/Omc1UgMqrcVlUE9EIRelINyizUfJuuODfk2RKxyJcQFY6Rz0qgIll8JnAkGlD9kn5uXIa0DkDZieY1VX7UghDqWf4H19nhK67IHS-768x768.jpg",768,768,true],"large":["https:\/\/wavexia.com\/wp-content\/uploads\/2025\/10\/Omc1UgMqrcVlUE9EIRelINyizUfJuuODfk2RKxyJcQFY6Rz0qgIll8JnAkGlD9kn5uXIa0DkDZieY1VX7UghDqWf4H19nhK67IHS.jpg",800,800,false],"1536x1536":["https:\/\/wavexia.com\/wp-content\/uploads\/2025\/10\/Omc1UgMqrcVlUE9EIRelINyizUfJuuODfk2RKxyJcQFY6Rz0qgIll8JnAkGlD9kn5uXIa0DkDZieY1VX7UghDqWf4H19nhK67IHS.jpg",800,800,false],"2048x2048":["https:\/\/wavexia.com\/wp-content\/uploads\/2025\/10\/Omc1UgMqrcVlUE9EIRelINyizUfJuuODfk2RKxyJcQFY6Rz0qgIll8JnAkGlD9kn5uXIa0DkDZieY1VX7UghDqWf4H19nhK67IHS.jpg",800,800,false],"woocommerce_archive_thumbnail":["https:\/\/wavexia.com\/wp-content\/uploads\/2025\/10\/Omc1UgMqrcVlUE9EIRelINyizUfJuuODfk2RKxyJcQFY6Rz0qgIll8JnAkGlD9kn5uXIa0DkDZieY1VX7UghDqWf4H19nhK67IHS-300x300.jpg",300,300,true],"woocommerce_thumbnail":["https:\/\/wavexia.com\/wp-content\/uploads\/2025\/10\/Omc1UgMqrcVlUE9EIRelINyizUfJuuODfk2RKxyJcQFY6Rz0qgIll8JnAkGlD9kn5uXIa0DkDZieY1VX7UghDqWf4H19nhK67IHS-300x300.jpg",300,300,true],"woocommerce_single":["https:\/\/wavexia.com\/wp-content\/uploads\/2025\/10\/Omc1UgMqrcVlUE9EIRelINyizUfJuuODfk2RKxyJcQFY6Rz0qgIll8JnAkGlD9kn5uXIa0DkDZieY1VX7UghDqWf4H19nhK67IHS-600x600.jpg",600,600,true],"woocommerce_gallery_thumbnail":["https:\/\/wavexia.com\/wp-content\/uploads\/2025\/10\/Omc1UgMqrcVlUE9EIRelINyizUfJuuODfk2RKxyJcQFY6Rz0qgIll8JnAkGlD9kn5uXIa0DkDZieY1VX7UghDqWf4H19nhK67IHS-100x100.jpg",100,100,true]},"uagb_author_info":{"display_name":"zineddine.ayoub98@gmail.com","author_link":"https:\/\/wavexia.com\/?author=0"},"uagb_comment_info":0,"uagb_excerpt":"Description Le gel nettoyant Dr. Althea Green Relief Amino est une solution nettoyante douce mais puissante con\u00e7ue pour purifier et hydrater votre peau en profondeur. Formul\u00e9 avec un pH l\u00e9g\u00e8rement acide, ce nettoyant de type gel pr\u00e9sente de fines bulles plus petites que vos pores, assurant une \u00e9limination compl\u00e8te de la salet\u00e9, du s\u00e9bum et&hellip;","brands":[],"_links":{"self":[{"href":"https:\/\/wavexia.com\/index.php?rest_route=\/wp\/v2\/product\/3231","targetHints":{"allow":["GET"]}}],"collection":[{"href":"https:\/\/wavexia.com\/index.php?rest_route=\/wp\/v2\/product"}],"about":[{"href":"https:\/\/wavexia.com\/index.php?rest_route=\/wp\/v2\/types\/product"}],"replies":[{"embeddable":true,"href":"https:\/\/wavexia.com\/index.php?rest_route=%2Fwp%2Fv2%2Fcomments&post=3231"}],"wp:featuredmedia":[{"embeddable":true,"href":"https:\/\/wavexia.com\/index.php?rest_route=\/wp\/v2\/media\/3230"}],"wp:attachment":[{"href":"https:\/\/wavexia.com\/index.php?rest_route=%2Fwp%2Fv2%2Fmedia&parent=3231"}],"wp:term":[{"taxonomy":"pwb-brand","embeddable":true,"href":"https:\/\/wavexia.com\/index.php?rest_route=%2Fwp%2Fv2%2Fpwb-brand&post=3231"},{"taxonomy":"product_brand","embeddable":true,"href":"https:\/\/wavexia.com\/index.php?rest_route=%2Fwp%2Fv2%2Fproduct_brand&post=3231"},{"taxonomy":"product_cat","embeddable":true,"href":"https:\/\/wavexia.com\/index.php?rest_route=%2Fwp%2Fv2%2Fproduct_cat&post=3231"},{"taxonomy":"product_tag","embeddable":true,"href":"https:\/\/wavexia.com\/index.php?rest_route=%2Fwp%2Fv2%2Fproduct_tag&post=3231"}],"curies":[{"name":"wp","href":"https:\/\/api.w.org\/{rel}","templated":true}]}}