{"id":3184,"date":"2025-10-18T22:12:37","date_gmt":"2025-10-18T22:12:37","guid":{"rendered":"https:\/\/wavexia.com\/product\/eqqualberry-swimming-pool-ampoule-50ml\/"},"modified":"2026-03-10T07:30:53","modified_gmt":"2026-03-10T07:30:53","slug":"eqqualberry-swimming-pool-ampoule-50ml","status":"publish","type":"product","link":"https:\/\/wavexia.com\/?product=eqqualberry-swimming-pool-ampoule-50ml","title":{"rendered":"Eqqualberry Swimming Pool Ampoule 50ml"},"content":{"rendered":"<h2>Description<\/h2>\n<p>L\u2019ampoule de piscine Eqqualberry est votre nouveau favori pour une hydratation intensive et un teint lisse et sain ! Cette puissante ampoule contient 8 couches d\u2019acide hyaluronique, allant du poids mol\u00e9culaire faible au poids \u00e9lev\u00e9, qui p\u00e9n\u00e8trent profond\u00e9ment dans votre peau pour lutter contre la s\u00e9cheresse et plus encore.<\/p>\n<p>Avec une concentration 8 fois sup\u00e9rieure \u00e0 la normale, l\u2019acide hyaluronique retient jusqu\u2019\u00e0 1 000 fois son poids en humidit\u00e9. Parfait pour am\u00e9liorer la texture de la peau et fournir une hydratation longue dur\u00e9e.<\/p>\n<p>La formule est enrichie de 5 types d\u2019ingr\u00e9dients Cica, dont le mad\u00e9cassoside et l\u2019acide asiatique, qui aident \u00e0 r\u00e9g\u00e9n\u00e9rer la peau, stimulent la production de collag\u00e8ne et r\u00e9duisent les irritations. De plus, cette ampoule contient des ingr\u00e9dients anti-s\u00e9bum brevet\u00e9s comme l\u2019extrait d\u2019onagre et l\u2019extrait de racine d\u2019ulmus, qui r\u00e9duisent efficacement la production excessive de s\u00e9bum et affinent les pores. En seulement deux semaines, vous remarquerez une am\u00e9lioration du remplissage des pores et de la texture de la peau !<\/p>\n<p><strong>Cette ampoule :<\/strong><\/p>\n<ul>\n<li>8 couches d\u2019acide hyaluronique pour une hydratation longue dur\u00e9e<\/li>\n<li>renforce et prot\u00e8ge votre barri\u00e8re d\u2019hydratation<\/li>\n<li>Stimule la r\u00e9g\u00e9n\u00e9ration rapide de la peau et la production de collag\u00e8ne<\/li>\n<li>5 types d\u2019ingr\u00e9dients Cica<\/li>\n<li>R\u00e9duit l\u2019irritation et r\u00e9gule la production de s\u00e9bum<\/li>\n<li><span>Ingr\u00e9dients brevet\u00e9s anti-s\u00e9bum<\/span><\/li>\n<li>Am\u00e9liore le remplissage des pores et la texture de la peau<\/li>\n<li>Des r\u00e9sultats visibles en seulement 2 semaines<\/li>\n<li>Peau lisse et \u00e9lastique<\/li>\n<li>sans parfum<\/li>\n<li>v\u00e9g\u00e9talien<\/li>\n<li>sans cruaut\u00e9<\/li>\n<\/ul>\n<p><strong>Mode d\u2019emploi :<\/strong><\/p>\n<ul>\n<li>Nettoyez votre visage et appliquez votre tonique habituel.<\/li>\n<li>Appliquez 1 \u00e0 2 gouttes de l\u2019ampoule sur votre visage et votre cou.<\/li>\n<li>Tapotez doucement du bout des doigts pour aider le produit \u00e0 absorber.<\/li>\n<li>Utiliser quotidiennement, matin et soir, pour des r\u00e9sultats optimaux.<\/li>\n<\/ul>\n<p><strong>Ingr\u00e9dients&nbsp;:<\/strong><br \/>Eau, butyl\u00e8ne glycol, glyc\u00e9rine, propanediol, 1,2-hexanediol, pentyl\u00e8ne glycol, copolym\u00e8re d\u2019acrylate d\u2019hydroxy\u00e9thyle\/acryloyldim\u00e9thyl taurate, caprate de polyglyc\u00e9ryl-4, caprylyl glycol, carbom\u00e8re, arginine, panth\u00e9nol, extrait de Centella Asiatica, hyaluronate de sodium, \u00e9thylhexylglyc\u00e9rine, extrait de Houttuynia Cordata, ad\u00e9nosine, gomme de biosaccharide-1, isost\u00e9arate de sorbitan, mad\u00e9cassoside, squalane, extrait de racine de Pueraria lobata, extrait de feuille de Pinus Palustris, Extrait de racine d\u2019Ulmus Davidiana, extrait d\u2019Oenothera Biennis (onagre), hyaluronate d\u2019hydroxypropyltrimonium, caprylyle\/capryl glucoside, acide hyaluronique hydrolys\u00e9, hyaluronate ac\u00e9tyl\u00e9 de sodium, acide hyaluronique, hyaluronate de sodium hydrolys\u00e9, polym\u00e8re crois\u00e9 d\u2019hyaluronate de sodium, hyaluronate de potassium, acide asiatique, asiaticoside, acide mad\u00e9cassique.<\/p>\n","protected":false},"excerpt":{"rendered":"<p>Description L\u2019ampoule de piscine Eqqualberry est votre nouveau favori pour une hydratation intensive et un teint lisse et sain ! Cette puissante ampoule contient 8 couches d\u2019acide hyaluronique, allant du poids mol\u00e9culaire faible au poids \u00e9lev\u00e9, qui p\u00e9n\u00e8trent profond\u00e9ment dans votre peau pour lutter contre la s\u00e9cheresse et plus encore. Avec une concentration 8 fois [&hellip;]<\/p>\n","protected":false},"featured_media":3183,"comment_status":"open","ping_status":"closed","template":"","meta":{"content-type":"","_uag_custom_page_level_css":""},"pwb-brand":[],"product_brand":[],"product_cat":[337,327,334,338],"product_tag":[],"class_list":{"0":"post-3184","1":"product","2":"type-product","3":"status-publish","4":"has-post-thumbnail","6":"product_cat-eqqualberry","7":"product_cat-hmizat","8":"product_cat-produits-coreens","9":"product_cat-serum-ampoule","11":"first","12":"instock","13":"sale","14":"shipping-taxable","15":"purchasable","16":"product-type-simple"},"aioseo_notices":[],"uagb_featured_image_src":{"full":["https:\/\/wavexia.com\/wp-content\/uploads\/2025\/10\/1000972935.webp",800,800,false],"thumbnail":["https:\/\/wavexia.com\/wp-content\/uploads\/2025\/10\/1000972935-150x150.webp",150,150,true],"medium":["https:\/\/wavexia.com\/wp-content\/uploads\/2025\/10\/1000972935-300x300.webp",300,300,true],"medium_large":["https:\/\/wavexia.com\/wp-content\/uploads\/2025\/10\/1000972935-768x768.webp",768,768,true],"large":["https:\/\/wavexia.com\/wp-content\/uploads\/2025\/10\/1000972935.webp",800,800,false],"1536x1536":["https:\/\/wavexia.com\/wp-content\/uploads\/2025\/10\/1000972935.webp",800,800,false],"2048x2048":["https:\/\/wavexia.com\/wp-content\/uploads\/2025\/10\/1000972935.webp",800,800,false],"woocommerce_archive_thumbnail":["https:\/\/wavexia.com\/wp-content\/uploads\/2025\/10\/1000972935-300x300.webp",300,300,true],"woocommerce_thumbnail":["https:\/\/wavexia.com\/wp-content\/uploads\/2025\/10\/1000972935-300x300.webp",300,300,true],"woocommerce_single":["https:\/\/wavexia.com\/wp-content\/uploads\/2025\/10\/1000972935-600x600.webp",600,600,true],"woocommerce_gallery_thumbnail":["https:\/\/wavexia.com\/wp-content\/uploads\/2025\/10\/1000972935-100x100.webp",100,100,true]},"uagb_author_info":{"display_name":"zineddine.ayoub98@gmail.com","author_link":"https:\/\/wavexia.com\/?author=0"},"uagb_comment_info":0,"uagb_excerpt":"Description L\u2019ampoule de piscine Eqqualberry est votre nouveau favori pour une hydratation intensive et un teint lisse et sain ! Cette puissante ampoule contient 8 couches d\u2019acide hyaluronique, allant du poids mol\u00e9culaire faible au poids \u00e9lev\u00e9, qui p\u00e9n\u00e8trent profond\u00e9ment dans votre peau pour lutter contre la s\u00e9cheresse et plus encore. Avec une concentration 8 fois&hellip;","brands":[],"_links":{"self":[{"href":"https:\/\/wavexia.com\/index.php?rest_route=\/wp\/v2\/product\/3184","targetHints":{"allow":["GET"]}}],"collection":[{"href":"https:\/\/wavexia.com\/index.php?rest_route=\/wp\/v2\/product"}],"about":[{"href":"https:\/\/wavexia.com\/index.php?rest_route=\/wp\/v2\/types\/product"}],"replies":[{"embeddable":true,"href":"https:\/\/wavexia.com\/index.php?rest_route=%2Fwp%2Fv2%2Fcomments&post=3184"}],"wp:featuredmedia":[{"embeddable":true,"href":"https:\/\/wavexia.com\/index.php?rest_route=\/wp\/v2\/media\/3183"}],"wp:attachment":[{"href":"https:\/\/wavexia.com\/index.php?rest_route=%2Fwp%2Fv2%2Fmedia&parent=3184"}],"wp:term":[{"taxonomy":"pwb-brand","embeddable":true,"href":"https:\/\/wavexia.com\/index.php?rest_route=%2Fwp%2Fv2%2Fpwb-brand&post=3184"},{"taxonomy":"product_brand","embeddable":true,"href":"https:\/\/wavexia.com\/index.php?rest_route=%2Fwp%2Fv2%2Fproduct_brand&post=3184"},{"taxonomy":"product_cat","embeddable":true,"href":"https:\/\/wavexia.com\/index.php?rest_route=%2Fwp%2Fv2%2Fproduct_cat&post=3184"},{"taxonomy":"product_tag","embeddable":true,"href":"https:\/\/wavexia.com\/index.php?rest_route=%2Fwp%2Fv2%2Fproduct_tag&post=3184"}],"curies":[{"name":"wp","href":"https:\/\/api.w.org\/{rel}","templated":true}]}}